{"id":5225,"date":"2016-12-24T11:30:15","date_gmt":"2016-12-24T10:30:15","guid":{"rendered":"http:\/\/agora.xtec.cat\/insdespuig\/?page_id=5225"},"modified":"2019-10-13T00:25:33","modified_gmt":"2019-10-12T22:25:33","slug":"projecte-de-recerca-de-4t-deso","status":"publish","type":"page","link":"https:\/\/agora.xtec.cat\/insdespuig\/estudis\/eso\/projecte-de-recerca-de-4t-deso\/","title":{"rendered":"Projecte de recerca de 4t d&#8217;ESO"},"content":{"rendered":"<p><strong>Orientacions generals<\/strong><\/p>\n<ul style=\"list-style-type: circle;\">\n<li><a href=\"https:\/\/agora.xtec.cat\/insdespuig\/wp-content\/uploads\/usu921\/2019\/10\/Pautes_de_presentacio_de_treballs-INSDespuig-19.pdf\">Pautes de presentaci\u00f3 de treballs<\/a> (Institut Crist\u00f2fol Despuig)*<\/li>\n<li><a href=\"https:\/\/agora.xtec.cat\/insdespuig\/wp-content\/uploads\/usu921\/2019\/09\/CRITERIS-AVALUACIO%CC%81-projecte-recerca-4t-ESO.pdf\">Criteris d&#8217;avaluaci\u00f3<\/a> (Institut Crist\u00f2fol Despuig)*<\/li>\n<li><a href=\"http:\/\/www.xtec.cat\/crp-pallarsjussa\/recerca-eso\/index.htm\" target=\"_blank\" rel=\"noopener noreferrer\">Projecte de recerca 4t ESO. Fem recerca<\/a> (Servei Educatiu Pallars)<\/li>\n<\/ul>\n<p><strong>Normativa<\/strong><\/p>\n<ul style=\"list-style-type: circle;\">\n<li><a href=\"http:\/\/xtec.gencat.cat\/ca\/curriculum\/eso\/sintesi_recerca\" target=\"_blank\" rel=\"noopener noreferrer\">Treball de s\u00edntesi i projecte de recerca<\/a> (XTEC)<\/li>\n<\/ul>\n","protected":false},"excerpt":{"rendered":"<p>Orientacions generals Pautes de presentaci\u00f3 de treballs (Institut Crist\u00f2fol Despuig)* Criteris d&#8217;avaluaci\u00f3 (Institut Crist\u00f2fol Despuig)* Projecte de recerca 4t ESO. Fem recerca (Servei Educatiu Pallars) Normativa Treball de s\u00edntesi i projecte de recerca (XTEC)<\/p>\n","protected":false},"author":54,"featured_media":0,"parent":758,"menu_order":2,"comment_status":"closed","ping_status":"closed","template":"page-templates\/side-menu.php","meta":{"_bbp_topic_count":0,"_bbp_reply_count":0,"_bbp_total_topic_count":0,"_bbp_total_reply_count":0,"_bbp_voice_count":0,"_bbp_anonymous_reply_count":0,"_bbp_topic_count_hidden":0,"_bbp_reply_count_hidden":0,"_bbp_forum_subforum_count":0,"site-sidebar-layout":"default","site-content-layout":"","ast-site-content-layout":"","site-content-style":"default","site-sidebar-style":"default","ast-global-header-display":"","ast-banner-title-visibility":"","ast-main-header-display":"","ast-hfb-above-header-display":"","ast-hfb-below-header-display":"","ast-hfb-mobile-header-display":"","site-post-title":"","ast-breadcrumbs-content":"","ast-featured-img":"","footer-sml-layout":"","theme-transparent-header-meta":"","adv-header-id-meta":"","stick-header-meta":"","header-above-stick-meta":"","header-main-stick-meta":"","header-below-stick-meta":"","astra-migrate-meta-layouts":"default","ast-page-background-enabled":"default","ast-page-background-meta":{"desktop":{"background-color":"var(--ast-global-color-4)","background-image":"","background-repeat":"repeat","background-position":"center center","background-size":"auto","background-attachment":"scroll","background-type":"","background-media":"","overlay-type":"","overlay-color":"","overlay-opacity":"","overlay-gradient":""},"tablet":{"background-color":"","background-image":"","background-repeat":"repeat","background-position":"center center","background-size":"auto","background-attachment":"scroll","background-type":"","background-media":"","overlay-type":"","overlay-color":"","overlay-opacity":"","overlay-gradient":""},"mobile":{"background-color":"","background-image":"","background-repeat":"repeat","background-position":"center center","background-size":"auto","background-attachment":"scroll","background-type":"","background-media":"","overlay-type":"","overlay-color":"","overlay-opacity":"","overlay-gradient":""}},"ast-content-background-meta":{"desktop":{"background-color":"var(--ast-global-color-5)","background-image":"","background-repeat":"repeat","background-position":"center center","background-size":"auto","background-attachment":"scroll","background-type":"","background-media":"","overlay-type":"","overlay-color":"","overlay-opacity":"","overlay-gradient":""},"tablet":{"background-color":"var(--ast-global-color-5)","background-image":"","background-repeat":"repeat","background-position":"center center","background-size":"auto","background-attachment":"scroll","background-type":"","background-media":"","overlay-type":"","overlay-color":"","overlay-opacity":"","overlay-gradient":""},"mobile":{"background-color":"var(--ast-global-color-5)","background-image":"","background-repeat":"repeat","background-position":"center center","background-size":"auto","background-attachment":"scroll","background-type":"","background-media":"","overlay-type":"","overlay-color":"","overlay-opacity":"","overlay-gradient":""}},"footnotes":""},"class_list":["post-5225","page","type-page","status-publish","hentry"],"post_mailing_queue_ids":[],"_links":{"self":[{"href":"https:\/\/agora.xtec.cat\/insdespuig\/wp-json\/wp\/v2\/pages\/5225","targetHints":{"allow":["GET"]}}],"collection":[{"href":"https:\/\/agora.xtec.cat\/insdespuig\/wp-json\/wp\/v2\/pages"}],"about":[{"href":"https:\/\/agora.xtec.cat\/insdespuig\/wp-json\/wp\/v2\/types\/page"}],"author":[{"embeddable":true,"href":"https:\/\/agora.xtec.cat\/insdespuig\/wp-json\/wp\/v2\/users\/54"}],"replies":[{"embeddable":true,"href":"https:\/\/agora.xtec.cat\/insdespuig\/wp-json\/wp\/v2\/comments?post=5225"}],"version-history":[{"count":3,"href":"https:\/\/agora.xtec.cat\/insdespuig\/wp-json\/wp\/v2\/pages\/5225\/revisions"}],"predecessor-version":[{"id":14729,"href":"https:\/\/agora.xtec.cat\/insdespuig\/wp-json\/wp\/v2\/pages\/5225\/revisions\/14729"}],"up":[{"embeddable":true,"href":"https:\/\/agora.xtec.cat\/insdespuig\/wp-json\/wp\/v2\/pages\/758"}],"wp:attachment":[{"href":"https:\/\/agora.xtec.cat\/insdespuig\/wp-json\/wp\/v2\/media?parent=5225"}],"curies":[{"name":"wp","href":"https:\/\/api.w.org\/{rel}","templated":true}]}}