{"id":23260,"date":"2024-02-02T18:35:20","date_gmt":"2024-02-02T17:35:20","guid":{"rendered":"https:\/\/agora.xtec.cat\/insdespuig\/?page_id=23260"},"modified":"2026-01-17T16:46:31","modified_gmt":"2026-01-17T15:46:31","slug":"recursos-utils-en-linia","status":"publish","type":"page","link":"https:\/\/agora.xtec.cat\/insdespuig\/estudis\/batxillerat\/treball-de-recerca-de-batxillerat\/recursos-utils-en-linia\/","title":{"rendered":"RECURSOS \u00daTILS EN L\u00cdNIA"},"content":{"rendered":"<p><span style=\"font-weight: 400;\">Enlla\u00e7os d&#8217;inter\u00e8s<\/span><\/p>\n<ul>\n<li style=\"font-weight: 400;\" aria-level=\"1\"><i><span style=\"font-weight: 400;\">MAGMA. Asociaci\u00f3 per Promoure la Recerca Jove: <\/span><\/i><a href=\"https:\/\/www.magmarecerca.org\/\"><span style=\"font-weight: 400;\">https:\/\/www.magmarecerca.org\/<\/span><\/a><\/li>\n<\/ul>\n<ul>\n<li style=\"font-weight: 400;\" aria-level=\"1\"><i><span style=\"font-weight: 400;\">Alehoop: recursos en l\u00ednia per elaborar treballs de recerca<\/span><\/i><span style=\"font-weight: 400;\"> [en l\u00ednia]. [Barcelona]: Facultat de Biblioteconomia i Documentaci\u00f3.<\/span><span style=\"font-weight: 400;\"><br \/>\n<\/span><a href=\"http:\/\/www.alehoop.info\/\"><span style=\"font-weight: 400;\">http:\/\/www.alehoop.info<\/span><\/a><span style=\"font-weight: 400;\">\u00a0 [Consulta: 18 jul. 2017].<\/span><\/li>\n<li style=\"font-weight: 400;\" aria-level=\"1\"><i><span style=\"font-weight: 400;\">Argumenta<\/span><\/i><span style=\"font-weight: 400;\"> [en l\u00ednia]. Dir., Servei de Lleng\u00fces de la UAB. [Bellaterra, etc.]: UAB, etc., [2006].<\/span><span style=\"font-weight: 400;\"><br \/>\n<\/span><a href=\"http:\/\/wuster.uab.cat\/Web_Argumenta_Obert\"><span style=\"font-weight: 400;\">http:\/\/wuster.uab.cat\/Web_Argumenta_Obert<\/span><\/a><span style=\"font-weight: 400;\">\u00a0 [Consulta: 18 jul. 2017].<\/span><\/li>\n<li style=\"font-weight: 400;\" aria-level=\"1\"><i><span style=\"font-weight: 400;\">Beques i ajuts de recerca a estudiants pregraduats<\/span><\/i><span style=\"font-weight: 400;\"> [en l\u00ednia]. [Barcelona]: AGAUR.<\/span><span style=\"font-weight: 400;\"><br \/>\n<\/span><a href=\"http:\/\/www.recercat.cat\/handle\/2072\/1759\"><span style=\"font-weight: 400;\">http:\/\/www.recercat.cat\/handle\/2072\/1759<\/span><\/a><span style=\"font-weight: 400;\">\u00a0 [Consulta: 18 jul. 2017].<\/span><\/li>\n<li style=\"font-weight: 400;\" aria-level=\"1\"><i><span style=\"font-weight: 400;\">Com es fa un treball de recerca<\/span><\/i><span style=\"font-weight: 400;\"> [en l\u00ednia]. [Barcelona]: Generalitat de Catalunya. Departament d&#8217;Ensenyament.<\/span><span style=\"font-weight: 400;\"><br \/>\n<\/span><a href=\"http:\/\/www.edu365.cat\/batxillerat\/recerca\/comfer\/index.htm\"><span style=\"font-weight: 400;\">http:\/\/www.edu365.cat\/batxillerat\/recerca\/comfer\/index.htm<\/span><\/a><\/li>\n<li style=\"font-weight: 400;\" aria-level=\"1\"><i><span style=\"font-weight: 400;\">Com fer un treball de recerca<\/span><\/i><span style=\"font-weight: 400;\"> [en l\u00ednia]. [Lleida]: Universitat de Lleida. ICE i Generalitat de Catalunya. Departament d&#8217;Ensenyament.<\/span><span style=\"font-weight: 400;\"><br \/>\n<\/span><a href=\"http:\/\/www.ice.udl.cat\/itinera\/doc\/2014\/comfer.pdf\"><span style=\"font-weight: 400;\">http:\/\/www.ice.udl.cat\/itinera\/doc\/2014\/comfer.pdf<\/span><\/a><\/li>\n<li style=\"font-weight: 400;\" aria-level=\"1\"><i><span style=\"font-weight: 400;\">CUB: criteris Universitat de Barcelona<\/span><\/i><span style=\"font-weight: 400;\"> [en l\u00ednia]. [Barcelona]: UB. Serveis Ling\u00fc\u00edstics, [s.d.].<\/span><span style=\"font-weight: 400;\"><br \/>\n<\/span><a href=\"http:\/\/www.ub.edu\/cub\"><span style=\"font-weight: 400;\">http:\/\/www.ub.edu\/cub<\/span><\/a><span style=\"font-weight: 400;\"> [Consulta: 18 jul. 2017].<\/span><\/li>\n<li style=\"font-weight: 400;\" aria-level=\"1\"><i><span style=\"font-weight: 400;\">Presentaci\u00f3 Alehoop<\/span><\/i><span style=\"font-weight: 400;\"> [en l\u00ednia]. [Barcelona]: Facultat de Biblioteconomia i Documentaci\u00f3. 46 diap.<\/span><span style=\"font-weight: 400;\"><br \/>\n<\/span><a href=\"http:\/\/www.alehoop.info\/presentacio.php\"><span style=\"font-weight: 400;\">http:\/\/www.alehoop.info\/presentacio.php<\/span><\/a><span style=\"font-weight: 400;\"> [Consulta: 18 jul. 2017].<\/span><\/li>\n<li style=\"font-weight: 400;\" aria-level=\"1\"><i><span style=\"font-weight: 400;\">Recursos ling\u00fc\u00edstics<\/span><\/i><span style=\"font-weight: 400;\"> [en l\u00ednia]. [Barcelona]: UB. Serveis Ling\u00fc\u00edstics, \u00falt. act., 14.12.2016.<\/span><span style=\"font-weight: 400;\"><br \/>\n<\/span><a href=\"http:\/\/www.ub.edu\/sl\/ca\/alt\/recursos\"><span style=\"font-weight: 400;\">http:\/\/www.ub.edu\/sl\/ca\/alt\/recursos<\/span><\/a><span style=\"font-weight: 400;\"> [Consulta: 18 jul. 2017].<\/span><\/li>\n<li style=\"font-weight: 400;\" aria-level=\"1\"><i><span style=\"font-weight: 400;\">Redacci\u00f3 de treballs finals de grau i m\u00e0ster<\/span><\/i><span style=\"font-weight: 400;\"> [en l\u00ednia]. [Barcelona]: UB. Serveis Ling\u00fc\u00edstics.<\/span><span style=\"font-weight: 400;\"><br \/>\n<\/span><a href=\"http:\/\/www.ub.edu\/sl\/treballs\"><span style=\"font-weight: 400;\">http:\/\/www.ub.edu\/sl\/treballs<\/span><\/a><span style=\"font-weight: 400;\"> [Consulta: 18 jul. 2017].<\/span><\/li>\n<li style=\"font-weight: 400;\" aria-level=\"1\"><i><span style=\"font-weight: 400;\">Retrucs<\/span><\/i><span style=\"font-weight: 400;\"> [en l\u00ednia]. [Barcelona]: UB. Serveis Ling\u00fc\u00edstics. [Blog].<\/span><span style=\"font-weight: 400;\"><br \/>\n<\/span><a href=\"http:\/\/www.ub.edu\/retrucs\"><span style=\"font-weight: 400;\">http:\/\/www.ub.edu\/retrucs<\/span><\/a><span style=\"font-weight: 400;\"> [Consulta: 18 jul. 2017].<\/span><\/li>\n<li style=\"font-weight: 400;\" aria-level=\"1\"><i><span style=\"font-weight: 400;\">Suport a la recerca a secund\u00e0ria<\/span><\/i><span style=\"font-weight: 400;\"> [en l\u00ednia]. [Barcelona]: Universitat de Barcelona. Servei d&#8217;Atenci\u00f3 a l&#8217;Estudiant, 2017.<\/span><span style=\"font-weight: 400;\"><br \/>\n<\/span><a href=\"http:\/\/www.ub.edu\/futursinousestudiants\/suporttreball-recerca.html\"><span style=\"font-weight: 400;\">http:\/\/www.ub.edu\/futursinousestudiants\/suporttreball-recerca.html<\/span><\/a><span style=\"font-weight: 400;\"> [Consulta: 18 jul. 2017].<\/span><\/li>\n<\/ul>\n","protected":false},"excerpt":{"rendered":"<p>Enlla\u00e7os d&#8217;inter\u00e8s MAGMA. Asociaci\u00f3 per Promoure la Recerca Jove: https:\/\/www.magmarecerca.org\/ Alehoop: recursos en l\u00ednia per elaborar treballs de recerca [en l\u00ednia]. [Barcelona]: Facultat de Biblioteconomia i Documentaci\u00f3. http:\/\/www.alehoop.info\u00a0 [Consulta: 18 jul. 2017]. Argumenta [en l\u00ednia]. Dir., Servei de Lleng\u00fces de la UAB. [Bellaterra, etc.]: UAB, etc., [2006]. http:\/\/wuster.uab.cat\/Web_Argumenta_Obert\u00a0 [Consulta: 18 jul. 2017]. Beques i ajuts [&hellip;]<\/p>\n","protected":false},"author":67,"featured_media":0,"parent":5227,"menu_order":0,"comment_status":"closed","ping_status":"closed","template":"","meta":{"_bbp_topic_count":0,"_bbp_reply_count":0,"_bbp_total_topic_count":0,"_bbp_total_reply_count":0,"_bbp_voice_count":0,"_bbp_anonymous_reply_count":0,"_bbp_topic_count_hidden":0,"_bbp_reply_count_hidden":0,"_bbp_forum_subforum_count":0,"site-sidebar-layout":"default","site-content-layout":"","ast-site-content-layout":"","site-content-style":"default","site-sidebar-style":"default","ast-global-header-display":"","ast-banner-title-visibility":"","ast-main-header-display":"","ast-hfb-above-header-display":"","ast-hfb-below-header-display":"","ast-hfb-mobile-header-display":"","site-post-title":"","ast-breadcrumbs-content":"","ast-featured-img":"","footer-sml-layout":"","theme-transparent-header-meta":"","adv-header-id-meta":"","stick-header-meta":"","header-above-stick-meta":"","header-main-stick-meta":"","header-below-stick-meta":"","astra-migrate-meta-layouts":"default","ast-page-background-enabled":"default","ast-page-background-meta":{"desktop":{"background-color":"var(--ast-global-color-4)","background-image":"","background-repeat":"repeat","background-position":"center center","background-size":"auto","background-attachment":"scroll","background-type":"","background-media":"","overlay-type":"","overlay-color":"","overlay-opacity":"","overlay-gradient":""},"tablet":{"background-color":"","background-image":"","background-repeat":"repeat","background-position":"center center","background-size":"auto","background-attachment":"scroll","background-type":"","background-media":"","overlay-type":"","overlay-color":"","overlay-opacity":"","overlay-gradient":""},"mobile":{"background-color":"","background-image":"","background-repeat":"repeat","background-position":"center center","background-size":"auto","background-attachment":"scroll","background-type":"","background-media":"","overlay-type":"","overlay-color":"","overlay-opacity":"","overlay-gradient":""}},"ast-content-background-meta":{"desktop":{"background-color":"var(--ast-global-color-5)","background-image":"","background-repeat":"repeat","background-position":"center center","background-size":"auto","background-attachment":"scroll","background-type":"","background-media":"","overlay-type":"","overlay-color":"","overlay-opacity":"","overlay-gradient":""},"tablet":{"background-color":"var(--ast-global-color-5)","background-image":"","background-repeat":"repeat","background-position":"center center","background-size":"auto","background-attachment":"scroll","background-type":"","background-media":"","overlay-type":"","overlay-color":"","overlay-opacity":"","overlay-gradient":""},"mobile":{"background-color":"var(--ast-global-color-5)","background-image":"","background-repeat":"repeat","background-position":"center center","background-size":"auto","background-attachment":"scroll","background-type":"","background-media":"","overlay-type":"","overlay-color":"","overlay-opacity":"","overlay-gradient":""}},"footnotes":""},"class_list":["post-23260","page","type-page","status-publish","hentry"],"post_mailing_queue_ids":[],"_links":{"self":[{"href":"https:\/\/agora.xtec.cat\/insdespuig\/wp-json\/wp\/v2\/pages\/23260","targetHints":{"allow":["GET"]}}],"collection":[{"href":"https:\/\/agora.xtec.cat\/insdespuig\/wp-json\/wp\/v2\/pages"}],"about":[{"href":"https:\/\/agora.xtec.cat\/insdespuig\/wp-json\/wp\/v2\/types\/page"}],"author":[{"embeddable":true,"href":"https:\/\/agora.xtec.cat\/insdespuig\/wp-json\/wp\/v2\/users\/67"}],"replies":[{"embeddable":true,"href":"https:\/\/agora.xtec.cat\/insdespuig\/wp-json\/wp\/v2\/comments?post=23260"}],"version-history":[{"count":4,"href":"https:\/\/agora.xtec.cat\/insdespuig\/wp-json\/wp\/v2\/pages\/23260\/revisions"}],"predecessor-version":[{"id":25405,"href":"https:\/\/agora.xtec.cat\/insdespuig\/wp-json\/wp\/v2\/pages\/23260\/revisions\/25405"}],"up":[{"embeddable":true,"href":"https:\/\/agora.xtec.cat\/insdespuig\/wp-json\/wp\/v2\/pages\/5227"}],"wp:attachment":[{"href":"https:\/\/agora.xtec.cat\/insdespuig\/wp-json\/wp\/v2\/media?parent=23260"}],"curies":[{"name":"wp","href":"https:\/\/api.w.org\/{rel}","templated":true}]}}