{"id":21975,"date":"2023-05-30T18:13:27","date_gmt":"2023-05-30T16:13:27","guid":{"rendered":"https:\/\/agora.xtec.cat\/insdespuig\/?page_id=21975"},"modified":"2023-06-21T09:44:32","modified_gmt":"2023-06-21T07:44:32","slug":"acolliment-digital","status":"publish","type":"page","link":"https:\/\/agora.xtec.cat\/insdespuig\/linstitut\/documentacio-centre\/estrategia-digital-de-centre\/cultura-digital\/acolliment-digital\/","title":{"rendered":"Acolliment digital"},"content":{"rendered":"<p>En aquest apartat trobareu la documentaci\u00f3 i la informaci\u00f3 necess\u00e0ria per tenir una bona rebuda al nostre centre, en aspectes digitals i del seu \u00fas i la seva gesti\u00f3:<\/p>\n<p><a href=\"https:\/\/agora.xtec.cat\/insdespuig\/linstitut\/documentacio-centre\/estrategia-digital-de-centre\/cultura-digital\/acolliment-digital\/acolliment-families\/\" target=\"_blank\" rel=\"noopener\"><strong>ACOLLIMENT A LES FAM\u00cdLIES<\/strong><\/a><\/p>\n<p><a href=\"https:\/\/agora.xtec.cat\/insdespuig\/linstitut\/documentacio-centre\/estrategia-digital-de-centre\/cultura-digital\/acolliment-digital\/acolliment-a-lalumnat\/\" target=\"_blank\" rel=\"noopener\"><strong>ACOLLI<\/strong><strong>MENT A L\u2019ALUMNAT<\/strong><\/a><\/p>\n<p><a href=\"https:\/\/agora.xtec.cat\/insdespuig\/linstitut\/documentacio-centre\/estrategia-digital-de-centre\/cultura-digital\/acolliment-digital\/acolliment-als-docents\/\" target=\"_blank\" rel=\"noopener\"><strong>ACOLLIMENT ALS DOCENTS<\/strong><\/a><\/p>\n<p>&nbsp;<\/p>\n","protected":false},"excerpt":{"rendered":"<p>En aquest apartat trobareu la documentaci\u00f3 i la informaci\u00f3 necess\u00e0ria per tenir una bona rebuda al nostre centre, en aspectes digitals i del seu \u00fas i la seva gesti\u00f3: ACOLLIMENT A LES FAM\u00cdLIES ACOLLIMENT A L\u2019ALUMNAT ACOLLIMENT ALS DOCENTS &nbsp;<\/p>\n","protected":false},"author":1,"featured_media":0,"parent":21958,"menu_order":4,"comment_status":"closed","ping_status":"closed","template":"page-templates\/side-menu.php","meta":{"_bbp_topic_count":0,"_bbp_reply_count":0,"_bbp_total_topic_count":0,"_bbp_total_reply_count":0,"_bbp_voice_count":0,"_bbp_anonymous_reply_count":0,"_bbp_topic_count_hidden":0,"_bbp_reply_count_hidden":0,"_bbp_forum_subforum_count":0,"site-sidebar-layout":"default","site-content-layout":"","ast-site-content-layout":"","site-content-style":"default","site-sidebar-style":"default","ast-global-header-display":"","ast-banner-title-visibility":"","ast-main-header-display":"","ast-hfb-above-header-display":"","ast-hfb-below-header-display":"","ast-hfb-mobile-header-display":"","site-post-title":"","ast-breadcrumbs-content":"","ast-featured-img":"","footer-sml-layout":"","theme-transparent-header-meta":"","adv-header-id-meta":"","stick-header-meta":"","header-above-stick-meta":"","header-main-stick-meta":"","header-below-stick-meta":"","astra-migrate-meta-layouts":"default","ast-page-background-enabled":"default","ast-page-background-meta":{"desktop":{"background-color":"var(--ast-global-color-4)","background-image":"","background-repeat":"repeat","background-position":"center center","background-size":"auto","background-attachment":"scroll","background-type":"","background-media":"","overlay-type":"","overlay-color":"","overlay-opacity":"","overlay-gradient":""},"tablet":{"background-color":"","background-image":"","background-repeat":"repeat","background-position":"center center","background-size":"auto","background-attachment":"scroll","background-type":"","background-media":"","overlay-type":"","overlay-color":"","overlay-opacity":"","overlay-gradient":""},"mobile":{"background-color":"","background-image":"","background-repeat":"repeat","background-position":"center center","background-size":"auto","background-attachment":"scroll","background-type":"","background-media":"","overlay-type":"","overlay-color":"","overlay-opacity":"","overlay-gradient":""}},"ast-content-background-meta":{"desktop":{"background-color":"var(--ast-global-color-5)","background-image":"","background-repeat":"repeat","background-position":"center center","background-size":"auto","background-attachment":"scroll","background-type":"","background-media":"","overlay-type":"","overlay-color":"","overlay-opacity":"","overlay-gradient":""},"tablet":{"background-color":"var(--ast-global-color-5)","background-image":"","background-repeat":"repeat","background-position":"center center","background-size":"auto","background-attachment":"scroll","background-type":"","background-media":"","overlay-type":"","overlay-color":"","overlay-opacity":"","overlay-gradient":""},"mobile":{"background-color":"var(--ast-global-color-5)","background-image":"","background-repeat":"repeat","background-position":"center center","background-size":"auto","background-attachment":"scroll","background-type":"","background-media":"","overlay-type":"","overlay-color":"","overlay-opacity":"","overlay-gradient":""}},"footnotes":""},"class_list":["post-21975","page","type-page","status-publish","hentry"],"post_mailing_queue_ids":[],"_links":{"self":[{"href":"https:\/\/agora.xtec.cat\/insdespuig\/wp-json\/wp\/v2\/pages\/21975","targetHints":{"allow":["GET"]}}],"collection":[{"href":"https:\/\/agora.xtec.cat\/insdespuig\/wp-json\/wp\/v2\/pages"}],"about":[{"href":"https:\/\/agora.xtec.cat\/insdespuig\/wp-json\/wp\/v2\/types\/page"}],"author":[{"embeddable":true,"href":"https:\/\/agora.xtec.cat\/insdespuig\/wp-json\/wp\/v2\/users\/1"}],"replies":[{"embeddable":true,"href":"https:\/\/agora.xtec.cat\/insdespuig\/wp-json\/wp\/v2\/comments?post=21975"}],"version-history":[{"count":3,"href":"https:\/\/agora.xtec.cat\/insdespuig\/wp-json\/wp\/v2\/pages\/21975\/revisions"}],"predecessor-version":[{"id":22287,"href":"https:\/\/agora.xtec.cat\/insdespuig\/wp-json\/wp\/v2\/pages\/21975\/revisions\/22287"}],"up":[{"embeddable":true,"href":"https:\/\/agora.xtec.cat\/insdespuig\/wp-json\/wp\/v2\/pages\/21958"}],"wp:attachment":[{"href":"https:\/\/agora.xtec.cat\/insdespuig\/wp-json\/wp\/v2\/media?parent=21975"}],"curies":[{"name":"wp","href":"https:\/\/api.w.org\/{rel}","templated":true}]}}