{"id":195,"date":"2014-09-22T10:39:39","date_gmt":"2014-09-22T10:39:39","guid":{"rendered":"http:\/\/agora.xtec.cat\/insdespuig\/?page_id=195"},"modified":"2025-05-08T12:16:13","modified_gmt":"2025-05-08T10:16:13","slug":"estudis","status":"publish","type":"page","link":"https:\/\/agora.xtec.cat\/insdespuig\/estudis\/","title":{"rendered":"Estudis"},"content":{"rendered":"<p>A l&#8217;institut s&#8217;imparteixen estudis d&#8217;<strong>ESO<\/strong> (educaci\u00f3 secund\u00e0ria obligat\u00f2ria), <strong>batxillerat<\/strong> (modalitats de ci\u00e8ncies i tecnologia, humanitats i ci\u00e8ncies socials) i <strong>CFGB<\/strong> (Serveis comercials).<\/p>\n<p>&nbsp;<\/p>\n","protected":false},"excerpt":{"rendered":"<p>A l&#8217;institut s&#8217;imparteixen estudis d&#8217;ESO (educaci\u00f3 secund\u00e0ria obligat\u00f2ria), batxillerat (modalitats de ci\u00e8ncies i tecnologia, humanitats i ci\u00e8ncies socials) i CFGB (Serveis comercials).<br \/>\n&nbsp;<\/p>\n","protected":false},"author":1,"featured_media":0,"parent":0,"menu_order":0,"comment_status":"closed","ping_status":"closed","template":"page-templates\/side-menu.php","meta":{"_bbp_topic_count":0,"_bbp_reply_count":0,"_bbp_total_topic_count":0,"_bbp_total_reply_count":0,"_bbp_voice_count":0,"_bbp_anonymous_reply_count":0,"_bbp_topic_count_hidden":0,"_bbp_reply_count_hidden":0,"_bbp_forum_subforum_count":0,"footnotes":""},"class_list":["post-195","page","type-page","status-publish","hentry"],"post_mailing_queue_ids":[],"_links":{"self":[{"href":"https:\/\/agora.xtec.cat\/insdespuig\/wp-json\/wp\/v2\/pages\/195","targetHints":{"allow":["GET"]}}],"collection":[{"href":"https:\/\/agora.xtec.cat\/insdespuig\/wp-json\/wp\/v2\/pages"}],"about":[{"href":"https:\/\/agora.xtec.cat\/insdespuig\/wp-json\/wp\/v2\/types\/page"}],"author":[{"embeddable":true,"href":"https:\/\/agora.xtec.cat\/insdespuig\/wp-json\/wp\/v2\/users\/1"}],"replies":[{"embeddable":true,"href":"https:\/\/agora.xtec.cat\/insdespuig\/wp-json\/wp\/v2\/comments?post=195"}],"version-history":[{"count":4,"href":"https:\/\/agora.xtec.cat\/insdespuig\/wp-json\/wp\/v2\/pages\/195\/revisions"}],"predecessor-version":[{"id":24766,"href":"https:\/\/agora.xtec.cat\/insdespuig\/wp-json\/wp\/v2\/pages\/195\/revisions\/24766"}],"wp:attachment":[{"href":"https:\/\/agora.xtec.cat\/insdespuig\/wp-json\/wp\/v2\/media?parent=195"}],"curies":[{"name":"wp","href":"https:\/\/api.w.org\/{rel}","templated":true}]}}