{"id":55,"date":"2014-09-17T16:59:49","date_gmt":"2014-09-17T16:59:49","guid":{"rendered":"http:\/\/agora.xtec.cat\/insdesantacoloma\/?page_id=55"},"modified":"2025-09-15T08:13:24","modified_gmt":"2025-09-15T06:13:24","slug":"horaris","status":"publish","type":"page","link":"https:\/\/agora.xtec.cat\/insdesantacoloma\/linstitut\/horaris\/","title":{"rendered":"Horaris d&#8217;atenci\u00f3"},"content":{"rendered":"<p><strong><a href=\"https:\/\/agora.xtec.cat\/insdesantacoloma\/wp-content\/uploads\/usu1849\/2024\/09\/Negro-Circulo-con-Cubiertos-Restaurante-Logo-10.png\"><img loading=\"lazy\" decoding=\"async\" class=\" wp-image-4609 alignleft\" src=\"https:\/\/agora.xtec.cat\/insdesantacoloma\/wp-content\/uploads\/usu1849\/2024\/09\/Negro-Circulo-con-Cubiertos-Restaurante-Logo-10-300x300.png\" alt=\"\" width=\"205\" height=\"205\" srcset=\"https:\/\/agora.xtec.cat\/insdesantacoloma\/wp-content\/uploads\/usu1849\/2024\/09\/Negro-Circulo-con-Cubiertos-Restaurante-Logo-10-300x300.png 300w, https:\/\/agora.xtec.cat\/insdesantacoloma\/wp-content\/uploads\/usu1849\/2024\/09\/Negro-Circulo-con-Cubiertos-Restaurante-Logo-10-150x150.png 150w, https:\/\/agora.xtec.cat\/insdesantacoloma\/wp-content\/uploads\/usu1849\/2024\/09\/Negro-Circulo-con-Cubiertos-Restaurante-Logo-10.png 500w\" sizes=\"auto, (max-width: 205px) 100vw, 205px\" \/><\/a>\u00a0<\/strong><\/p>\n<p><strong>Horari marc del centre<\/strong><\/p>\n<p>L\u2019horari marc del nostre centre \u00e9s:<\/p>\n<ul>\n<li><strong> 8:00h del mat\u00ed a 14:40h de la tarda. <\/strong><\/li>\n<\/ul>\n<p><span style=\"color: #3366ff;\"><em>Com la resta d\u2019instituts p\u00fablics de Santa Coloma, v\u00e0rem decidir fer un horari intensiu i aix\u00ed ho hem comunicat al departament d\u2019Ensenyament i a les fam\u00edlies.<\/em><\/span><\/p>\n<p><strong>Horari d\u2019atenci\u00f3 al p\u00fablic<\/strong><\/p>\n<p>L\u2019horari d\u2019atenci\u00f3 al p\u00fablic que hem establert \u00e9s el seg\u00fcent:<\/p>\n<ul>\n<li><strong>Direcci\u00f3 (Jos\u00e9 A. Serrano)<\/strong>:\n<ul>\n<li>Dilluns i divendres de 9.30 h a 11.00 h<\/li>\n<\/ul>\n<\/li>\n<li><strong>Cap d&#8217;Estudis (Marta Calvo)<\/strong>:\n<ul>\n<li>Dimarts de 13.30 h a 14.30 h<\/li>\n<li>Divendres de 11.40 h a 13.00 h<\/li>\n<\/ul>\n<\/li>\n<li><strong>Coordinadora Pedag\u00f2gica (Marta P\u00e9rez)<\/strong>:\n<ul>\n<li>Dimecres de 13.00 h a 13.50 h<\/li>\n<li>Dijous de 8.30 h a 11.00 h<\/li>\n<\/ul>\n<\/li>\n<li><strong>Secretari (Josep Llu\u00eds Part)<\/strong>:\n<ul>\n<li>Dimarts de 13.00 a 14.00 h<\/li>\n<li>Dijous de 8.00 h a 11.00 h<\/li>\n<\/ul>\n<\/li>\n<\/ul>\n<p>A m\u00e9s a m\u00e9s, es podr\u00e0 atendre a les fam\u00edlies fora d&#8217;aquest horari, sempre i quan, es demani cita pr\u00e8via via telef\u00f2nica <span style=\"color: #3366ff;\">(938564660 \/ 667076691) <\/span>o per correu electr\u00f2nic <span style=\"color: #3366ff;\">(institut9@institut9.cat). <\/span>D&#8217;aquesta manera, el centre s&#8217;adaptar\u00e0 a les situacions personals de cada fam\u00edlia sempre que sigui possible.<\/p>\n<p><strong>Horari d&#8217;atenci\u00f3 a fam\u00edlies (tutors\/es):<\/strong><\/p>\n<p><a href=\"https:\/\/agora.xtec.cat\/insdesantacoloma\/wp-content\/uploads\/usu1849\/2024\/09\/eso-1.png\"><img loading=\"lazy\" decoding=\"async\" class=\"alignnone size-medium wp-image-4617\" src=\"https:\/\/agora.xtec.cat\/insdesantacoloma\/wp-content\/uploads\/usu1849\/2024\/09\/eso-1-300x75.png\" alt=\"\" width=\"300\" height=\"75\" srcset=\"https:\/\/agora.xtec.cat\/insdesantacoloma\/wp-content\/uploads\/usu1849\/2024\/09\/eso-1-300x75.png 300w, https:\/\/agora.xtec.cat\/insdesantacoloma\/wp-content\/uploads\/usu1849\/2024\/09\/eso-1-768x192.png 768w, https:\/\/agora.xtec.cat\/insdesantacoloma\/wp-content\/uploads\/usu1849\/2024\/09\/eso-1.png 945w\" sizes=\"auto, (max-width: 300px) 100vw, 300px\" \/><\/a><\/p>\n<ul style=\"list-style-type: circle;\">\n<li>1<strong style=\"font-family: inherit; font-size: 1em;\">rA:<\/strong><span style=\"font-family: inherit; font-size: 1em;\"> Ines Parre\u00f1o &#8211; (Divendres de 9.20 h a 10.10 h)<\/span><\/li>\n<li><strong>1rB:<\/strong> J\u00fadit S\u00e1nchez &#8211; (Dilluns de 12.10 h a 13.00 h)<\/li>\n<li><strong>1rC:<\/strong>\u00a0<span style=\"color: #000000;\">Carlos Esteve<\/span> &#8211; (Dimecres de <span style=\"font-family: inherit; font-size: 1em;\">9.20 h a 10.10 h<\/span>)<\/li>\n<li><strong>1rD:<\/strong> Xavier Caralt &#8211; (<span style=\"font-family: inherit; font-size: 1em;\">Divendres de 9.20 h a 10.10 h<\/span>)<\/li>\n<li><strong>2nA:<\/strong> Miriam M\u00e9ndez &#8211; (Dijous de <span style=\"font-family: inherit; font-size: 1em;\">9.20 h a 10.10 h<\/span>)<\/li>\n<li><strong>2nB:<\/strong>\u00a0 Gerard Renieblas &#8211; (Dimecres de 10.10 h a 11.00 h)<\/li>\n<li><strong>2nC:<\/strong> Guillem Escribano &#8211; (<span style=\"font-family: inherit; font-size: 1em;\">Divendres de 9.20 h a 10.10 h<\/span>)<\/li>\n<li><strong>2nD:<\/strong> Oriol Comas<span style=\"color: #000000;\">\u00a0&#8211; <\/span>(Dijous de 13.00 h a 13.50 h)<\/li>\n<li><strong>3rA:<\/strong> S\u00edlvia Sender &#8211; (Dilluns de <span style=\"font-family: inherit; font-size: 1em;\">9.20 h a 10.10 h<\/span>) \/ Cristina Bataller &#8211; (Dimarts de 13.00 h a 13.50h)<\/li>\n<li><strong>3rB:<\/strong> Rub\u00e9n Reina &#8211; (Dilluns de <span style=\"font-family: inherit; font-size: 1em;\">9.20 h a 10.10 h<\/span>) \/ Cristina Campos &#8211; (Divendres de 10.10 h a 11.00 h)<\/li>\n<li><strong>3rC:<\/strong> Ainhoa Zabaleta &#8211; (Dijous de 13.00 h a 13.50 h) \/<span style=\"color: #000000;\"> \u00c9rika Pradas<\/span> &#8211; (Dimecres de 10.10 h a 11.00 h)<\/li>\n<li><strong>4tA:<\/strong> Noelia Ferrer &#8211; (Dimcres de 13.00 h a 13.50 h) \/ &#8211; Adri\u00e0 Escribano (Dimarts 8.30 h a 9.20 h)<\/li>\n<li><strong>4tB:<\/strong> Alba M\u00fa\u00f1oz &#8211; (Dimecres de <span style=\"font-family: inherit; font-size: 1em;\">9.20 h a 10.10 h<\/span>) \/ Javi Cort\u00e9s &#8211; (Dimcres de 13.00 h a 13.50 h)<\/li>\n<li><strong>4tC:<\/strong> Miquel Montserrat &#8211; (Dilluns de 10.10 h a 11.00 h) \/ <span style=\"color: #000000;\">Amanda Talens<\/span> &#8211; (Dimarts de 13.00 h a 13.50 h)<\/li>\n<\/ul>\n<h3><a href=\"https:\/\/agora.xtec.cat\/insdesantacoloma\/wp-content\/uploads\/usu1849\/2024\/09\/eso-2.png\"><img loading=\"lazy\" decoding=\"async\" class=\"alignnone size-medium wp-image-4619\" src=\"https:\/\/agora.xtec.cat\/insdesantacoloma\/wp-content\/uploads\/usu1849\/2024\/09\/eso-2-300x75.png\" alt=\"\" width=\"300\" height=\"75\" srcset=\"https:\/\/agora.xtec.cat\/insdesantacoloma\/wp-content\/uploads\/usu1849\/2024\/09\/eso-2-300x75.png 300w, https:\/\/agora.xtec.cat\/insdesantacoloma\/wp-content\/uploads\/usu1849\/2024\/09\/eso-2-768x192.png 768w, https:\/\/agora.xtec.cat\/insdesantacoloma\/wp-content\/uploads\/usu1849\/2024\/09\/eso-2.png 945w\" sizes=\"auto, (max-width: 300px) 100vw, 300px\" \/><\/a><\/h3>\n<ul style=\"list-style-type: circle;\">\n<li><strong>1rA:<\/strong> Raquel Lanaspa &#8211; (Dilluns de 10.10 h a 11.00 h)<\/li>\n<li><strong>1rB:<\/strong>\u00a0 Helena Palma &#8211; (Dimecres de 12.10 h a 13.00 h)<\/li>\n<li><strong>2nA:<\/strong> N\u00faria Agut &#8211; (Dimarts de <span style=\"font-family: inherit; font-size: 1em;\">9.20 h a 10.10 h<\/span>)<\/li>\n<li><strong>2nB:<\/strong><span style=\"color: #000000;\"> Clara Sarmentero<\/span> &#8211; (Dimarts de 12.10 h a 13.00 h)<\/li>\n<\/ul>\n<h3><a href=\"https:\/\/agora.xtec.cat\/insdesantacoloma\/wp-content\/uploads\/usu1849\/2024\/09\/eso-3.png\"><img loading=\"lazy\" decoding=\"async\" class=\"alignnone size-medium wp-image-4618\" src=\"https:\/\/agora.xtec.cat\/insdesantacoloma\/wp-content\/uploads\/usu1849\/2024\/09\/eso-3-300x75.png\" alt=\"\" width=\"300\" height=\"75\" srcset=\"https:\/\/agora.xtec.cat\/insdesantacoloma\/wp-content\/uploads\/usu1849\/2024\/09\/eso-3-300x75.png 300w, https:\/\/agora.xtec.cat\/insdesantacoloma\/wp-content\/uploads\/usu1849\/2024\/09\/eso-3-768x192.png 768w, https:\/\/agora.xtec.cat\/insdesantacoloma\/wp-content\/uploads\/usu1849\/2024\/09\/eso-3.png 945w\" sizes=\"auto, (max-width: 300px) 100vw, 300px\" \/><\/a><\/h3>\n<ul>\n<li><strong>AA:<\/strong> Empar Sastre &#8211; (Dijous de 12.10 h a 13.00 h)<\/li>\n<li><strong>SIEI:<\/strong> Laia Faur\u00f3 &#8211; (Dilluns de 13.00 h a 13.50 h)<\/li>\n<\/ul>\n","protected":false},"excerpt":{"rendered":"<p>\u00a0 Horari marc del centre L\u2019horari marc del nostre centre \u00e9s: 8:00h del mat\u00ed a 14:40h de la tarda. Com [&hellip;]<\/p>\n","protected":false},"author":1,"featured_media":0,"parent":19,"menu_order":80,"comment_status":"closed","ping_status":"closed","template":"","meta":{"_bbp_topic_count":0,"_bbp_reply_count":0,"_bbp_total_topic_count":0,"_bbp_total_reply_count":0,"_bbp_voice_count":0,"_bbp_anonymous_reply_count":0,"_bbp_topic_count_hidden":0,"_bbp_reply_count_hidden":0,"_bbp_forum_subforum_count":0,"site-sidebar-layout":"default","site-content-layout":"","ast-site-content-layout":"default","site-content-style":"default","site-sidebar-style":"default","ast-global-header-display":"","ast-banner-title-visibility":"","ast-main-header-display":"","ast-hfb-above-header-display":"","ast-hfb-below-header-display":"","ast-hfb-mobile-header-display":"","site-post-title":"","ast-breadcrumbs-content":"","ast-featured-img":"","footer-sml-layout":"","theme-transparent-header-meta":"","adv-header-id-meta":"","stick-header-meta":"","header-above-stick-meta":"","header-main-stick-meta":"","header-below-stick-meta":"","astra-migrate-meta-layouts":"set","ast-page-background-enabled":"default","ast-page-background-meta":{"desktop":{"background-color":"var(--ast-global-color-4)","background-image":"","background-repeat":"repeat","background-position":"center center","background-size":"auto","background-attachment":"scroll","background-type":"","background-media":"","overlay-type":"","overlay-color":"","overlay-opacity":"","overlay-gradient":""},"tablet":{"background-color":"","background-image":"","background-repeat":"repeat","background-position":"center center","background-size":"auto","background-attachment":"scroll","background-type":"","background-media":"","overlay-type":"","overlay-color":"","overlay-opacity":"","overlay-gradient":""},"mobile":{"background-color":"","background-image":"","background-repeat":"repeat","background-position":"center center","background-size":"auto","background-attachment":"scroll","background-type":"","background-media":"","overlay-type":"","overlay-color":"","overlay-opacity":"","overlay-gradient":""}},"ast-content-background-meta":{"desktop":{"background-color":"var(--ast-global-color-5)","background-image":"","background-repeat":"repeat","background-position":"center center","background-size":"auto","background-attachment":"scroll","background-type":"","background-media":"","overlay-type":"","overlay-color":"","overlay-opacity":"","overlay-gradient":""},"tablet":{"background-color":"var(--ast-global-color-5)","background-image":"","background-repeat":"repeat","background-position":"center center","background-size":"auto","background-attachment":"scroll","background-type":"","background-media":"","overlay-type":"","overlay-color":"","overlay-opacity":"","overlay-gradient":""},"mobile":{"background-color":"var(--ast-global-color-5)","background-image":"","background-repeat":"repeat","background-position":"center center","background-size":"auto","background-attachment":"scroll","background-type":"","background-media":"","overlay-type":"","overlay-color":"","overlay-opacity":"","overlay-gradient":""}},"footnotes":""},"class_list":["post-55","page","type-page","status-publish","hentry"],"post_mailing_queue_ids":[],"_links":{"self":[{"href":"https:\/\/agora.xtec.cat\/insdesantacoloma\/wp-json\/wp\/v2\/pages\/55","targetHints":{"allow":["GET"]}}],"collection":[{"href":"https:\/\/agora.xtec.cat\/insdesantacoloma\/wp-json\/wp\/v2\/pages"}],"about":[{"href":"https:\/\/agora.xtec.cat\/insdesantacoloma\/wp-json\/wp\/v2\/types\/page"}],"author":[{"embeddable":true,"href":"https:\/\/agora.xtec.cat\/insdesantacoloma\/wp-json\/wp\/v2\/users\/1"}],"replies":[{"embeddable":true,"href":"https:\/\/agora.xtec.cat\/insdesantacoloma\/wp-json\/wp\/v2\/comments?post=55"}],"version-history":[{"count":6,"href":"https:\/\/agora.xtec.cat\/insdesantacoloma\/wp-json\/wp\/v2\/pages\/55\/revisions"}],"predecessor-version":[{"id":5280,"href":"https:\/\/agora.xtec.cat\/insdesantacoloma\/wp-json\/wp\/v2\/pages\/55\/revisions\/5280"}],"up":[{"embeddable":true,"href":"https:\/\/agora.xtec.cat\/insdesantacoloma\/wp-json\/wp\/v2\/pages\/19"}],"wp:attachment":[{"href":"https:\/\/agora.xtec.cat\/insdesantacoloma\/wp-json\/wp\/v2\/media?parent=55"}],"curies":[{"name":"wp","href":"https:\/\/api.w.org\/{rel}","templated":true}]}}

Horaris d&#8217;atenció

<p><strong><a href="https://agora.xtec.cat/insdesantacoloma/wp-content/uploads/usu1849/2024/09/Negro-Circulo-con-Cubiertos-Restaurante-Logo-10.png"><img loading="lazy" decoding="async" class=" wp-image-4609 alignleft" src="https://agora.xtec.cat/insdesantacoloma/wp-content/uploads/usu1849/2024/09/Negro-Circulo-con-Cubiertos-Restaurante-Logo-10-300x300.png" alt="" width="205" height="205" srcset="https://agora.xtec.cat/insdesantacoloma/wp-content/uploads/usu1849/2024/09/Negro-Circulo-con-Cubiertos-Restaurante-Logo-10-300x300.png 300w, https://agora.xtec.cat/insdesantacoloma/wp-content/uploads/usu1849/2024/09/Negro-Circulo-con-Cubiertos-Restaurante-Logo-10-150x150.png 150w, https://agora.xtec.cat/insdesantacoloma/wp-content/uploads/usu1849/2024/09/Negro-Circulo-con-Cubiertos-Restaurante-Logo-10.png 500w" sizes="auto, (max-width: 205px) 100vw, 205px" /></a> </strong></p>
<p><strong>Horari marc del centre</strong></p>
<p>L’horari marc del nostre centre és:</p>
<ul>
<li><strong> 8:00h del matí a 14:40h de la tarda. </strong></li>
</ul>
<p><span style="color: #3366ff;"><em>Com la resta d’instituts públics de Santa Coloma, vàrem decidir fer un horari intensiu i així ho hem comunicat al departament d’Ensenyament i a les famílies.</em></span></p>
<p><strong>Horari d’atenció al públic</strong></p>
<p>L’horari d’atenció al públic que hem establert és el següent:</p>
<ul>
<li><strong>Direcció (José A. Serrano)</strong>:
<ul>
<li>Dilluns i divendres de 9.30 h a 11.00 h</li>
</ul>
</li>
<li><strong>Cap d&#8217;Estudis (Marta Calvo)</strong>:
<ul>
<li>Dimarts de 13.30 h a 14.30 h</li>
<li>Divendres de 11.40 h a 13.00 h</li>
</ul>
</li>
<li><strong>Coordinadora Pedagògica (Marta Pérez)</strong>:
<ul>
<li>Dimecres de 13.00 h a 13.50 h</li>
<li>Dijous de 8.30 h a 11.00 h</li>
</ul>
</li>
<li><strong>Secretari (Josep Lluís Part)</strong>:
<ul>
<li>Dimarts de 13.00 a 14.00 h</li>
<li>Dijous de 8.00 h a 11.00 h</li>
</ul>
</li>
</ul>
<p>A més a més, es podrà atendre a les famílies fora d&#8217;aquest horari, sempre i quan, es demani cita prèvia via telefònica <span style="color: #3366ff;">(938564660 / 667076691) </span>o per correu electrònic <span style="color: #3366ff;">(institut9@institut9.cat). </span>D&#8217;aquesta manera, el centre s&#8217;adaptarà a les situacions personals de cada família sempre que sigui possible.</p>
<p><strong>Horari d&#8217;atenció a famílies (tutors/es):</strong></p>
<p><a href="https://agora.xtec.cat/insdesantacoloma/wp-content/uploads/usu1849/2024/09/eso-1.png"><img loading="lazy" decoding="async" class="alignnone size-medium wp-image-4617" src="https://agora.xtec.cat/insdesantacoloma/wp-content/uploads/usu1849/2024/09/eso-1-300x75.png" alt="" width="300" height="75" srcset="https://agora.xtec.cat/insdesantacoloma/wp-content/uploads/usu1849/2024/09/eso-1-300x75.png 300w, https://agora.xtec.cat/insdesantacoloma/wp-content/uploads/usu1849/2024/09/eso-1-768x192.png 768w, https://agora.xtec.cat/insdesantacoloma/wp-content/uploads/usu1849/2024/09/eso-1.png 945w" sizes="auto, (max-width: 300px) 100vw, 300px" /></a></p>
<ul style="list-style-type: circle;">
<li>1<strong style="font-family: inherit; font-size: 1em;">rA:</strong><span style="font-family: inherit; font-size: 1em;"> Ines Parreño &#8211; (Divendres de 9.20 h a 10.10 h)</span></li>
<li><strong>1rB:</strong> Júdit Sánchez &#8211; (Dilluns de 12.10 h a 13.00 h)</li>
<li><strong>1rC:</strong> <span style="color: #000000;">Carlos Esteve</span> &#8211; (Dimecres de <span style="font-family: inherit; font-size: 1em;">9.20 h a 10.10 h</span>)</li>
<li><strong>1rD:</strong> Xavier Caralt &#8211; (<span style="font-family: inherit; font-size: 1em;">Divendres de 9.20 h a 10.10 h</span>)</li>
<li><strong>2nA:</strong> Miriam Méndez &#8211; (Dijous de <span style="font-family: inherit; font-size: 1em;">9.20 h a 10.10 h</span>)</li>
<li><strong>2nB:</strong>  Gerard Renieblas &#8211; (Dimecres de 10.10 h a 11.00 h)</li>
<li><strong>2nC:</strong> Guillem Escribano &#8211; (<span style="font-family: inherit; font-size: 1em;">Divendres de 9.20 h a 10.10 h</span>)</li>
<li><strong>2nD:</strong> Oriol Comas<span style="color: #000000;"> &#8211; </span>(Dijous de 13.00 h a 13.50 h)</li>
<li><strong>3rA:</strong> Sílvia Sender &#8211; (Dilluns de <span style="font-family: inherit; font-size: 1em;">9.20 h a 10.10 h</span>) / Cristina Bataller &#8211; (Dimarts de 13.00 h a 13.50h)</li>
<li><strong>3rB:</strong> Rubén Reina &#8211; (Dilluns de <span style="font-family: inherit; font-size: 1em;">9.20 h a 10.10 h</span>) / Cristina Campos &#8211; (Divendres de 10.10 h a 11.00 h)</li>
<li><strong>3rC:</strong> Ainhoa Zabaleta &#8211; (Dijous de 13.00 h a 13.50 h) /<span style="color: #000000;"> Érika Pradas</span> &#8211; (Dimecres de 10.10 h a 11.00 h)</li>
<li><strong>4tA:</strong> Noelia Ferrer &#8211; (Dimcres de 13.00 h a 13.50 h) / &#8211; Adrià Escribano (Dimarts 8.30 h a 9.20 h)</li>
<li><strong>4tB:</strong> Alba Múñoz &#8211; (Dimecres de <span style="font-family: inherit; font-size: 1em;">9.20 h a 10.10 h</span>) / Javi Cortés &#8211; (Dimcres de 13.00 h a 13.50 h)</li>
<li><strong>4tC:</strong> Miquel Montserrat &#8211; (Dilluns de 10.10 h a 11.00 h) / <span style="color: #000000;">Amanda Talens</span> &#8211; (Dimarts de 13.00 h a 13.50 h)</li>
</ul>
<h3><a href="https://agora.xtec.cat/insdesantacoloma/wp-content/uploads/usu1849/2024/09/eso-2.png"><img loading="lazy" decoding="async" class="alignnone size-medium wp-image-4619" src="https://agora.xtec.cat/insdesantacoloma/wp-content/uploads/usu1849/2024/09/eso-2-300x75.png" alt="" width="300" height="75" srcset="https://agora.xtec.cat/insdesantacoloma/wp-content/uploads/usu1849/2024/09/eso-2-300x75.png 300w, https://agora.xtec.cat/insdesantacoloma/wp-content/uploads/usu1849/2024/09/eso-2-768x192.png 768w, https://agora.xtec.cat/insdesantacoloma/wp-content/uploads/usu1849/2024/09/eso-2.png 945w" sizes="auto, (max-width: 300px) 100vw, 300px" /></a></h3>
<ul style="list-style-type: circle;">
<li><strong>1rA:</strong> Raquel Lanaspa &#8211; (Dilluns de 10.10 h a 11.00 h)</li>
<li><strong>1rB:</strong>  Helena Palma &#8211; (Dimecres de 12.10 h a 13.00 h)</li>
<li><strong>2nA:</strong> Núria Agut &#8211; (Dimarts de <span style="font-family: inherit; font-size: 1em;">9.20 h a 10.10 h</span>)</li>
<li><strong>2nB:</strong><span style="color: #000000;"> Clara Sarmentero</span> &#8211; (Dimarts de 12.10 h a 13.00 h)</li>
</ul>
<h3><a href="https://agora.xtec.cat/insdesantacoloma/wp-content/uploads/usu1849/2024/09/eso-3.png"><img loading="lazy" decoding="async" class="alignnone size-medium wp-image-4618" src="https://agora.xtec.cat/insdesantacoloma/wp-content/uploads/usu1849/2024/09/eso-3-300x75.png" alt="" width="300" height="75" srcset="https://agora.xtec.cat/insdesantacoloma/wp-content/uploads/usu1849/2024/09/eso-3-300x75.png 300w, https://agora.xtec.cat/insdesantacoloma/wp-content/uploads/usu1849/2024/09/eso-3-768x192.png 768w, https://agora.xtec.cat/insdesantacoloma/wp-content/uploads/usu1849/2024/09/eso-3.png 945w" sizes="auto, (max-width: 300px) 100vw, 300px" /></a></h3>
<ul>
<li><strong>AA:</strong> Empar Sastre &#8211; (Dijous de 12.10 h a 13.00 h)</li>
<li><strong>SIEI:</strong> Laia Fauró &#8211; (Dilluns de 13.00 h a 13.50 h)</li>
</ul>

<p>  Horari marc del centre L’horari marc del nostre centre és: 8:00h del matí a 14:40h de la tarda. Com [&hellip;]</p>
