{"id":5118,"date":"2025-04-02T09:52:44","date_gmt":"2025-04-02T07:52:44","guid":{"rendered":"https:\/\/agora.xtec.cat\/insdesantacoloma\/?page_id=5118"},"modified":"2026-04-29T10:01:35","modified_gmt":"2026-04-29T08:01:35","slug":"eso","status":"publish","type":"page","link":"https:\/\/agora.xtec.cat\/insdesantacoloma\/eso\/","title":{"rendered":"ESO"},"content":{"rendered":"\n<div class=\"wp-block-buttons is-layout-flex wp-block-buttons-is-layout-flex\">\n<div class=\"wp-block-button\"><a class=\"wp-block-button__link wp-element-button\" href=\"https:\/\/drive.google.com\/file\/d\/1ta2fVJM40RFKKhkv41yApSLMEq74gkx7\/view?usp=sharing\">OFERTA PLACES<\/a><\/div>\n\n\n\n<div class=\"wp-block-button\"><a class=\"wp-block-button__link wp-element-button\" href=\"https:\/\/drive.google.com\/file\/d\/181vhFFD9OJ04tdegtrO6UBImlH6lmkNZ\/view?usp=drive_link\">LLISTAT PROVISIONAL<\/a><\/div>\n\n\n\n<div class=\"wp-block-button\"><a class=\"wp-block-button__link wp-element-button\" href=\"https:\/\/drive.google.com\/file\/d\/1ePUy6d3vGDQNLQkvd1X3uEw5lsnTCWm9\/view?usp=drive_link\">LLISTAT  DESPR\u00c9S DE RECLAMACIONS<\/a><\/div>\n\n\n\n<div class=\"wp-block-button\"><a class=\"wp-block-button__link wp-element-button\" href=\"https:\/\/drive.google.com\/file\/d\/1nsnlYRrGloJ7S-RCegzxzqcapOa9oi3D\/view?usp=drive_link\">LLISTAT DEFINITIU<\/a><\/div>\n<\/div>\n\n\n\n<p><\/p>\n\n\n\n<p>La preinscripci\u00f3 dels alumnes als centres educatius d&#8217;ESO t\u00e9 dates i caracter\u00edstiques pr\u00f2pies. Si vols estar al cas de les diferents dates clau i dels terminis, has de tenir en compte alguns aspectes:<\/p>\n\n\n\n<ul class=\"wp-block-list\">\n<li>El proc\u00e9s de preinscripci\u00f3 escolar&nbsp;<strong>s&#8217;inicia al mar\u00e7 i acaba amb la formalitzaci\u00f3 de la matr\u00edcula, a finals de juny.<\/strong> (del 6 al 18 de mar\u00e7)<\/li>\n\n\n\n<li><strong>Durant tot aquest temps, hi ha dates i terminis associats a actuacions clau<\/strong>&nbsp;que has de tenir presents, ja que determinen l&#8217;assignaci\u00f3 final de places als centres educatius.<\/li>\n<\/ul>\n\n\n\n<p>Aix\u00ed, has d&#8217;estar pendent de les dates i de les gestions espec\u00edfiques de cada moment del proc\u00e9s.<\/p>\n\n\n\n<hr class=\"wp-block-separator has-alpha-channel-opacity\"\/>\n\n\n\n<p>Sabem que costa tenir al cap tot el calendari, i per aix\u00f2&nbsp;<strong>hem agrupat les dates, i les actuacions m\u00e9s importants associades, en tres moments d&#8217;aquest proc\u00e9s de la preinscripci\u00f3 per al curs 2026-2027: abans de la preinscripci\u00f3, durant la tramitaci\u00f3 de la sol\u00b7licitud i a l&#8217;hora de formalitzar la matriculaci\u00f3<\/strong>. Ho repassem?<\/p>\n\n\n\n<p><strong>Qu\u00e8 necessito per fer la preinscripci\u00f3?<\/strong><\/p>\n\n\n\n<ul class=\"wp-block-list\">\n<li><strong>Ordinador, tauleta o tel\u00e8fon m\u00f2bil amb connexi\u00f3 a Internet:<\/strong>&nbsp;Et caldr\u00e0 un dispositiu electr\u00f2nic amb connexi\u00f3 a Internet perqu\u00e8 la preinscripci\u00f3 es fa en l\u00ednia.<\/li>\n\n\n\n<li><strong>Eina d\u2019identificaci\u00f3 digital:<\/strong>&nbsp;\u00c9s m\u00e9s segur que quan facis el tr\u00e0mit (el pare, la mare o el tutor o tutora que faci el tr\u00e0mit) tinguis una eina d\u2019identificaci\u00f3 digital. Et recomanem l\u2019<a href=\"https:\/\/web.gencat.cat\/ca\/tramits\/que-cal-fer-si\/Vull-identificar-me-digitalment\/idcat-mobil\/\" target=\"_blank\" rel=\"noreferrer noopener\">idCAT M\u00f2bil<\/a>&nbsp;per la seva facilitat d\u2019obtenci\u00f3 i d\u2019\u00fas. Pots utilitzar tamb\u00e9 qualsevol certificat digital i Cl@ve.<\/li>\n\n\n\n<li><strong>Codi identificador del Registre d\u2019alumnes de Catalunya (RALC) de l\u2019alumne o alumna:<\/strong>&nbsp;Quan la sol\u00b7licitud de preinscripci\u00f3 es fa per demanar canvi de centre, \u00e9s a dir, per a alumnes que ja estan escolaritzats a Catalunya, a l\u2019hora de fer la sol\u00b7licitud de preinscripci\u00f3 has de tenir preparat l\u2019<strong>identificador de l\u2019alumne o l\u2019alumna<\/strong>. Aquest codi, el pots consultar amb identificaci\u00f3 electr\u00f2nica des d\u2019aquest mateix web, a l\u2019apartat&nbsp;<a href=\"http:\/\/educacio.gencat.cat\/ca\/tramits\/tramits-temes\/identificador-alumne\" target=\"_blank\" rel=\"noreferrer noopener\">Consulta de l\u2019identificador de l\u2019alumne<\/a>.&nbsp;<strong>\u00c9s molt<\/strong>&nbsp;<strong>important<\/strong>&nbsp;verificar tamb\u00e9 que tota la informaci\u00f3 que hi apareix \u00e9s correcta. En cas contrari, has de sol\u00b7licitar una rectificaci\u00f3 de les dades, adjuntant la documentaci\u00f3 que correspongui.<\/li>\n\n\n\n<li><strong>Documentaci\u00f3 digitalitzada:<\/strong>&nbsp;Hi ha documentaci\u00f3 que no cal que presentis, perqu\u00e8 es fan consultes interadministratives. Per\u00f2 si n\u2019has de presentar, l\u2019has d\u2019adjuntar a la sol\u00b7licitud digitalitzada (mitjan\u00e7ant un esc\u00e0ner o una fotografia).<\/li>\n<\/ul>\n","protected":false},"excerpt":{"rendered":"<p>La preinscripci\u00f3 dels alumnes als centres educatius d&#8217;ESO t\u00e9 dates i caracter\u00edstiques pr\u00f2pies. Si vols estar al cas de les [&hellip;]<\/p>\n","protected":false},"author":1,"featured_media":0,"parent":0,"menu_order":0,"comment_status":"closed","ping_status":"close","template":"","meta":{"_bbp_topic_count":0,"_bbp_reply_count":0,"_bbp_total_topic_count":0,"_bbp_total_reply_count":0,"_bbp_voice_count":0,"_bbp_anonymous_reply_count":0,"_bbp_topic_count_hidden":0,"_bbp_reply_count_hidden":0,"_bbp_forum_subforum_count":0,"site-sidebar-layout":"default","site-content-layout":"","ast-site-content-layout":"default","site-content-style":"default","site-sidebar-style":"default","ast-global-header-display":"","ast-banner-title-visibility":"","ast-main-header-display":"","ast-hfb-above-header-display":"","ast-hfb-below-header-display":"","ast-hfb-mobile-header-display":"","site-post-title":"","ast-breadcrumbs-content":"","ast-featured-img":"","footer-sml-layout":"","theme-transparent-header-meta":"","adv-header-id-meta":"","stick-header-meta":"","header-above-stick-meta":"","header-main-stick-meta":"","header-below-stick-meta":"","astra-migrate-meta-layouts":"set","ast-page-background-enabled":"default","ast-page-background-meta":{"desktop":{"background-color":"var(--ast-global-color-4)","background-image":"","background-repeat":"repeat","background-position":"center center","background-size":"auto","background-attachment":"scroll","background-type":"","background-media":"","overlay-type":"","overlay-color":"","overlay-opacity":"","overlay-gradient":""},"tablet":{"background-color":"","background-image":"","background-repeat":"repeat","background-position":"center center","background-size":"auto","background-attachment":"scroll","background-type":"","background-media":"","overlay-type":"","overlay-color":"","overlay-opacity":"","overlay-gradient":""},"mobile":{"background-color":"","background-image":"","background-repeat":"repeat","background-position":"center center","background-size":"auto","background-attachment":"scroll","background-type":"","background-media":"","overlay-type":"","overlay-color":"","overlay-opacity":"","overlay-gradient":""}},"ast-content-background-meta":{"desktop":{"background-color":"var(--ast-global-color-5)","background-image":"","background-repeat":"repeat","background-position":"center center","background-size":"auto","background-attachment":"scroll","background-type":"","background-media":"","overlay-type":"","overlay-color":"","overlay-opacity":"","overlay-gradient":""},"tablet":{"background-color":"var(--ast-global-color-5)","background-image":"","background-repeat":"repeat","background-position":"center center","background-size":"auto","background-attachment":"scroll","background-type":"","background-media":"","overlay-type":"","overlay-color":"","overlay-opacity":"","overlay-gradient":""},"mobile":{"background-color":"var(--ast-global-color-5)","background-image":"","background-repeat":"repeat","background-position":"center center","background-size":"auto","background-attachment":"scroll","background-type":"","background-media":"","overlay-type":"","overlay-color":"","overlay-opacity":"","overlay-gradient":""}},"footnotes":""},"class_list":["post-5118","page","type-page","status-publish","hentry"],"post_mailing_queue_ids":[],"_links":{"self":[{"href":"https:\/\/agora.xtec.cat\/insdesantacoloma\/wp-json\/wp\/v2\/pages\/5118","targetHints":{"allow":["GET"]}}],"collection":[{"href":"https:\/\/agora.xtec.cat\/insdesantacoloma\/wp-json\/wp\/v2\/pages"}],"about":[{"href":"https:\/\/agora.xtec.cat\/insdesantacoloma\/wp-json\/wp\/v2\/types\/page"}],"author":[{"embeddable":true,"href":"https:\/\/agora.xtec.cat\/insdesantacoloma\/wp-json\/wp\/v2\/users\/1"}],"replies":[{"embeddable":true,"href":"https:\/\/agora.xtec.cat\/insdesantacoloma\/wp-json\/wp\/v2\/comments?post=5118"}],"version-history":[{"count":6,"href":"https:\/\/agora.xtec.cat\/insdesantacoloma\/wp-json\/wp\/v2\/pages\/5118\/revisions"}],"predecessor-version":[{"id":5348,"href":"https:\/\/agora.xtec.cat\/insdesantacoloma\/wp-json\/wp\/v2\/pages\/5118\/revisions\/5348"}],"wp:attachment":[{"href":"https:\/\/agora.xtec.cat\/insdesantacoloma\/wp-json\/wp\/v2\/media?parent=5118"}],"curies":[{"name":"wp","href":"https:\/\/api.w.org\/{rel}","templated":true}]}}

<div class="wp-block-buttons is-layout-flex wp-block-buttons-is-layout-flex">
<div class="wp-block-button"><a class="wp-block-button__link wp-element-button" href="https://drive.google.com/file/d/1ta2fVJM40RFKKhkv41yApSLMEq74gkx7/view?usp=sharing">OFERTA PLACES</a></div>



<div class="wp-block-button"><a class="wp-block-button__link wp-element-button" href="https://drive.google.com/file/d/181vhFFD9OJ04tdegtrO6UBImlH6lmkNZ/view?usp=drive_link">LLISTAT PROVISIONAL</a></div>



<div class="wp-block-button"><a class="wp-block-button__link wp-element-button" href="https://drive.google.com/file/d/1ePUy6d3vGDQNLQkvd1X3uEw5lsnTCWm9/view?usp=drive_link">LLISTAT  DESPRÉS DE RECLAMACIONS</a></div>



<div class="wp-block-button"><a class="wp-block-button__link wp-element-button" href="https://drive.google.com/file/d/1nsnlYRrGloJ7S-RCegzxzqcapOa9oi3D/view?usp=drive_link">LLISTAT DEFINITIU</a></div>
</div>



<p></p>



<p>La preinscripció dels alumnes als centres educatius d&#8217;ESO té dates i característiques pròpies. Si vols estar al cas de les diferents dates clau i dels terminis, has de tenir en compte alguns aspectes:</p>



<ul class="wp-block-list">
<li>El procés de preinscripció escolar&nbsp;<strong>s&#8217;inicia al març i acaba amb la formalització de la matrícula, a finals de juny.</strong> (del 6 al 18 de març)</li>



<li><strong>Durant tot aquest temps, hi ha dates i terminis associats a actuacions clau</strong>&nbsp;que has de tenir presents, ja que determinen l&#8217;assignació final de places als centres educatius.</li>
</ul>



<p>Així, has d&#8217;estar pendent de les dates i de les gestions específiques de cada moment del procés.</p>



<hr class="wp-block-separator has-alpha-channel-opacity"/>



<p>Sabem que costa tenir al cap tot el calendari, i per això&nbsp;<strong>hem agrupat les dates, i les actuacions més importants associades, en tres moments d&#8217;aquest procés de la preinscripció per al curs 2026-2027: abans de la preinscripció, durant la tramitació de la sol·licitud i a l&#8217;hora de formalitzar la matriculació</strong>. Ho repassem?</p>



<p><strong>Què necessito per fer la preinscripció?</strong></p>



<ul class="wp-block-list">
<li><strong>Ordinador, tauleta o telèfon mòbil amb connexió a Internet:</strong>&nbsp;Et caldrà un dispositiu electrònic amb connexió a Internet perquè la preinscripció es fa en línia.</li>



<li><strong>Eina d’identificació digital:</strong>&nbsp;És més segur que quan facis el tràmit (el pare, la mare o el tutor o tutora que faci el tràmit) tinguis una eina d’identificació digital. Et recomanem l’<a href="https://web.gencat.cat/ca/tramits/que-cal-fer-si/Vull-identificar-me-digitalment/idcat-mobil/" target="_blank" rel="noreferrer noopener">idCAT Mòbil</a>&nbsp;per la seva facilitat d’obtenció i d’ús. Pots utilitzar també qualsevol certificat digital i Cl@ve.</li>



<li><strong>Codi identificador del Registre d’alumnes de Catalunya (RALC) de l’alumne o alumna:</strong>&nbsp;Quan la sol·licitud de preinscripció es fa per demanar canvi de centre, és a dir, per a alumnes que ja estan escolaritzats a Catalunya, a l’hora de fer la sol·licitud de preinscripció has de tenir preparat l’<strong>identificador de l’alumne o l’alumna</strong>. Aquest codi, el pots consultar amb identificació electrònica des d’aquest mateix web, a l’apartat&nbsp;<a href="http://educacio.gencat.cat/ca/tramits/tramits-temes/identificador-alumne" target="_blank" rel="noreferrer noopener">Consulta de l’identificador de l’alumne</a>.&nbsp;<strong>És molt</strong>&nbsp;<strong>important</strong>&nbsp;verificar també que tota la informació que hi apareix és correcta. En cas contrari, has de sol·licitar una rectificació de les dades, adjuntant la documentació que correspongui.</li>



<li><strong>Documentació digitalitzada:</strong>&nbsp;Hi ha documentació que no cal que presentis, perquè es fan consultes interadministratives. Però si n’has de presentar, l’has d’adjuntar a la sol·licitud digitalitzada (mitjançant un escàner o una fotografia).</li>
</ul>

<p>La preinscripció dels alumnes als centres educatius d&#8217;ESO té dates i característiques pròpies. Si vols estar al cas de les [&hellip;]</p>
