{"id":4772,"date":"2025-01-30T14:49:23","date_gmt":"2025-01-30T13:49:23","guid":{"rendered":"https:\/\/agora.xtec.cat\/insdesantacoloma\/?page_id=4772"},"modified":"2026-01-29T12:28:23","modified_gmt":"2026-01-29T11:28:23","slug":"geso","status":"publish","type":"page","link":"https:\/\/agora.xtec.cat\/insdesantacoloma\/geso\/","title":{"rendered":"GESO"},"content":{"rendered":"<div>\n<div id=\"m_2293405430587224555gmail-bloc1_c8377201-6585-11e4-b4dc-000c29cdf219\">\n<div>\n<div>\n<p>Es poden presentar a la prova les persones que compleixen els\u00a0<strong>dos\u00a0requisits<\/strong>\u00a0seg\u00fcents:<\/p>\n<ol>\n<li>Tenir almenys 18 anys o complir-los l&#8217;any 2026. L&#8217;edat requerida es podr\u00e0 rebaixar fins als setze anys sempre que l&#8217;alumne o alumna compleixi alguna de les condicions seg\u00fcents:\n<ul>\n<li>Tenir un contracte laboral que els impedeixi d&#8217;assistir al centre en r\u00e8gim ordinari,<\/li>\n<li>Trobar-se en proc\u00e9s d&#8217;obtenir un perm\u00eds de treball,<\/li>\n<li>Ser esportista d&#8217;alt rendiment (cal presentar una certificaci\u00f3 del Consell Catal\u00e0 de l&#8217;Esport que acredita que consta en el programa de tecnificaci\u00f3 (ARC) de la federaci\u00f3 catalana corresponent) o<\/li>\n<li>Tenir un expedient d&#8217;homologaci\u00f3 obert d&#8217;estudis estrangers al t\u00edtol de GESO.<\/li>\n<\/ul>\n<\/li>\n<li>\n<p>Haver finalitzat l&#8217;ESO l&#8217;any 2024 o 2025 sense haver obtingut el t\u00edtol o haver finalitzat l&#8217;equivalent del quart curs de l&#8217;ESO en un sistema educatiu estranger amb mat\u00e8ries amb avaluaci\u00f3 negativa en cursos anteriors.<\/p>\n<p>De manera excepcional, tamb\u00e9 s&#8217;hi poden acollir alumnes amb informe de reconeixement de necessitats educatives especials, em\u00e8s per l&#8217;equip d&#8217;assessorament psicopedag\u00f2gic (EAP), per als quals es va elaborar un pla de suport individualitzat durant el per\u00edode compr\u00e8s entre els cursos 2017-2018 i 2022-2023.<\/p>\n<\/li>\n<\/ol>\n<p>En aplicaci\u00f3 d&#8217;aquests requisits, queden exclosos de les proves els alumnes inscrits per repetir quart d&#8217;ESO en el curs 2025-2026.<\/p>\n<p>D&#8217;altra banda, els alumnes que estan matriculats en ensenyaments d&#8217;adults o a l&#8217;Institut Obert de Catalunya hi poden conc\u00f3rrer, sempre que compleixin els requisits esmentats.<\/p>\n<\/div>\n<\/div>\n<\/div>\n<\/div>\n<p><strong>INSCRIPCI\u00d3 I REALITZACI\u00d3 DE LA PROVA<\/strong><\/p>\n<p><strong>Sol\u00b7licitud<\/strong><\/p>\n<ul>\n<li>Entre el 2 i el 13 de febrer\u00a0de 2026 i s&#8217;ha de presentar a la secretaria del centre on la persona sol\u00b7licitant va estar matriculada de quart d&#8217;ESO per \u00faltima vegada.<\/li>\n<\/ul>\n<p><strong>Calendari i llistes de persones admeses i excloses<\/strong><\/p>\n<ul>\n<li>Fins al 2 de mar\u00e7 de 2026, el centre publica el calendari de la prova i la\u00a0llista de persones admeses i excloses. Tamb\u00e9 s&#8217;inclouran les mat\u00e8ries objecte de la prova.<\/li>\n<li>Del 3 al 5 de mar\u00e7 de 2026, els aspirants exclosos poden presentar una reclamaci\u00f3 davant la direcci\u00f3 del centre.<\/li>\n<\/ul>\n<p><strong>Realitzaci\u00f3 de la prova<\/strong><\/p>\n<ul>\n<li>Durant el mes de mar\u00e7 de 2026.<\/li>\n<li>Els alumnes han de portar l&#8217;original del DNI, targeta de resid\u00e8ncia, passaport o qualsevol altre document identificatiu oficial en vigor.\u00a0<\/li>\n<\/ul>\n<p>Els alumnes que no obtenen el t\u00edtol de graduat o graduada en educaci\u00f3 secund\u00e0ria obligat\u00f2ria en finalitzar l&#8217;etapa es poden presentar a la prova que els centres organitzen el mes de mar\u00e7 de cada any.<\/p>\n<ul>\n<li style=\"list-style-type: none;\">\n<ul>\n<li style=\"list-style-type: none;\">\n<ul>\n<li><a href=\"https:\/\/drive.google.com\/file\/d\/1C0pn5IcRTYSjlyijVGwXH_D-k7Fr1dPJ\/view?usp=drive_link\" target=\"_blank\" rel=\"noopener\">NORMATIVA<\/a><\/li>\n<li><a href=\"https:\/\/drive.google.com\/file\/d\/1itR6Na1po_YD5rpc9xqi0hr9SctmaWEl\/view?usp=drive_link\" target=\"_blank\" rel=\"noopener\">SOL\u00b7LICITUD GESO<\/a><\/li>\n<\/ul>\n<\/li>\n<\/ul>\n<\/li>\n<\/ul>\n\n\n<p><\/p>\n","protected":false},"excerpt":{"rendered":"<p>Es poden presentar a la prova les persones que compleixen els\u00a0dos\u00a0requisits\u00a0seg\u00fcents: Tenir almenys 18 anys o complir-los l&#8217;any 2026. L&#8217;edat [&hellip;]<\/p>\n","protected":false},"author":1,"featured_media":0,"parent":0,"menu_order":0,"comment_status":"closed","ping_status":"closed","template":"","meta":{"_bbp_topic_count":0,"_bbp_reply_count":0,"_bbp_total_topic_count":0,"_bbp_total_reply_count":0,"_bbp_voice_count":0,"_bbp_anonymous_reply_count":0,"_bbp_topic_count_hidden":0,"_bbp_reply_count_hidden":0,"_bbp_forum_subforum_count":0,"site-sidebar-layout":"default","site-content-layout":"","ast-site-content-layout":"default","site-content-style":"default","site-sidebar-style":"default","ast-global-header-display":"","ast-banner-title-visibility":"","ast-main-header-display":"","ast-hfb-above-header-display":"","ast-hfb-below-header-display":"","ast-hfb-mobile-header-display":"","site-post-title":"","ast-breadcrumbs-content":"","ast-featured-img":"","footer-sml-layout":"","theme-transparent-header-meta":"","adv-header-id-meta":"","stick-header-meta":"","header-above-stick-meta":"","header-main-stick-meta":"","header-below-stick-meta":"","astra-migrate-meta-layouts":"set","ast-page-background-enabled":"default","ast-page-background-meta":{"desktop":{"background-color":"var(--ast-global-color-4)","background-image":"","background-repeat":"repeat","background-position":"center center","background-size":"auto","background-attachment":"scroll","background-type":"","background-media":"","overlay-type":"","overlay-color":"","overlay-opacity":"","overlay-gradient":""},"tablet":{"background-color":"","background-image":"","background-repeat":"repeat","background-position":"center center","background-size":"auto","background-attachment":"scroll","background-type":"","background-media":"","overlay-type":"","overlay-color":"","overlay-opacity":"","overlay-gradient":""},"mobile":{"background-color":"","background-image":"","background-repeat":"repeat","background-position":"center center","background-size":"auto","background-attachment":"scroll","background-type":"","background-media":"","overlay-type":"","overlay-color":"","overlay-opacity":"","overlay-gradient":""}},"ast-content-background-meta":{"desktop":{"background-color":"var(--ast-global-color-5)","background-image":"","background-repeat":"repeat","background-position":"center center","background-size":"auto","background-attachment":"scroll","background-type":"","background-media":"","overlay-type":"","overlay-color":"","overlay-opacity":"","overlay-gradient":""},"tablet":{"background-color":"var(--ast-global-color-5)","background-image":"","background-repeat":"repeat","background-position":"center center","background-size":"auto","background-attachment":"scroll","background-type":"","background-media":"","overlay-type":"","overlay-color":"","overlay-opacity":"","overlay-gradient":""},"mobile":{"background-color":"var(--ast-global-color-5)","background-image":"","background-repeat":"repeat","background-position":"center center","background-size":"auto","background-attachment":"scroll","background-type":"","background-media":"","overlay-type":"","overlay-color":"","overlay-opacity":"","overlay-gradient":""}},"footnotes":""},"class_list":["post-4772","page","type-page","status-publish","hentry"],"post_mailing_queue_ids":[],"_links":{"self":[{"href":"https:\/\/agora.xtec.cat\/insdesantacoloma\/wp-json\/wp\/v2\/pages\/4772","targetHints":{"allow":["GET"]}}],"collection":[{"href":"https:\/\/agora.xtec.cat\/insdesantacoloma\/wp-json\/wp\/v2\/pages"}],"about":[{"href":"https:\/\/agora.xtec.cat\/insdesantacoloma\/wp-json\/wp\/v2\/types\/page"}],"author":[{"embeddable":true,"href":"https:\/\/agora.xtec.cat\/insdesantacoloma\/wp-json\/wp\/v2\/users\/1"}],"replies":[{"embeddable":true,"href":"https:\/\/agora.xtec.cat\/insdesantacoloma\/wp-json\/wp\/v2\/comments?post=4772"}],"version-history":[{"count":5,"href":"https:\/\/agora.xtec.cat\/insdesantacoloma\/wp-json\/wp\/v2\/pages\/4772\/revisions"}],"predecessor-version":[{"id":5299,"href":"https:\/\/agora.xtec.cat\/insdesantacoloma\/wp-json\/wp\/v2\/pages\/4772\/revisions\/5299"}],"wp:attachment":[{"href":"https:\/\/agora.xtec.cat\/insdesantacoloma\/wp-json\/wp\/v2\/media?parent=4772"}],"curies":[{"name":"wp","href":"https:\/\/api.w.org\/{rel}","templated":true}]}}

<div>
<div id="m_2293405430587224555gmail-bloc1_c8377201-6585-11e4-b4dc-000c29cdf219">
<div>
<div>
<p>Es poden presentar a la prova les persones que compleixen els <strong>dos requisits</strong> següents:</p>
<ol>
<li>Tenir almenys 18 anys o complir-los l&#8217;any 2026. L&#8217;edat requerida es podrà rebaixar fins als setze anys sempre que l&#8217;alumne o alumna compleixi alguna de les condicions següents:
<ul>
<li>Tenir un contracte laboral que els impedeixi d&#8217;assistir al centre en règim ordinari,</li>
<li>Trobar-se en procés d&#8217;obtenir un permís de treball,</li>
<li>Ser esportista d&#8217;alt rendiment (cal presentar una certificació del Consell Català de l&#8217;Esport que acredita que consta en el programa de tecnificació (ARC) de la federació catalana corresponent) o</li>
<li>Tenir un expedient d&#8217;homologació obert d&#8217;estudis estrangers al títol de GESO.</li>
</ul>
</li>
<li>
<p>Haver finalitzat l&#8217;ESO l&#8217;any 2024 o 2025 sense haver obtingut el títol o haver finalitzat l&#8217;equivalent del quart curs de l&#8217;ESO en un sistema educatiu estranger amb matèries amb avaluació negativa en cursos anteriors.</p>
<p>De manera excepcional, també s&#8217;hi poden acollir alumnes amb informe de reconeixement de necessitats educatives especials, emès per l&#8217;equip d&#8217;assessorament psicopedagògic (EAP), per als quals es va elaborar un pla de suport individualitzat durant el període comprès entre els cursos 2017-2018 i 2022-2023.</p>
</li>
</ol>
<p>En aplicació d&#8217;aquests requisits, queden exclosos de les proves els alumnes inscrits per repetir quart d&#8217;ESO en el curs 2025-2026.</p>
<p>D&#8217;altra banda, els alumnes que estan matriculats en ensenyaments d&#8217;adults o a l&#8217;Institut Obert de Catalunya hi poden concórrer, sempre que compleixin els requisits esmentats.</p>
</div>
</div>
</div>
</div>
<p><strong>INSCRIPCIÓ I REALITZACIÓ DE LA PROVA</strong></p>
<p><strong>Sol·licitud</strong></p>
<ul>
<li>Entre el 2 i el 13 de febrer de 2026 i s&#8217;ha de presentar a la secretaria del centre on la persona sol·licitant va estar matriculada de quart d&#8217;ESO per última vegada.</li>
</ul>
<p><strong>Calendari i llistes de persones admeses i excloses</strong></p>
<ul>
<li>Fins al 2 de març de 2026, el centre publica el calendari de la prova i la llista de persones admeses i excloses. També s&#8217;inclouran les matèries objecte de la prova.</li>
<li>Del 3 al 5 de març de 2026, els aspirants exclosos poden presentar una reclamació davant la direcció del centre.</li>
</ul>
<p><strong>Realització de la prova</strong></p>
<ul>
<li>Durant el mes de març de 2026.</li>
<li>Els alumnes han de portar l&#8217;original del DNI, targeta de residència, passaport o qualsevol altre document identificatiu oficial en vigor. </li>
</ul>
<p>Els alumnes que no obtenen el títol de graduat o graduada en educació secundària obligatòria en finalitzar l&#8217;etapa es poden presentar a la prova que els centres organitzen el mes de març de cada any.</p>
<ul>
<li style="list-style-type: none;">
<ul>
<li style="list-style-type: none;">
<ul>
<li><a href="https://drive.google.com/file/d/1C0pn5IcRTYSjlyijVGwXH_D-k7Fr1dPJ/view?usp=drive_link" target="_blank" rel="noopener">NORMATIVA</a></li>
<li><a href="https://drive.google.com/file/d/1itR6Na1po_YD5rpc9xqi0hr9SctmaWEl/view?usp=drive_link" target="_blank" rel="noopener">SOL·LICITUD GESO</a></li>
</ul>
</li>
</ul>
</li>
</ul>


<p></p>

<p>Es poden presentar a la prova les persones que compleixen els dos requisits següents: Tenir almenys 18 anys o complir-los l&#8217;any 2026. L&#8217;edat [&hellip;]</p>
