{"id":4197,"date":"2024-04-05T21:10:20","date_gmt":"2024-04-05T19:10:20","guid":{"rendered":"https:\/\/agora.xtec.cat\/insdesantacoloma\/?page_id=4197"},"modified":"2025-03-12T19:02:17","modified_gmt":"2025-03-12T18:02:17","slug":"televisio-de-catalunya-tv3","status":"publish","type":"page","link":"https:\/\/agora.xtec.cat\/insdesantacoloma\/televisio-de-catalunya-tv3\/","title":{"rendered":"Televisi\u00f3 de Catalunya TV3"},"content":{"rendered":"\n<p>L&#8217;institut 9 col\u00b7labora amb diferents mitjans de comunicaci\u00f3 i durant aquest curs 2022-2023 la Televisi\u00f3 de Catalunya (TV3) ha vingut a visitar-nos en diferents ocasions per parlar de temes d&#8217;actualitat i relacionats amb l&#8217;educaci\u00f3 a Catalunya.<\/p>\n\n\n\n<figure class=\"wp-block-image alignleft\"><a href=\"https:\/\/agora.xtec.cat\/insdesantacoloma\/wp-content\/uploads\/usu1849\/2022\/12\/IMG-3527-2-scaled.jpg\"><img loading=\"lazy\" decoding=\"async\" width=\"300\" height=\"225\" src=\"https:\/\/agora.xtec.cat\/insdesantacoloma\/wp-content\/uploads\/usu1849\/2022\/12\/IMG-3527-2-300x225.jpg\" alt=\"\" class=\"wp-image-3438\" srcset=\"https:\/\/agora.xtec.cat\/insdesantacoloma\/wp-content\/uploads\/usu1849\/2022\/12\/IMG-3527-2-300x225.jpg 300w, https:\/\/agora.xtec.cat\/insdesantacoloma\/wp-content\/uploads\/usu1849\/2022\/12\/IMG-3527-2-1024x768.jpg 1024w, https:\/\/agora.xtec.cat\/insdesantacoloma\/wp-content\/uploads\/usu1849\/2022\/12\/IMG-3527-2-768x576.jpg 768w, https:\/\/agora.xtec.cat\/insdesantacoloma\/wp-content\/uploads\/usu1849\/2022\/12\/IMG-3527-2-1536x1152.jpg 1536w, https:\/\/agora.xtec.cat\/insdesantacoloma\/wp-content\/uploads\/usu1849\/2022\/12\/IMG-3527-2-2048x1536.jpg 2048w, https:\/\/agora.xtec.cat\/insdesantacoloma\/wp-content\/uploads\/usu1849\/2022\/12\/IMG-3527-2-200x150.jpg 200w\" sizes=\"auto, (max-width: 300px) 100vw, 300px\" \/><\/a><\/figure>\n\n\n\n<p>La primera col\u00b7laboraci\u00f3 va ser de l&#8217;alumnat de 4t d&#8217;ESO durant el telenot\u00edcies vespre del dia de la inf\u00e0ncia. Us deixem <a href=\"https:\/\/agora.xtec.cat\/insdesantacoloma\/general\/lalumnat-del-9-al-tn-vespre\/\">l&#8217;enlla\u00e7 de l&#8217;article<\/a> per tenir m\u00e9s informaci\u00f3.&nbsp; Tamb\u00e9 us deixem l&#8217;<a href=\"https:\/\/www.ccma.cat\/324\/la-inflacio-lenemiga-de-les-butxaques-mes-joves-cada-cop-podem-fer-menys-coses\/noticia\/3197128\/\">enlla\u00e7 al v\u00eddeo<\/a> que va sortir a les not\u00edcies.Tamb\u00e9 ens han vingut a entrevistar per parlar de la situaci\u00f3 de l&#8217;alumnat: <a href=\"https:\/\/www.ccma.cat\/tv3\/alacarta\/telenoticies\/millora-la-deteccio-dalumnat-amb-dislexia-tdah-o-trastorn-de-lespectre-autista\/video\/6192016\/\">les necessitats educatives especials<\/a> i com treballem al nostre centre per atendre-les; aix\u00ed com la planificaci\u00f3 que tenim per <a href=\"https:\/\/www.ccma.cat\/tv3\/alacarta\/telenoticies\/els-docents-demanen-dedicar-mes-temps-i-recursos-a-millorar-la-convivencia-i-reduir-els-conflictes\/video\/6206995\/\">treballar la prevenci\u00f3 en salut mental<\/a> arrel de l&#8217;augment dels casos sobre su\u00efcidi en els i les adolescents que van sortint en el nostre entorn.<\/p>\n\n\n\n<figure class=\"wp-block-image\"><a href=\"https:\/\/agora.xtec.cat\/insdesantacoloma\/wp-content\/uploads\/usu1849\/2023\/03\/IMG-20221202-WA0002.jpg\"><img loading=\"lazy\" decoding=\"async\" width=\"300\" height=\"225\" src=\"https:\/\/agora.xtec.cat\/insdesantacoloma\/wp-content\/uploads\/usu1849\/2023\/03\/IMG-20221202-WA0002-300x225.jpg\" alt=\"\" class=\"wp-image-3638\" srcset=\"https:\/\/agora.xtec.cat\/insdesantacoloma\/wp-content\/uploads\/usu1849\/2023\/03\/IMG-20221202-WA0002-300x225.jpg 300w, https:\/\/agora.xtec.cat\/insdesantacoloma\/wp-content\/uploads\/usu1849\/2023\/03\/IMG-20221202-WA0002-1024x768.jpg 1024w, https:\/\/agora.xtec.cat\/insdesantacoloma\/wp-content\/uploads\/usu1849\/2023\/03\/IMG-20221202-WA0002-768x576.jpg 768w, https:\/\/agora.xtec.cat\/insdesantacoloma\/wp-content\/uploads\/usu1849\/2023\/03\/IMG-20221202-WA0002-1536x1152.jpg 1536w, https:\/\/agora.xtec.cat\/insdesantacoloma\/wp-content\/uploads\/usu1849\/2023\/03\/IMG-20221202-WA0002-200x150.jpg 200w, https:\/\/agora.xtec.cat\/insdesantacoloma\/wp-content\/uploads\/usu1849\/2023\/03\/IMG-20221202-WA0002.jpg 2048w\" sizes=\"auto, (max-width: 300px) 100vw, 300px\" \/><\/a><\/figure>\n","protected":false},"excerpt":{"rendered":"<p>L&#8217;institut 9 col\u00b7labora amb diferents mitjans de comunicaci\u00f3 i durant aquest curs 2022-2023 la Televisi\u00f3 de Catalunya (TV3) ha vingut [&hellip;]<\/p>\n","protected":false},"author":1,"featured_media":0,"parent":0,"menu_order":10,"comment_status":"closed","ping_status":"closed","template":"","meta":{"_bbp_topic_count":0,"_bbp_reply_count":0,"_bbp_total_topic_count":0,"_bbp_total_reply_count":0,"_bbp_voice_count":0,"_bbp_anonymous_reply_count":0,"_bbp_topic_count_hidden":0,"_bbp_reply_count_hidden":0,"_bbp_forum_subforum_count":0,"site-sidebar-layout":"default","site-content-layout":"","ast-site-content-layout":"default","site-content-style":"default","site-sidebar-style":"default","ast-global-header-display":"","ast-banner-title-visibility":"","ast-main-header-display":"","ast-hfb-above-header-display":"","ast-hfb-below-header-display":"","ast-hfb-mobile-header-display":"","site-post-title":"","ast-breadcrumbs-content":"","ast-featured-img":"","footer-sml-layout":"","theme-transparent-header-meta":"","adv-header-id-meta":"","stick-header-meta":"","header-above-stick-meta":"","header-main-stick-meta":"","header-below-stick-meta":"","astra-migrate-meta-layouts":"set","ast-page-background-enabled":"default","ast-page-background-meta":{"desktop":{"background-color":"var(--ast-global-color-4)","background-image":"","background-repeat":"repeat","background-position":"center center","background-size":"auto","background-attachment":"scroll","background-type":"","background-media":"","overlay-type":"","overlay-color":"","overlay-opacity":"","overlay-gradient":""},"tablet":{"background-color":"","background-image":"","background-repeat":"repeat","background-position":"center center","background-size":"auto","background-attachment":"scroll","background-type":"","background-media":"","overlay-type":"","overlay-color":"","overlay-opacity":"","overlay-gradient":""},"mobile":{"background-color":"","background-image":"","background-repeat":"repeat","background-position":"center center","background-size":"auto","background-attachment":"scroll","background-type":"","background-media":"","overlay-type":"","overlay-color":"","overlay-opacity":"","overlay-gradient":""}},"ast-content-background-meta":{"desktop":{"background-color":"var(--ast-global-color-5)","background-image":"","background-repeat":"repeat","background-position":"center center","background-size":"auto","background-attachment":"scroll","background-type":"","background-media":"","overlay-type":"","overlay-color":"","overlay-opacity":"","overlay-gradient":""},"tablet":{"background-color":"var(--ast-global-color-5)","background-image":"","background-repeat":"repeat","background-position":"center center","background-size":"auto","background-attachment":"scroll","background-type":"","background-media":"","overlay-type":"","overlay-color":"","overlay-opacity":"","overlay-gradient":""},"mobile":{"background-color":"var(--ast-global-color-5)","background-image":"","background-repeat":"repeat","background-position":"center center","background-size":"auto","background-attachment":"scroll","background-type":"","background-media":"","overlay-type":"","overlay-color":"","overlay-opacity":"","overlay-gradient":""}},"footnotes":""},"class_list":["post-4197","page","type-page","status-publish","hentry"],"post_mailing_queue_ids":[],"_links":{"self":[{"href":"https:\/\/agora.xtec.cat\/insdesantacoloma\/wp-json\/wp\/v2\/pages\/4197","targetHints":{"allow":["GET"]}}],"collection":[{"href":"https:\/\/agora.xtec.cat\/insdesantacoloma\/wp-json\/wp\/v2\/pages"}],"about":[{"href":"https:\/\/agora.xtec.cat\/insdesantacoloma\/wp-json\/wp\/v2\/types\/page"}],"author":[{"embeddable":true,"href":"https:\/\/agora.xtec.cat\/insdesantacoloma\/wp-json\/wp\/v2\/users\/1"}],"replies":[{"embeddable":true,"href":"https:\/\/agora.xtec.cat\/insdesantacoloma\/wp-json\/wp\/v2\/comments?post=4197"}],"version-history":[{"count":3,"href":"https:\/\/agora.xtec.cat\/insdesantacoloma\/wp-json\/wp\/v2\/pages\/4197\/revisions"}],"predecessor-version":[{"id":5101,"href":"https:\/\/agora.xtec.cat\/insdesantacoloma\/wp-json\/wp\/v2\/pages\/4197\/revisions\/5101"}],"wp:attachment":[{"href":"https:\/\/agora.xtec.cat\/insdesantacoloma\/wp-json\/wp\/v2\/media?parent=4197"}],"curies":[{"name":"wp","href":"https:\/\/api.w.org\/{rel}","templated":true}]}}

Televisió de Catalunya TV3

<p>L&#8217;institut 9 col·labora amb diferents mitjans de comunicació i durant aquest curs 2022-2023 la Televisió de Catalunya (TV3) ha vingut a visitar-nos en diferents ocasions per parlar de temes d&#8217;actualitat i relacionats amb l&#8217;educació a Catalunya.</p>



<figure class="wp-block-image alignleft"><a href="https://agora.xtec.cat/insdesantacoloma/wp-content/uploads/usu1849/2022/12/IMG-3527-2-scaled.jpg"><img loading="lazy" decoding="async" width="300" height="225" src="https://agora.xtec.cat/insdesantacoloma/wp-content/uploads/usu1849/2022/12/IMG-3527-2-300x225.jpg" alt="" class="wp-image-3438" srcset="https://agora.xtec.cat/insdesantacoloma/wp-content/uploads/usu1849/2022/12/IMG-3527-2-300x225.jpg 300w, https://agora.xtec.cat/insdesantacoloma/wp-content/uploads/usu1849/2022/12/IMG-3527-2-1024x768.jpg 1024w, https://agora.xtec.cat/insdesantacoloma/wp-content/uploads/usu1849/2022/12/IMG-3527-2-768x576.jpg 768w, https://agora.xtec.cat/insdesantacoloma/wp-content/uploads/usu1849/2022/12/IMG-3527-2-1536x1152.jpg 1536w, https://agora.xtec.cat/insdesantacoloma/wp-content/uploads/usu1849/2022/12/IMG-3527-2-2048x1536.jpg 2048w, https://agora.xtec.cat/insdesantacoloma/wp-content/uploads/usu1849/2022/12/IMG-3527-2-200x150.jpg 200w" sizes="auto, (max-width: 300px) 100vw, 300px" /></a></figure>



<p>La primera col·laboració va ser de l&#8217;alumnat de 4t d&#8217;ESO durant el telenotícies vespre del dia de la infància. Us deixem <a href="https://agora.xtec.cat/insdesantacoloma/general/lalumnat-del-9-al-tn-vespre/">l&#8217;enllaç de l&#8217;article</a> per tenir més informació.&nbsp; També us deixem l&#8217;<a href="https://www.ccma.cat/324/la-inflacio-lenemiga-de-les-butxaques-mes-joves-cada-cop-podem-fer-menys-coses/noticia/3197128/">enllaç al vídeo</a> que va sortir a les notícies.També ens han vingut a entrevistar per parlar de la situació de l&#8217;alumnat: <a href="https://www.ccma.cat/tv3/alacarta/telenoticies/millora-la-deteccio-dalumnat-amb-dislexia-tdah-o-trastorn-de-lespectre-autista/video/6192016/">les necessitats educatives especials</a> i com treballem al nostre centre per atendre-les; així com la planificació que tenim per <a href="https://www.ccma.cat/tv3/alacarta/telenoticies/els-docents-demanen-dedicar-mes-temps-i-recursos-a-millorar-la-convivencia-i-reduir-els-conflictes/video/6206995/">treballar la prevenció en salut mental</a> arrel de l&#8217;augment dels casos sobre suïcidi en els i les adolescents que van sortint en el nostre entorn.</p>



<figure class="wp-block-image"><a href="https://agora.xtec.cat/insdesantacoloma/wp-content/uploads/usu1849/2023/03/IMG-20221202-WA0002.jpg"><img loading="lazy" decoding="async" width="300" height="225" src="https://agora.xtec.cat/insdesantacoloma/wp-content/uploads/usu1849/2023/03/IMG-20221202-WA0002-300x225.jpg" alt="" class="wp-image-3638" srcset="https://agora.xtec.cat/insdesantacoloma/wp-content/uploads/usu1849/2023/03/IMG-20221202-WA0002-300x225.jpg 300w, https://agora.xtec.cat/insdesantacoloma/wp-content/uploads/usu1849/2023/03/IMG-20221202-WA0002-1024x768.jpg 1024w, https://agora.xtec.cat/insdesantacoloma/wp-content/uploads/usu1849/2023/03/IMG-20221202-WA0002-768x576.jpg 768w, https://agora.xtec.cat/insdesantacoloma/wp-content/uploads/usu1849/2023/03/IMG-20221202-WA0002-1536x1152.jpg 1536w, https://agora.xtec.cat/insdesantacoloma/wp-content/uploads/usu1849/2023/03/IMG-20221202-WA0002-200x150.jpg 200w, https://agora.xtec.cat/insdesantacoloma/wp-content/uploads/usu1849/2023/03/IMG-20221202-WA0002.jpg 2048w" sizes="auto, (max-width: 300px) 100vw, 300px" /></a></figure>

<p>L&#8217;institut 9 col·labora amb diferents mitjans de comunicació i durant aquest curs 2022-2023 la Televisió de Catalunya (TV3) ha vingut [&hellip;]</p>
