{"id":4146,"date":"2024-02-13T18:54:03","date_gmt":"2024-02-13T17:54:03","guid":{"rendered":"https:\/\/agora.xtec.cat\/insdesantacoloma\/?page_id=4146"},"modified":"2024-06-05T15:46:14","modified_gmt":"2024-06-05T13:46:14","slug":"la-veu-de-lalumnat-sobre-els-mobils-educacio","status":"publish","type":"page","link":"https:\/\/agora.xtec.cat\/insdesantacoloma\/la-veu-de-lalumnat-sobre-els-mobils-educacio\/","title":{"rendered":"La veu de l&#8217;alumnat sobre els m\u00f2bils- Educaci\u00f3"},"content":{"rendered":"<p><span style=\"color: #000000;\">L&#8217;alumnat de 2n d&#8217;ESO ha participat en un debat sobre l&#8217;\u00fas dels m\u00f2bils en els adolescents. <\/span><br \/>\n<span style=\"color: #000000;\">Nosaltres com a projecte educatiu de centre, quan vam obrir les portes fa sis anys, vam prendre la decisi\u00f3 de no fer \u00fas del m\u00f2bil durant la jornada escolar, aquests es recullen a primera hora del mat\u00ed i es tornen a \u00faltima hora.<\/span><\/p>\n<p><span style=\"color: #000000;\">Podeu veure el v\u00eddeo en qu\u00e8 vam participar en el seg\u00fcent QR.<\/span><\/p>\n<p><a href=\"https:\/\/agora.xtec.cat\/insdesantacoloma\/wp-content\/uploads\/usu1849\/2024\/02\/IMG_5968-1-scaled.jpg\"><img loading=\"lazy\" decoding=\"async\" class=\"alignnone size-medium wp-image-4148\" src=\"https:\/\/agora.xtec.cat\/insdesantacoloma\/wp-content\/uploads\/usu1849\/2024\/02\/IMG_5968-1-293x300.jpg\" alt=\"\" width=\"293\" height=\"300\" srcset=\"https:\/\/agora.xtec.cat\/insdesantacoloma\/wp-content\/uploads\/usu1849\/2024\/02\/IMG_5968-1-293x300.jpg 293w, https:\/\/agora.xtec.cat\/insdesantacoloma\/wp-content\/uploads\/usu1849\/2024\/02\/IMG_5968-1-1000x1024.jpg 1000w, https:\/\/agora.xtec.cat\/insdesantacoloma\/wp-content\/uploads\/usu1849\/2024\/02\/IMG_5968-1-768x787.jpg 768w, https:\/\/agora.xtec.cat\/insdesantacoloma\/wp-content\/uploads\/usu1849\/2024\/02\/IMG_5968-1-1499x1536.jpg 1499w, https:\/\/agora.xtec.cat\/insdesantacoloma\/wp-content\/uploads\/usu1849\/2024\/02\/IMG_5968-1-1999x2048.jpg 1999w\" sizes=\"auto, (max-width: 293px) 100vw, 293px\" \/><\/a><\/p>\n","protected":false},"excerpt":{"rendered":"<p>L&#8217;alumnat de 2n d&#8217;ESO ha participat en un debat sobre l&#8217;\u00fas dels m\u00f2bils en els adolescents. Nosaltres com a projecte [&hellip;]<\/p>\n","protected":false},"author":1,"featured_media":0,"parent":0,"menu_order":30,"comment_status":"closed","ping_status":"closed","template":"page-templates\/side-menu.php","meta":{"_bbp_topic_count":0,"_bbp_reply_count":0,"_bbp_total_topic_count":0,"_bbp_total_reply_count":0,"_bbp_voice_count":0,"_bbp_anonymous_reply_count":0,"_bbp_topic_count_hidden":0,"_bbp_reply_count_hidden":0,"_bbp_forum_subforum_count":0,"site-sidebar-layout":"default","site-content-layout":"","ast-site-content-layout":"","site-content-style":"default","site-sidebar-style":"default","ast-global-header-display":"","ast-banner-title-visibility":"","ast-main-header-display":"","ast-hfb-above-header-display":"","ast-hfb-below-header-display":"","ast-hfb-mobile-header-display":"","site-post-title":"","ast-breadcrumbs-content":"","ast-featured-img":"","footer-sml-layout":"","theme-transparent-header-meta":"","adv-header-id-meta":"","stick-header-meta":"","header-above-stick-meta":"","header-main-stick-meta":"","header-below-stick-meta":"","astra-migrate-meta-layouts":"default","ast-page-background-enabled":"default","ast-page-background-meta":{"desktop":{"background-color":"var(--ast-global-color-4)","background-image":"","background-repeat":"repeat","background-position":"center center","background-size":"auto","background-attachment":"scroll","background-type":"","background-media":"","overlay-type":"","overlay-color":"","overlay-opacity":"","overlay-gradient":""},"tablet":{"background-color":"","background-image":"","background-repeat":"repeat","background-position":"center center","background-size":"auto","background-attachment":"scroll","background-type":"","background-media":"","overlay-type":"","overlay-color":"","overlay-opacity":"","overlay-gradient":""},"mobile":{"background-color":"","background-image":"","background-repeat":"repeat","background-position":"center center","background-size":"auto","background-attachment":"scroll","background-type":"","background-media":"","overlay-type":"","overlay-color":"","overlay-opacity":"","overlay-gradient":""}},"ast-content-background-meta":{"desktop":{"background-color":"var(--ast-global-color-5)","background-image":"","background-repeat":"repeat","background-position":"center center","background-size":"auto","background-attachment":"scroll","background-type":"","background-media":"","overlay-type":"","overlay-color":"","overlay-opacity":"","overlay-gradient":""},"tablet":{"background-color":"var(--ast-global-color-5)","background-image":"","background-repeat":"repeat","background-position":"center center","background-size":"auto","background-attachment":"scroll","background-type":"","background-media":"","overlay-type":"","overlay-color":"","overlay-opacity":"","overlay-gradient":""},"mobile":{"background-color":"var(--ast-global-color-5)","background-image":"","background-repeat":"repeat","background-position":"center center","background-size":"auto","background-attachment":"scroll","background-type":"","background-media":"","overlay-type":"","overlay-color":"","overlay-opacity":"","overlay-gradient":""}},"footnotes":""},"class_list":["post-4146","page","type-page","status-publish","hentry"],"post_mailing_queue_ids":[],"_links":{"self":[{"href":"https:\/\/agora.xtec.cat\/insdesantacoloma\/wp-json\/wp\/v2\/pages\/4146","targetHints":{"allow":["GET"]}}],"collection":[{"href":"https:\/\/agora.xtec.cat\/insdesantacoloma\/wp-json\/wp\/v2\/pages"}],"about":[{"href":"https:\/\/agora.xtec.cat\/insdesantacoloma\/wp-json\/wp\/v2\/types\/page"}],"author":[{"embeddable":true,"href":"https:\/\/agora.xtec.cat\/insdesantacoloma\/wp-json\/wp\/v2\/users\/1"}],"replies":[{"embeddable":true,"href":"https:\/\/agora.xtec.cat\/insdesantacoloma\/wp-json\/wp\/v2\/comments?post=4146"}],"version-history":[{"count":3,"href":"https:\/\/agora.xtec.cat\/insdesantacoloma\/wp-json\/wp\/v2\/pages\/4146\/revisions"}],"predecessor-version":[{"id":5105,"href":"https:\/\/agora.xtec.cat\/insdesantacoloma\/wp-json\/wp\/v2\/pages\/4146\/revisions\/5105"}],"wp:attachment":[{"href":"https:\/\/agora.xtec.cat\/insdesantacoloma\/wp-json\/wp\/v2\/media?parent=4146"}],"curies":[{"name":"wp","href":"https:\/\/api.w.org\/{rel}","templated":true}]}}

La veu de l&#8217;alumnat sobre els mòbils- Educació

<p><span style="color: #000000;">L&#8217;alumnat de 2n d&#8217;ESO ha participat en un debat sobre l&#8217;ús dels mòbils en els adolescents. </span><br />
<span style="color: #000000;">Nosaltres com a projecte educatiu de centre, quan vam obrir les portes fa sis anys, vam prendre la decisió de no fer ús del mòbil durant la jornada escolar, aquests es recullen a primera hora del matí i es tornen a última hora.</span></p>
<p><span style="color: #000000;">Podeu veure el vídeo en què vam participar en el següent QR.</span></p>
<p><a href="https://agora.xtec.cat/insdesantacoloma/wp-content/uploads/usu1849/2024/02/IMG_5968-1-scaled.jpg"><img loading="lazy" decoding="async" class="alignnone size-medium wp-image-4148" src="https://agora.xtec.cat/insdesantacoloma/wp-content/uploads/usu1849/2024/02/IMG_5968-1-293x300.jpg" alt="" width="293" height="300" srcset="https://agora.xtec.cat/insdesantacoloma/wp-content/uploads/usu1849/2024/02/IMG_5968-1-293x300.jpg 293w, https://agora.xtec.cat/insdesantacoloma/wp-content/uploads/usu1849/2024/02/IMG_5968-1-1000x1024.jpg 1000w, https://agora.xtec.cat/insdesantacoloma/wp-content/uploads/usu1849/2024/02/IMG_5968-1-768x787.jpg 768w, https://agora.xtec.cat/insdesantacoloma/wp-content/uploads/usu1849/2024/02/IMG_5968-1-1499x1536.jpg 1499w, https://agora.xtec.cat/insdesantacoloma/wp-content/uploads/usu1849/2024/02/IMG_5968-1-1999x2048.jpg 1999w" sizes="auto, (max-width: 293px) 100vw, 293px" /></a></p>

<p>L&#8217;alumnat de 2n d&#8217;ESO ha participat en un debat sobre l&#8217;ús dels mòbils en els adolescents. Nosaltres com a projecte [&hellip;]</p>
