{"id":39,"date":"2014-09-17T16:36:44","date_gmt":"2014-09-17T16:36:44","guid":{"rendered":"http:\/\/agora.xtec.cat\/insdesantacoloma\/?page_id=39"},"modified":"2023-02-28T13:04:39","modified_gmt":"2023-02-28T12:04:39","slug":"instal%c2%b7lacions","status":"publish","type":"page","link":"https:\/\/agora.xtec.cat\/insdesantacoloma\/linstitut\/instal%c2%b7lacions\/","title":{"rendered":"Instal\u00b7lacions"},"content":{"rendered":"<p>L\u2019Institut de Santa Coloma est\u00e0 instal\u00b7lat de forma provisional en uns m\u00f2duls que tenen totes les comoditats per a poder desenvolupar les activitats de tot l\u2019alumnat amb \u00e8xit.<\/p>\n<p>&nbsp;<\/p>\n<p><a href=\"https:\/\/agora.xtec.cat\/insdesantacoloma\/wp-content\/uploads\/usu1849\/2023\/02\/20230221_0950040-2-scaled.jpg\"><img loading=\"lazy\" decoding=\"async\" class=\"aligncenter wp-image-3623 size-large\" src=\"https:\/\/agora.xtec.cat\/insdesantacoloma\/wp-content\/uploads\/usu1849\/2023\/02\/20230221_0950040-2-1024x461.jpg\" alt=\"\" width=\"1024\" height=\"461\" srcset=\"https:\/\/agora.xtec.cat\/insdesantacoloma\/wp-content\/uploads\/usu1849\/2023\/02\/20230221_0950040-2-1024x461.jpg 1024w, https:\/\/agora.xtec.cat\/insdesantacoloma\/wp-content\/uploads\/usu1849\/2023\/02\/20230221_0950040-2-300x135.jpg 300w, https:\/\/agora.xtec.cat\/insdesantacoloma\/wp-content\/uploads\/usu1849\/2023\/02\/20230221_0950040-2-768x346.jpg 768w, https:\/\/agora.xtec.cat\/insdesantacoloma\/wp-content\/uploads\/usu1849\/2023\/02\/20230221_0950040-2-1536x691.jpg 1536w, https:\/\/agora.xtec.cat\/insdesantacoloma\/wp-content\/uploads\/usu1849\/2023\/02\/20230221_0950040-2-2048x922.jpg 2048w\" sizes=\"auto, (max-width: 1024px) 100vw, 1024px\" \/><\/a><\/p>\n<p><a href=\"https:\/\/agora.xtec.cat\/insdesantacoloma\/wp-content\/uploads\/usu1849\/2023\/02\/20230221_094914-2-scaled.jpg\"><img loading=\"lazy\" decoding=\"async\" class=\"aligncenter wp-image-3624 size-large\" src=\"https:\/\/agora.xtec.cat\/insdesantacoloma\/wp-content\/uploads\/usu1849\/2023\/02\/20230221_094914-2-1024x461.jpg\" alt=\"\" width=\"1024\" height=\"461\" srcset=\"https:\/\/agora.xtec.cat\/insdesantacoloma\/wp-content\/uploads\/usu1849\/2023\/02\/20230221_094914-2-1024x461.jpg 1024w, https:\/\/agora.xtec.cat\/insdesantacoloma\/wp-content\/uploads\/usu1849\/2023\/02\/20230221_094914-2-300x135.jpg 300w, https:\/\/agora.xtec.cat\/insdesantacoloma\/wp-content\/uploads\/usu1849\/2023\/02\/20230221_094914-2-768x346.jpg 768w, https:\/\/agora.xtec.cat\/insdesantacoloma\/wp-content\/uploads\/usu1849\/2023\/02\/20230221_094914-2-1536x691.jpg 1536w, https:\/\/agora.xtec.cat\/insdesantacoloma\/wp-content\/uploads\/usu1849\/2023\/02\/20230221_094914-2-2048x922.jpg 2048w\" sizes=\"auto, (max-width: 1024px) 100vw, 1024px\" \/><\/a><\/p>\n<p>INSONORITZACI\u00d3: Els m\u00f2duls tenen un a\u00efllament perfecte contra el so exterior, tant pel que fa a les finestres (de doble vidre) com a les parets de tipus \u201cSandwich\u201d.<\/p>\n<p><a href=\"https:\/\/agora.xtec.cat\/insdesantacoloma\/wp-content\/uploads\/usu1849\/2021\/05\/insonoritzacio.png\"><img loading=\"lazy\" decoding=\"async\" class=\"wp-image-2124 aligncenter\" src=\"https:\/\/agora.xtec.cat\/insdesantacoloma\/wp-content\/uploads\/usu1849\/2021\/05\/insonoritzacio.png\" alt=\"\" width=\"260\" height=\"344\" srcset=\"https:\/\/agora.xtec.cat\/insdesantacoloma\/wp-content\/uploads\/usu1849\/2021\/05\/insonoritzacio.png 695w, https:\/\/agora.xtec.cat\/insdesantacoloma\/wp-content\/uploads\/usu1849\/2021\/05\/insonoritzacio-227x300.png 227w\" sizes=\"auto, (max-width: 260px) 100vw, 260px\" \/><\/a><\/p>\n<p>CLIMATITZACI\u00d3: Els m\u00f2duls disposen de dos aparells de climatitzaci\u00f3 per cada aula que donen fred o calor segons es necessiti en cada moment.<\/p>\n<p><a href=\"https:\/\/agora.xtec.cat\/insdesantacoloma\/wp-content\/uploads\/usu1849\/2021\/05\/climatitzacio.png\"><img loading=\"lazy\" decoding=\"async\" class=\"wp-image-2125 aligncenter\" src=\"https:\/\/agora.xtec.cat\/insdesantacoloma\/wp-content\/uploads\/usu1849\/2021\/05\/climatitzacio.png\" alt=\"\" width=\"384\" height=\"242\" srcset=\"https:\/\/agora.xtec.cat\/insdesantacoloma\/wp-content\/uploads\/usu1849\/2021\/05\/climatitzacio.png 1215w, https:\/\/agora.xtec.cat\/insdesantacoloma\/wp-content\/uploads\/usu1849\/2021\/05\/climatitzacio-300x189.png 300w, https:\/\/agora.xtec.cat\/insdesantacoloma\/wp-content\/uploads\/usu1849\/2021\/05\/climatitzacio-768x484.png 768w, https:\/\/agora.xtec.cat\/insdesantacoloma\/wp-content\/uploads\/usu1849\/2021\/05\/climatitzacio-1024x646.png 1024w\" sizes=\"auto, (max-width: 384px) 100vw, 384px\" \/><\/a><\/p>\n<p>CONNEXI\u00d3 WIFI DE NOVA GENERACI\u00d3: Disposem d\u2019una connexi\u00f3 a internet tant per \u201cWIFI\u201d com per cable molt potent per a poder connectar tots els ordinadors tant d\u2019alumnes com de professors\/es.<\/p>\n<p><a href=\"https:\/\/agora.xtec.cat\/insdesantacoloma\/wp-content\/uploads\/usu1849\/2021\/05\/wifi.png\"><img loading=\"lazy\" decoding=\"async\" class=\" wp-image-2126 aligncenter\" src=\"https:\/\/agora.xtec.cat\/insdesantacoloma\/wp-content\/uploads\/usu1849\/2021\/05\/wifi.png\" alt=\"\" width=\"268\" height=\"271\" srcset=\"https:\/\/agora.xtec.cat\/insdesantacoloma\/wp-content\/uploads\/usu1849\/2021\/05\/wifi.png 557w, https:\/\/agora.xtec.cat\/insdesantacoloma\/wp-content\/uploads\/usu1849\/2021\/05\/wifi-297x300.png 297w\" sizes=\"auto, (max-width: 268px) 100vw, 268px\" \/><\/a><\/p>\n<p>PANELLS DIGITALS: Totes les aules disposen de panells digitals interactius (Promethean) de 65 polzades amb connexi\u00f3 wifi a internet.<\/p>\n<p>&nbsp;<\/p>\n<p>LABORATORI: Disposem d\u2019un laboratori amb totes les instal\u00b7lacions necess\u00e0ries (tamborets, taules amb endolls per a fer experiments, pica amb aigua, microscopis, etc.)<\/p>\n<p><a href=\"https:\/\/agora.xtec.cat\/insdesantacoloma\/wp-content\/uploads\/usu1849\/2021\/05\/lab.png\"><img loading=\"lazy\" decoding=\"async\" class=\"wp-image-2128 aligncenter\" src=\"https:\/\/agora.xtec.cat\/insdesantacoloma\/wp-content\/uploads\/usu1849\/2021\/05\/lab.png\" alt=\"\" width=\"775\" height=\"477\" srcset=\"https:\/\/agora.xtec.cat\/insdesantacoloma\/wp-content\/uploads\/usu1849\/2021\/05\/lab.png 1228w, https:\/\/agora.xtec.cat\/insdesantacoloma\/wp-content\/uploads\/usu1849\/2021\/05\/lab-300x185.png 300w, https:\/\/agora.xtec.cat\/insdesantacoloma\/wp-content\/uploads\/usu1849\/2021\/05\/lab-768x473.png 768w, https:\/\/agora.xtec.cat\/insdesantacoloma\/wp-content\/uploads\/usu1849\/2021\/05\/lab-1024x630.png 1024w\" sizes=\"auto, (max-width: 775px) 100vw, 775px\" \/><\/a><\/p>\n<p>CAMP DE F\u00daTBOL: Al camp de futbol municipal de \u201cSinguerl\u00edn\u201d es fan les classes d\u2019Educaci\u00f3 F\u00edsica i els temps d\u2019esbarjo. Disposa de vestuaris amb aigua calenta, lavabos i gespa artifial.<\/p>\n<p><a href=\"https:\/\/agora.xtec.cat\/insdesantacoloma\/wp-content\/uploads\/usu1849\/2021\/05\/camp.png\"><img loading=\"lazy\" decoding=\"async\" class=\"wp-image-2127 aligncenter\" src=\"https:\/\/agora.xtec.cat\/insdesantacoloma\/wp-content\/uploads\/usu1849\/2021\/05\/camp.png\" alt=\"\" width=\"761\" height=\"472\" srcset=\"https:\/\/agora.xtec.cat\/insdesantacoloma\/wp-content\/uploads\/usu1849\/2021\/05\/camp.png 1235w, https:\/\/agora.xtec.cat\/insdesantacoloma\/wp-content\/uploads\/usu1849\/2021\/05\/camp-300x186.png 300w, https:\/\/agora.xtec.cat\/insdesantacoloma\/wp-content\/uploads\/usu1849\/2021\/05\/camp-768x476.png 768w, https:\/\/agora.xtec.cat\/insdesantacoloma\/wp-content\/uploads\/usu1849\/2021\/05\/camp-1024x635.png 1024w\" sizes=\"auto, (max-width: 761px) 100vw, 761px\" \/><\/a><\/p>\n","protected":false},"excerpt":{"rendered":"<p>L\u2019Institut de Santa Coloma est\u00e0 instal\u00b7lat de forma provisional en uns m\u00f2duls que tenen totes les comoditats per a poder [&hellip;]<\/p>\n","protected":false},"author":1,"featured_media":0,"parent":19,"menu_order":30,"comment_status":"closed","ping_status":"closed","template":"page-templates\/side-menu.php","meta":{"_bbp_topic_count":0,"_bbp_reply_count":0,"_bbp_total_topic_count":0,"_bbp_total_reply_count":0,"_bbp_voice_count":0,"_bbp_anonymous_reply_count":0,"_bbp_topic_count_hidden":0,"_bbp_reply_count_hidden":0,"_bbp_forum_subforum_count":0,"site-sidebar-layout":"default","site-content-layout":"","ast-site-content-layout":"","site-content-style":"default","site-sidebar-style":"default","ast-global-header-display":"","ast-banner-title-visibility":"","ast-main-header-display":"","ast-hfb-above-header-display":"","ast-hfb-below-header-display":"","ast-hfb-mobile-header-display":"","site-post-title":"","ast-breadcrumbs-content":"","ast-featured-img":"","footer-sml-layout":"","theme-transparent-header-meta":"","adv-header-id-meta":"","stick-header-meta":"","header-above-stick-meta":"","header-main-stick-meta":"","header-below-stick-meta":"","astra-migrate-meta-layouts":"default","ast-page-background-enabled":"default","ast-page-background-meta":{"desktop":{"background-color":"var(--ast-global-color-4)","background-image":"","background-repeat":"repeat","background-position":"center center","background-size":"auto","background-attachment":"scroll","background-type":"","background-media":"","overlay-type":"","overlay-color":"","overlay-opacity":"","overlay-gradient":""},"tablet":{"background-color":"","background-image":"","background-repeat":"repeat","background-position":"center center","background-size":"auto","background-attachment":"scroll","background-type":"","background-media":"","overlay-type":"","overlay-color":"","overlay-opacity":"","overlay-gradient":""},"mobile":{"background-color":"","background-image":"","background-repeat":"repeat","background-position":"center center","background-size":"auto","background-attachment":"scroll","background-type":"","background-media":"","overlay-type":"","overlay-color":"","overlay-opacity":"","overlay-gradient":""}},"ast-content-background-meta":{"desktop":{"background-color":"var(--ast-global-color-5)","background-image":"","background-repeat":"repeat","background-position":"center center","background-size":"auto","background-attachment":"scroll","background-type":"","background-media":"","overlay-type":"","overlay-color":"","overlay-opacity":"","overlay-gradient":""},"tablet":{"background-color":"var(--ast-global-color-5)","background-image":"","background-repeat":"repeat","background-position":"center center","background-size":"auto","background-attachment":"scroll","background-type":"","background-media":"","overlay-type":"","overlay-color":"","overlay-opacity":"","overlay-gradient":""},"mobile":{"background-color":"var(--ast-global-color-5)","background-image":"","background-repeat":"repeat","background-position":"center center","background-size":"auto","background-attachment":"scroll","background-type":"","background-media":"","overlay-type":"","overlay-color":"","overlay-opacity":"","overlay-gradient":""}},"footnotes":""},"class_list":["post-39","page","type-page","status-publish","hentry"],"post_mailing_queue_ids":[],"_links":{"self":[{"href":"https:\/\/agora.xtec.cat\/insdesantacoloma\/wp-json\/wp\/v2\/pages\/39","targetHints":{"allow":["GET"]}}],"collection":[{"href":"https:\/\/agora.xtec.cat\/insdesantacoloma\/wp-json\/wp\/v2\/pages"}],"about":[{"href":"https:\/\/agora.xtec.cat\/insdesantacoloma\/wp-json\/wp\/v2\/types\/page"}],"author":[{"embeddable":true,"href":"https:\/\/agora.xtec.cat\/insdesantacoloma\/wp-json\/wp\/v2\/users\/1"}],"replies":[{"embeddable":true,"href":"https:\/\/agora.xtec.cat\/insdesantacoloma\/wp-json\/wp\/v2\/comments?post=39"}],"version-history":[{"count":4,"href":"https:\/\/agora.xtec.cat\/insdesantacoloma\/wp-json\/wp\/v2\/pages\/39\/revisions"}],"predecessor-version":[{"id":2123,"href":"https:\/\/agora.xtec.cat\/insdesantacoloma\/wp-json\/wp\/v2\/pages\/39\/revisions\/2123"}],"up":[{"embeddable":true,"href":"https:\/\/agora.xtec.cat\/insdesantacoloma\/wp-json\/wp\/v2\/pages\/19"}],"wp:attachment":[{"href":"https:\/\/agora.xtec.cat\/insdesantacoloma\/wp-json\/wp\/v2\/media?parent=39"}],"curies":[{"name":"wp","href":"https:\/\/api.w.org\/{rel}","templated":true}]}}

<p>L’Institut de Santa Coloma està instal·lat de forma provisional en uns mòduls que tenen totes les comoditats per a poder desenvolupar les activitats de tot l’alumnat amb èxit.</p>
<p>&nbsp;</p>
<p><a href="https://agora.xtec.cat/insdesantacoloma/wp-content/uploads/usu1849/2023/02/20230221_0950040-2-scaled.jpg"><img loading="lazy" decoding="async" class="aligncenter wp-image-3623 size-large" src="https://agora.xtec.cat/insdesantacoloma/wp-content/uploads/usu1849/2023/02/20230221_0950040-2-1024x461.jpg" alt="" width="1024" height="461" srcset="https://agora.xtec.cat/insdesantacoloma/wp-content/uploads/usu1849/2023/02/20230221_0950040-2-1024x461.jpg 1024w, https://agora.xtec.cat/insdesantacoloma/wp-content/uploads/usu1849/2023/02/20230221_0950040-2-300x135.jpg 300w, https://agora.xtec.cat/insdesantacoloma/wp-content/uploads/usu1849/2023/02/20230221_0950040-2-768x346.jpg 768w, https://agora.xtec.cat/insdesantacoloma/wp-content/uploads/usu1849/2023/02/20230221_0950040-2-1536x691.jpg 1536w, https://agora.xtec.cat/insdesantacoloma/wp-content/uploads/usu1849/2023/02/20230221_0950040-2-2048x922.jpg 2048w" sizes="auto, (max-width: 1024px) 100vw, 1024px" /></a></p>
<p><a href="https://agora.xtec.cat/insdesantacoloma/wp-content/uploads/usu1849/2023/02/20230221_094914-2-scaled.jpg"><img loading="lazy" decoding="async" class="aligncenter wp-image-3624 size-large" src="https://agora.xtec.cat/insdesantacoloma/wp-content/uploads/usu1849/2023/02/20230221_094914-2-1024x461.jpg" alt="" width="1024" height="461" srcset="https://agora.xtec.cat/insdesantacoloma/wp-content/uploads/usu1849/2023/02/20230221_094914-2-1024x461.jpg 1024w, https://agora.xtec.cat/insdesantacoloma/wp-content/uploads/usu1849/2023/02/20230221_094914-2-300x135.jpg 300w, https://agora.xtec.cat/insdesantacoloma/wp-content/uploads/usu1849/2023/02/20230221_094914-2-768x346.jpg 768w, https://agora.xtec.cat/insdesantacoloma/wp-content/uploads/usu1849/2023/02/20230221_094914-2-1536x691.jpg 1536w, https://agora.xtec.cat/insdesantacoloma/wp-content/uploads/usu1849/2023/02/20230221_094914-2-2048x922.jpg 2048w" sizes="auto, (max-width: 1024px) 100vw, 1024px" /></a></p>
<p>INSONORITZACIÓ: Els mòduls tenen un aïllament perfecte contra el so exterior, tant pel que fa a les finestres (de doble vidre) com a les parets de tipus “Sandwich”.</p>
<p><a href="https://agora.xtec.cat/insdesantacoloma/wp-content/uploads/usu1849/2021/05/insonoritzacio.png"><img loading="lazy" decoding="async" class="wp-image-2124 aligncenter" src="https://agora.xtec.cat/insdesantacoloma/wp-content/uploads/usu1849/2021/05/insonoritzacio.png" alt="" width="260" height="344" srcset="https://agora.xtec.cat/insdesantacoloma/wp-content/uploads/usu1849/2021/05/insonoritzacio.png 695w, https://agora.xtec.cat/insdesantacoloma/wp-content/uploads/usu1849/2021/05/insonoritzacio-227x300.png 227w" sizes="auto, (max-width: 260px) 100vw, 260px" /></a></p>
<p>CLIMATITZACIÓ: Els mòduls disposen de dos aparells de climatització per cada aula que donen fred o calor segons es necessiti en cada moment.</p>
<p><a href="https://agora.xtec.cat/insdesantacoloma/wp-content/uploads/usu1849/2021/05/climatitzacio.png"><img loading="lazy" decoding="async" class="wp-image-2125 aligncenter" src="https://agora.xtec.cat/insdesantacoloma/wp-content/uploads/usu1849/2021/05/climatitzacio.png" alt="" width="384" height="242" srcset="https://agora.xtec.cat/insdesantacoloma/wp-content/uploads/usu1849/2021/05/climatitzacio.png 1215w, https://agora.xtec.cat/insdesantacoloma/wp-content/uploads/usu1849/2021/05/climatitzacio-300x189.png 300w, https://agora.xtec.cat/insdesantacoloma/wp-content/uploads/usu1849/2021/05/climatitzacio-768x484.png 768w, https://agora.xtec.cat/insdesantacoloma/wp-content/uploads/usu1849/2021/05/climatitzacio-1024x646.png 1024w" sizes="auto, (max-width: 384px) 100vw, 384px" /></a></p>
<p>CONNEXIÓ WIFI DE NOVA GENERACIÓ: Disposem d’una connexió a internet tant per “WIFI” com per cable molt potent per a poder connectar tots els ordinadors tant d’alumnes com de professors/es.</p>
<p><a href="https://agora.xtec.cat/insdesantacoloma/wp-content/uploads/usu1849/2021/05/wifi.png"><img loading="lazy" decoding="async" class=" wp-image-2126 aligncenter" src="https://agora.xtec.cat/insdesantacoloma/wp-content/uploads/usu1849/2021/05/wifi.png" alt="" width="268" height="271" srcset="https://agora.xtec.cat/insdesantacoloma/wp-content/uploads/usu1849/2021/05/wifi.png 557w, https://agora.xtec.cat/insdesantacoloma/wp-content/uploads/usu1849/2021/05/wifi-297x300.png 297w" sizes="auto, (max-width: 268px) 100vw, 268px" /></a></p>
<p>PANELLS DIGITALS: Totes les aules disposen de panells digitals interactius (Promethean) de 65 polzades amb connexió wifi a internet.</p>
<p>&nbsp;</p>
<p>LABORATORI: Disposem d’un laboratori amb totes les instal·lacions necessàries (tamborets, taules amb endolls per a fer experiments, pica amb aigua, microscopis, etc.)</p>
<p><a href="https://agora.xtec.cat/insdesantacoloma/wp-content/uploads/usu1849/2021/05/lab.png"><img loading="lazy" decoding="async" class="wp-image-2128 aligncenter" src="https://agora.xtec.cat/insdesantacoloma/wp-content/uploads/usu1849/2021/05/lab.png" alt="" width="775" height="477" srcset="https://agora.xtec.cat/insdesantacoloma/wp-content/uploads/usu1849/2021/05/lab.png 1228w, https://agora.xtec.cat/insdesantacoloma/wp-content/uploads/usu1849/2021/05/lab-300x185.png 300w, https://agora.xtec.cat/insdesantacoloma/wp-content/uploads/usu1849/2021/05/lab-768x473.png 768w, https://agora.xtec.cat/insdesantacoloma/wp-content/uploads/usu1849/2021/05/lab-1024x630.png 1024w" sizes="auto, (max-width: 775px) 100vw, 775px" /></a></p>
<p>CAMP DE FÚTBOL: Al camp de futbol municipal de “Singuerlín” es fan les classes d’Educació Física i els temps d’esbarjo. Disposa de vestuaris amb aigua calenta, lavabos i gespa artifial.</p>
<p><a href="https://agora.xtec.cat/insdesantacoloma/wp-content/uploads/usu1849/2021/05/camp.png"><img loading="lazy" decoding="async" class="wp-image-2127 aligncenter" src="https://agora.xtec.cat/insdesantacoloma/wp-content/uploads/usu1849/2021/05/camp.png" alt="" width="761" height="472" srcset="https://agora.xtec.cat/insdesantacoloma/wp-content/uploads/usu1849/2021/05/camp.png 1235w, https://agora.xtec.cat/insdesantacoloma/wp-content/uploads/usu1849/2021/05/camp-300x186.png 300w, https://agora.xtec.cat/insdesantacoloma/wp-content/uploads/usu1849/2021/05/camp-768x476.png 768w, https://agora.xtec.cat/insdesantacoloma/wp-content/uploads/usu1849/2021/05/camp-1024x635.png 1024w" sizes="auto, (max-width: 761px) 100vw, 761px" /></a></p>

<p>L’Institut de Santa Coloma està instal·lat de forma provisional en uns mòduls que tenen totes les comoditats per a poder [&hellip;]</p>
