{"id":3649,"date":"2023-03-07T16:35:38","date_gmt":"2023-03-07T15:35:38","guid":{"rendered":"https:\/\/agora.xtec.cat\/insdesantacoloma\/?page_id=3649"},"modified":"2025-05-07T09:09:15","modified_gmt":"2025-05-07T07:09:15","slug":"projectes-erasmus","status":"publish","type":"page","link":"https:\/\/agora.xtec.cat\/insdesantacoloma\/projectes-erasmus\/","title":{"rendered":"Erasmus+"},"content":{"rendered":"<h4><span style=\"color: #33cccc;\"><strong>Qu\u00e8 \u00e9s Erasmus+?\u00a0<\/strong><\/span><\/h4>\n<p>Erasmus+ \u00e9s el programa de la UE que recolza l&#8217;educaci\u00f3, la formaci\u00f3, la joventut i l&#8217;esport a Europa.<br \/>Compta amb un pressupost estimat de 26 200 milions d&#8217;euros. Aix\u00f2 suposa gaireb\u00e9 el doble del finan\u00e7ament del programa que el va precedir en el per\u00edode 2014-2020.<br \/>Per al per\u00edode 2021-2027, el programa posa l&#8217;accent principalment en la inclusi\u00f3 social, la doble transici\u00f3 ecol\u00f2gica i digital i el foment de la participaci\u00f3 de les persones joves en la vida democr\u00e0tica.<\/p>\n<p>Dona suport a les prioritats i activitats establertes en l&#8217;Espai Europeu d&#8217;Educaci\u00f3, el Pla d&#8217;Acci\u00f3 d&#8217;Educaci\u00f3 Digital i l&#8217;Agenda de Capacitats Europea. A m\u00e9s, el programa:<br \/>&#8211; Dona suport al pilar europeu de drets socials.<br \/>&#8211; Aplica l&#8217;Estrat\u00e8gia de la UE per a la Joventut 2019-2027.<br \/>&#8211; Desenvolupa la dimensi\u00f3 europea de l&#8217;esport.<\/p>\n<p>Nosaltres com a centre educatiu estem immersos en aquest projecte, si voleu saber m\u00e9s, podeu visitar la <span style=\"color: #33cccc;\"><strong>nostra p\u00e0gina web<\/strong><\/span> clicant al b\u00e0ner de la p\u00e0gina principal de la web o b\u00e9 en el bot\u00f3 que trobes a continuaci\u00f3.<\/p>\n\n\n<div class=\"wp-block-buttons is-layout-flex wp-block-buttons-is-layout-flex\">\n<div class=\"wp-block-button\"><a class=\"wp-block-button__link wp-element-button\" href=\"https:\/\/sites.google.com\/institut9.cat\/erasmusplusinstitut9\">SITE ERASMUS +<\/a><\/div>\n<\/div>\n","protected":false},"excerpt":{"rendered":"<p>Qu\u00e8 \u00e9s Erasmus+?\u00a0 Erasmus+ \u00e9s el programa de la UE que recolza l&#8217;educaci\u00f3, la formaci\u00f3, la joventut i l&#8217;esport a [&hellip;]<\/p>\n","protected":false},"author":1,"featured_media":0,"parent":0,"menu_order":0,"comment_status":"closed","ping_status":"closed","template":"","meta":{"_bbp_topic_count":0,"_bbp_reply_count":0,"_bbp_total_topic_count":0,"_bbp_total_reply_count":0,"_bbp_voice_count":0,"_bbp_anonymous_reply_count":0,"_bbp_topic_count_hidden":0,"_bbp_reply_count_hidden":0,"_bbp_forum_subforum_count":0,"site-sidebar-layout":"default","site-content-layout":"","ast-site-content-layout":"default","site-content-style":"default","site-sidebar-style":"default","ast-global-header-display":"","ast-banner-title-visibility":"","ast-main-header-display":"","ast-hfb-above-header-display":"","ast-hfb-below-header-display":"","ast-hfb-mobile-header-display":"","site-post-title":"","ast-breadcrumbs-content":"","ast-featured-img":"","footer-sml-layout":"","theme-transparent-header-meta":"","adv-header-id-meta":"","stick-header-meta":"","header-above-stick-meta":"","header-main-stick-meta":"","header-below-stick-meta":"","astra-migrate-meta-layouts":"set","ast-page-background-enabled":"default","ast-page-background-meta":{"desktop":{"background-color":"var(--ast-global-color-4)","background-image":"","background-repeat":"repeat","background-position":"center center","background-size":"auto","background-attachment":"scroll","background-type":"","background-media":"","overlay-type":"","overlay-color":"","overlay-opacity":"","overlay-gradient":""},"tablet":{"background-color":"","background-image":"","background-repeat":"repeat","background-position":"center center","background-size":"auto","background-attachment":"scroll","background-type":"","background-media":"","overlay-type":"","overlay-color":"","overlay-opacity":"","overlay-gradient":""},"mobile":{"background-color":"","background-image":"","background-repeat":"repeat","background-position":"center center","background-size":"auto","background-attachment":"scroll","background-type":"","background-media":"","overlay-type":"","overlay-color":"","overlay-opacity":"","overlay-gradient":""}},"ast-content-background-meta":{"desktop":{"background-color":"var(--ast-global-color-5)","background-image":"","background-repeat":"repeat","background-position":"center center","background-size":"auto","background-attachment":"scroll","background-type":"","background-media":"","overlay-type":"","overlay-color":"","overlay-opacity":"","overlay-gradient":""},"tablet":{"background-color":"var(--ast-global-color-5)","background-image":"","background-repeat":"repeat","background-position":"center center","background-size":"auto","background-attachment":"scroll","background-type":"","background-media":"","overlay-type":"","overlay-color":"","overlay-opacity":"","overlay-gradient":""},"mobile":{"background-color":"var(--ast-global-color-5)","background-image":"","background-repeat":"repeat","background-position":"center center","background-size":"auto","background-attachment":"scroll","background-type":"","background-media":"","overlay-type":"","overlay-color":"","overlay-opacity":"","overlay-gradient":""}},"footnotes":""},"class_list":["post-3649","page","type-page","status-publish","hentry"],"post_mailing_queue_ids":[],"_links":{"self":[{"href":"https:\/\/agora.xtec.cat\/insdesantacoloma\/wp-json\/wp\/v2\/pages\/3649","targetHints":{"allow":["GET"]}}],"collection":[{"href":"https:\/\/agora.xtec.cat\/insdesantacoloma\/wp-json\/wp\/v2\/pages"}],"about":[{"href":"https:\/\/agora.xtec.cat\/insdesantacoloma\/wp-json\/wp\/v2\/types\/page"}],"author":[{"embeddable":true,"href":"https:\/\/agora.xtec.cat\/insdesantacoloma\/wp-json\/wp\/v2\/users\/1"}],"replies":[{"embeddable":true,"href":"https:\/\/agora.xtec.cat\/insdesantacoloma\/wp-json\/wp\/v2\/comments?post=3649"}],"version-history":[{"count":6,"href":"https:\/\/agora.xtec.cat\/insdesantacoloma\/wp-json\/wp\/v2\/pages\/3649\/revisions"}],"predecessor-version":[{"id":5140,"href":"https:\/\/agora.xtec.cat\/insdesantacoloma\/wp-json\/wp\/v2\/pages\/3649\/revisions\/5140"}],"wp:attachment":[{"href":"https:\/\/agora.xtec.cat\/insdesantacoloma\/wp-json\/wp\/v2\/media?parent=3649"}],"curies":[{"name":"wp","href":"https:\/\/api.w.org\/{rel}","templated":true}]}}

<h4><span style="color: #33cccc;"><strong>Què és Erasmus+? </strong></span></h4>
<p>Erasmus+ és el programa de la UE que recolza l&#8217;educació, la formació, la joventut i l&#8217;esport a Europa.<br />Compta amb un pressupost estimat de 26 200 milions d&#8217;euros. Això suposa gairebé el doble del finançament del programa que el va precedir en el període 2014-2020.<br />Per al període 2021-2027, el programa posa l&#8217;accent principalment en la inclusió social, la doble transició ecològica i digital i el foment de la participació de les persones joves en la vida democràtica.</p>
<p>Dona suport a les prioritats i activitats establertes en l&#8217;Espai Europeu d&#8217;Educació, el Pla d&#8217;Acció d&#8217;Educació Digital i l&#8217;Agenda de Capacitats Europea. A més, el programa:<br />&#8211; Dona suport al pilar europeu de drets socials.<br />&#8211; Aplica l&#8217;Estratègia de la UE per a la Joventut 2019-2027.<br />&#8211; Desenvolupa la dimensió europea de l&#8217;esport.</p>
<p>Nosaltres com a centre educatiu estem immersos en aquest projecte, si voleu saber més, podeu visitar la <span style="color: #33cccc;"><strong>nostra pàgina web</strong></span> clicant al bàner de la pàgina principal de la web o bé en el botó que trobes a continuació.</p>


<div class="wp-block-buttons is-layout-flex wp-block-buttons-is-layout-flex">
<div class="wp-block-button"><a class="wp-block-button__link wp-element-button" href="https://sites.google.com/institut9.cat/erasmusplusinstitut9">SITE ERASMUS +</a></div>
</div>

<p>Què és Erasmus+?  Erasmus+ és el programa de la UE que recolza l&#8217;educació, la formació, la joventut i l&#8217;esport a [&hellip;]</p>
