{"id":27,"date":"2014-09-17T16:24:03","date_gmt":"2014-09-17T16:24:03","guid":{"rendered":"http:\/\/agora.xtec.cat\/insdesantacoloma\/?page_id=27"},"modified":"2025-07-07T18:13:04","modified_gmt":"2025-07-07T16:13:04","slug":"historia","status":"publish","type":"page","link":"https:\/\/agora.xtec.cat\/insdesantacoloma\/linstitut\/historia\/","title":{"rendered":"Hist\u00f2ria"},"content":{"rendered":"<p style=\"text-align: justify;\">L&#8217;Institut 9 de Santa Coloma de Gramenet neix el curs 2018-19 amb un esperit renovador i volent oferir un projecte nou i de gran qualitat educativa a la nostra ciutat. El primer curs va estar ubicat dins l&#8217;escola Ferran de Sagarra que ens va acollir molt b\u00e9. Aquest curs estem a l&#8217;Avinguda Anselm de Riu, 37.<\/p>\n<p style=\"text-align: justify;\">Els seg\u00fcents cursos al 18-19 hem estat creixent de manera que actualment comptem amb quatre grups a 1r i quatre grups a 2n d&#8217;ESO, tres grups de 3r, tres grups a 4t d&#8217;ESO i dos de 1r de batxillerat i un de 2n de batxillerat.<\/p>\n<p style=\"text-align: justify;\">El nostre centre treballa des de l&#8217;inici amb metodologies per projectes. Actualment es dediquen 2 dies a la setmana en franges de dues hores, donant especial import\u00e0ncia a projectes <a href=\"https:\/\/projectes.xtec.cat\/steamcat\/\">STEAM<\/a> i <a href=\"https:\/\/projectes.xtec.cat\/avancem\/el-projecte\/\">AVANCEM. <\/a>A m\u00e9s, donem un espai per poder actualitzar-nos del que passa al nostre voltant i poder parlar del que preocupa i interessa a l&#8217;alumnat. Tamb\u00e9 comptem amb un projecte de lectura de 30 minuts al dia, on es treballen compet\u00e8ncies de lleng\u00fces aix\u00ed com compet\u00e8ncies transversals com la personal i social.<\/p>\n<p style=\"text-align: justify;\">Partint de l&#8217;esperit renovador que v\u00e0rem portar a terme amb la creaci\u00f3 del centre, impliquem a tot l&#8217;alumnat en el dia a dia de l&#8217;institut. Es realitzen comissions de conviv\u00e8ncia dirigides per l&#8217;alumnat i supervisades pel professorat; existeixen les figures de delegats\/des de sostenibilitat i solidaritat; s&#8217;organitza el servei comunitari al cicle superior per dinamitzar patis; entre altres aspectes que permeten potenciar la participaci\u00f3 de l&#8217;alumnat dins la comunitat educativa des d&#8217;un paper actiu i significatiu.<\/p>\n","protected":false},"excerpt":{"rendered":"<p>L&#8217;Institut 9 de Santa Coloma de Gramenet neix el curs 2018-19 amb un esperit renovador i volent oferir un projecte [&hellip;]<\/p>\n","protected":false},"author":1,"featured_media":0,"parent":19,"menu_order":20,"comment_status":"closed","ping_status":"closed","template":"","meta":{"_bbp_topic_count":0,"_bbp_reply_count":0,"_bbp_total_topic_count":0,"_bbp_total_reply_count":0,"_bbp_voice_count":0,"_bbp_anonymous_reply_count":0,"_bbp_topic_count_hidden":0,"_bbp_reply_count_hidden":0,"_bbp_forum_subforum_count":0,"site-sidebar-layout":"default","site-content-layout":"","ast-site-content-layout":"default","site-content-style":"default","site-sidebar-style":"default","ast-global-header-display":"","ast-banner-title-visibility":"","ast-main-header-display":"","ast-hfb-above-header-display":"","ast-hfb-below-header-display":"","ast-hfb-mobile-header-display":"","site-post-title":"","ast-breadcrumbs-content":"","ast-featured-img":"","footer-sml-layout":"","theme-transparent-header-meta":"","adv-header-id-meta":"","stick-header-meta":"","header-above-stick-meta":"","header-main-stick-meta":"","header-below-stick-meta":"","astra-migrate-meta-layouts":"set","ast-page-background-enabled":"default","ast-page-background-meta":{"desktop":{"background-color":"var(--ast-global-color-4)","background-image":"","background-repeat":"repeat","background-position":"center center","background-size":"auto","background-attachment":"scroll","background-type":"","background-media":"","overlay-type":"","overlay-color":"","overlay-opacity":"","overlay-gradient":""},"tablet":{"background-color":"","background-image":"","background-repeat":"repeat","background-position":"center center","background-size":"auto","background-attachment":"scroll","background-type":"","background-media":"","overlay-type":"","overlay-color":"","overlay-opacity":"","overlay-gradient":""},"mobile":{"background-color":"","background-image":"","background-repeat":"repeat","background-position":"center center","background-size":"auto","background-attachment":"scroll","background-type":"","background-media":"","overlay-type":"","overlay-color":"","overlay-opacity":"","overlay-gradient":""}},"ast-content-background-meta":{"desktop":{"background-color":"var(--ast-global-color-5)","background-image":"","background-repeat":"repeat","background-position":"center center","background-size":"auto","background-attachment":"scroll","background-type":"","background-media":"","overlay-type":"","overlay-color":"","overlay-opacity":"","overlay-gradient":""},"tablet":{"background-color":"var(--ast-global-color-5)","background-image":"","background-repeat":"repeat","background-position":"center center","background-size":"auto","background-attachment":"scroll","background-type":"","background-media":"","overlay-type":"","overlay-color":"","overlay-opacity":"","overlay-gradient":""},"mobile":{"background-color":"var(--ast-global-color-5)","background-image":"","background-repeat":"repeat","background-position":"center center","background-size":"auto","background-attachment":"scroll","background-type":"","background-media":"","overlay-type":"","overlay-color":"","overlay-opacity":"","overlay-gradient":""}},"footnotes":""},"class_list":["post-27","page","type-page","status-publish","hentry"],"post_mailing_queue_ids":[],"_links":{"self":[{"href":"https:\/\/agora.xtec.cat\/insdesantacoloma\/wp-json\/wp\/v2\/pages\/27","targetHints":{"allow":["GET"]}}],"collection":[{"href":"https:\/\/agora.xtec.cat\/insdesantacoloma\/wp-json\/wp\/v2\/pages"}],"about":[{"href":"https:\/\/agora.xtec.cat\/insdesantacoloma\/wp-json\/wp\/v2\/types\/page"}],"author":[{"embeddable":true,"href":"https:\/\/agora.xtec.cat\/insdesantacoloma\/wp-json\/wp\/v2\/users\/1"}],"replies":[{"embeddable":true,"href":"https:\/\/agora.xtec.cat\/insdesantacoloma\/wp-json\/wp\/v2\/comments?post=27"}],"version-history":[{"count":6,"href":"https:\/\/agora.xtec.cat\/insdesantacoloma\/wp-json\/wp\/v2\/pages\/27\/revisions"}],"predecessor-version":[{"id":5216,"href":"https:\/\/agora.xtec.cat\/insdesantacoloma\/wp-json\/wp\/v2\/pages\/27\/revisions\/5216"}],"up":[{"embeddable":true,"href":"https:\/\/agora.xtec.cat\/insdesantacoloma\/wp-json\/wp\/v2\/pages\/19"}],"wp:attachment":[{"href":"https:\/\/agora.xtec.cat\/insdesantacoloma\/wp-json\/wp\/v2\/media?parent=27"}],"curies":[{"name":"wp","href":"https:\/\/api.w.org\/{rel}","templated":true}]}}

Història

<p style="text-align: justify;">L&#8217;Institut 9 de Santa Coloma de Gramenet neix el curs 2018-19 amb un esperit renovador i volent oferir un projecte nou i de gran qualitat educativa a la nostra ciutat. El primer curs va estar ubicat dins l&#8217;escola Ferran de Sagarra que ens va acollir molt bé. Aquest curs estem a l&#8217;Avinguda Anselm de Riu, 37.</p>
<p style="text-align: justify;">Els següents cursos al 18-19 hem estat creixent de manera que actualment comptem amb quatre grups a 1r i quatre grups a 2n d&#8217;ESO, tres grups de 3r, tres grups a 4t d&#8217;ESO i dos de 1r de batxillerat i un de 2n de batxillerat.</p>
<p style="text-align: justify;">El nostre centre treballa des de l&#8217;inici amb metodologies per projectes. Actualment es dediquen 2 dies a la setmana en franges de dues hores, donant especial importància a projectes <a href="https://projectes.xtec.cat/steamcat/">STEAM</a> i <a href="https://projectes.xtec.cat/avancem/el-projecte/">AVANCEM. </a>A més, donem un espai per poder actualitzar-nos del que passa al nostre voltant i poder parlar del que preocupa i interessa a l&#8217;alumnat. També comptem amb un projecte de lectura de 30 minuts al dia, on es treballen competències de llengües així com competències transversals com la personal i social.</p>
<p style="text-align: justify;">Partint de l&#8217;esperit renovador que vàrem portar a terme amb la creació del centre, impliquem a tot l&#8217;alumnat en el dia a dia de l&#8217;institut. Es realitzen comissions de convivència dirigides per l&#8217;alumnat i supervisades pel professorat; existeixen les figures de delegats/des de sostenibilitat i solidaritat; s&#8217;organitza el servei comunitari al cicle superior per dinamitzar patis; entre altres aspectes que permeten potenciar la participació de l&#8217;alumnat dins la comunitat educativa des d&#8217;un paper actiu i significatiu.</p>
