{"id":1913,"date":"2020-09-19T14:19:52","date_gmt":"2020-09-19T12:19:52","guid":{"rendered":"http:\/\/agora.xtec.cat\/insdesantacoloma\/?page_id=1913"},"modified":"2020-09-19T15:11:03","modified_gmt":"2020-09-19T13:11:03","slug":"secretaria-2","status":"publish","type":"page","link":"https:\/\/agora.xtec.cat\/insdesantacoloma\/secretaria-2\/","title":{"rendered":"Secretaria"},"content":{"rendered":"<p>En els centres d\u2019ensenyament secundari, la secretaria \u00e9s l\u2019agent de gesti\u00f3 administrativa visible, per tant, \u00e9s b\u00e0sic que la seva pres\u00e8ncia a la web sigui un dels elements de navegaci\u00f3 principals. Us deixem informaci\u00f3 sobre:<\/p>\n<ul>\n<li>Horari d\u2019atenci\u00f3: dilluns i dimarts de 8:00h a 10:00h i dimecres i dijous de 10:30h a 12:30h<\/li>\n<li>Tr\u00e0mits, sol\u00b7licituds de certificats, documentaci\u00f3 pel centre&#8230;<\/li>\n<li>Preinscripci\u00f3 i matr\u00edcula<\/li>\n<li>Beques i ajuts<\/li>\n<\/ul>\n<p><a href=\"https:\/\/drive.google.com\/file\/d\/1ZfMjskaunxLk5hqLDfmUjgsXhiepyPWy\/view?usp=sharing\" target=\"_blank\" rel=\"noopener noreferrer\">Autoritzaci\u00f3 per a les proves COVID<\/a><\/p>\n<p><a href=\"https:\/\/drive.google.com\/file\/d\/12IkBHqz5Bp4VE1fJYyAW_vO_8k3d3jST\/view?usp=sharing\" target=\"_blank\" rel=\"noopener noreferrer\">Autoritzaci\u00f3 DRETS D&#8217;IMATGE<\/a><\/p>\n<p><a href=\"https:\/\/drive.google.com\/file\/d\/1ydL1OUnshfphvatr_FKWtEjyqLgrpiSy\/view?usp=sharing\" target=\"_blank\" rel=\"noopener noreferrer\">Autoritzaci\u00f3 SORTIDES i ACTIVITATS EXTRAESCOLARS<\/a><\/p>\n<p><a href=\"https:\/\/drive.google.com\/file\/d\/1RSslJoYWk5ROB9rOrVWtGlFzv34x4hL9\/view?usp=sharing\" target=\"_blank\" rel=\"noopener noreferrer\">Carta de COMPROM\u00cdS EDUCATIU<\/a><\/p>\n<p><a href=\"https:\/\/drive.google.com\/file\/d\/1ENb_ZtcrdS-aINdmSHOQIcvr0hhwk-dM\/view?usp=sharing\" target=\"_blank\" rel=\"noopener noreferrer\">Declaraci\u00f3 ESTAT DE SALUT<\/a><\/p>\n<p><a href=\"https:\/\/drive.google.com\/file\/d\/1BEAkLodc8PFVOlVZIkJNYDRoBpC0Y6aE\/view?usp=sharing\" target=\"_blank\" rel=\"noopener noreferrer\">Declaraci\u00f3 responsable de FAMILIES MENORS<\/a><\/p>\n<p><a href=\"https:\/\/drive.google.com\/file\/d\/1ocFzd5sDhj0wF9KnTTBhVXqVQXEQh7Ie\/view?usp=sharing\" target=\"_blank\" rel=\"noopener noreferrer\">Gesti\u00f3 de RECURSOS DIGITALS &#8211; \u00daS i Dades Persona<\/a><\/p>\n<p><a href=\"https:\/\/drive.google.com\/file\/d\/13Vi6eT_zCyFzMYHJpwT1WlIWjtayHAGk\/view?usp=sharing\" target=\"_blank\" rel=\"noopener noreferrer\">Informacions sobre PAGAMENTS<\/a><\/p>\n<p>&nbsp;<\/p>\n","protected":false},"excerpt":{"rendered":"<p>En els centres d\u2019ensenyament secundari, la secretaria \u00e9s l\u2019agent de gesti\u00f3 administrativa visible, per tant, \u00e9s b\u00e0sic que la seva [&hellip;]<\/p>\n","protected":false},"author":1,"featured_media":0,"parent":0,"menu_order":0,"comment_status":"closed","ping_status":"closed","template":"","meta":{"_bbp_topic_count":0,"_bbp_reply_count":0,"_bbp_total_topic_count":0,"_bbp_total_reply_count":0,"_bbp_voice_count":0,"_bbp_anonymous_reply_count":0,"_bbp_topic_count_hidden":0,"_bbp_reply_count_hidden":0,"_bbp_forum_subforum_count":0,"site-sidebar-layout":"default","site-content-layout":"","ast-site-content-layout":"","site-content-style":"default","site-sidebar-style":"default","ast-global-header-display":"","ast-banner-title-visibility":"","ast-main-header-display":"","ast-hfb-above-header-display":"","ast-hfb-below-header-display":"","ast-hfb-mobile-header-display":"","site-post-title":"","ast-breadcrumbs-content":"","ast-featured-img":"","footer-sml-layout":"","theme-transparent-header-meta":"","adv-header-id-meta":"","stick-header-meta":"","header-above-stick-meta":"","header-main-stick-meta":"","header-below-stick-meta":"","astra-migrate-meta-layouts":"default","ast-page-background-enabled":"default","ast-page-background-meta":{"desktop":{"background-color":"var(--ast-global-color-4)","background-image":"","background-repeat":"repeat","background-position":"center center","background-size":"auto","background-attachment":"scroll","background-type":"","background-media":"","overlay-type":"","overlay-color":"","overlay-opacity":"","overlay-gradient":""},"tablet":{"background-color":"","background-image":"","background-repeat":"repeat","background-position":"center center","background-size":"auto","background-attachment":"scroll","background-type":"","background-media":"","overlay-type":"","overlay-color":"","overlay-opacity":"","overlay-gradient":""},"mobile":{"background-color":"","background-image":"","background-repeat":"repeat","background-position":"center center","background-size":"auto","background-attachment":"scroll","background-type":"","background-media":"","overlay-type":"","overlay-color":"","overlay-opacity":"","overlay-gradient":""}},"ast-content-background-meta":{"desktop":{"background-color":"var(--ast-global-color-5)","background-image":"","background-repeat":"repeat","background-position":"center center","background-size":"auto","background-attachment":"scroll","background-type":"","background-media":"","overlay-type":"","overlay-color":"","overlay-opacity":"","overlay-gradient":""},"tablet":{"background-color":"var(--ast-global-color-5)","background-image":"","background-repeat":"repeat","background-position":"center center","background-size":"auto","background-attachment":"scroll","background-type":"","background-media":"","overlay-type":"","overlay-color":"","overlay-opacity":"","overlay-gradient":""},"mobile":{"background-color":"var(--ast-global-color-5)","background-image":"","background-repeat":"repeat","background-position":"center center","background-size":"auto","background-attachment":"scroll","background-type":"","background-media":"","overlay-type":"","overlay-color":"","overlay-opacity":"","overlay-gradient":""}},"footnotes":""},"class_list":["post-1913","page","type-page","status-publish","hentry"],"post_mailing_queue_ids":[],"_links":{"self":[{"href":"https:\/\/agora.xtec.cat\/insdesantacoloma\/wp-json\/wp\/v2\/pages\/1913","targetHints":{"allow":["GET"]}}],"collection":[{"href":"https:\/\/agora.xtec.cat\/insdesantacoloma\/wp-json\/wp\/v2\/pages"}],"about":[{"href":"https:\/\/agora.xtec.cat\/insdesantacoloma\/wp-json\/wp\/v2\/types\/page"}],"author":[{"embeddable":true,"href":"https:\/\/agora.xtec.cat\/insdesantacoloma\/wp-json\/wp\/v2\/users\/1"}],"replies":[{"embeddable":true,"href":"https:\/\/agora.xtec.cat\/insdesantacoloma\/wp-json\/wp\/v2\/comments?post=1913"}],"version-history":[{"count":3,"href":"https:\/\/agora.xtec.cat\/insdesantacoloma\/wp-json\/wp\/v2\/pages\/1913\/revisions"}],"predecessor-version":[{"id":1952,"href":"https:\/\/agora.xtec.cat\/insdesantacoloma\/wp-json\/wp\/v2\/pages\/1913\/revisions\/1952"}],"wp:attachment":[{"href":"https:\/\/agora.xtec.cat\/insdesantacoloma\/wp-json\/wp\/v2\/media?parent=1913"}],"curies":[{"name":"wp","href":"https:\/\/api.w.org\/{rel}","templated":true}]}}

<p>En els centres d’ensenyament secundari, la secretaria és l’agent de gestió administrativa visible, per tant, és bàsic que la seva presència a la web sigui un dels elements de navegació principals. Us deixem informació sobre:</p>
<ul>
<li>Horari d’atenció: dilluns i dimarts de 8:00h a 10:00h i dimecres i dijous de 10:30h a 12:30h</li>
<li>Tràmits, sol·licituds de certificats, documentació pel centre&#8230;</li>
<li>Preinscripció i matrícula</li>
<li>Beques i ajuts</li>
</ul>
<p><a href="https://drive.google.com/file/d/1ZfMjskaunxLk5hqLDfmUjgsXhiepyPWy/view?usp=sharing" target="_blank" rel="noopener noreferrer">Autorització per a les proves COVID</a></p>
<p><a href="https://drive.google.com/file/d/12IkBHqz5Bp4VE1fJYyAW_vO_8k3d3jST/view?usp=sharing" target="_blank" rel="noopener noreferrer">Autorització DRETS D&#8217;IMATGE</a></p>
<p><a href="https://drive.google.com/file/d/1ydL1OUnshfphvatr_FKWtEjyqLgrpiSy/view?usp=sharing" target="_blank" rel="noopener noreferrer">Autorització SORTIDES i ACTIVITATS EXTRAESCOLARS</a></p>
<p><a href="https://drive.google.com/file/d/1RSslJoYWk5ROB9rOrVWtGlFzv34x4hL9/view?usp=sharing" target="_blank" rel="noopener noreferrer">Carta de COMPROMÍS EDUCATIU</a></p>
<p><a href="https://drive.google.com/file/d/1ENb_ZtcrdS-aINdmSHOQIcvr0hhwk-dM/view?usp=sharing" target="_blank" rel="noopener noreferrer">Declaració ESTAT DE SALUT</a></p>
<p><a href="https://drive.google.com/file/d/1BEAkLodc8PFVOlVZIkJNYDRoBpC0Y6aE/view?usp=sharing" target="_blank" rel="noopener noreferrer">Declaració responsable de FAMILIES MENORS</a></p>
<p><a href="https://drive.google.com/file/d/1ocFzd5sDhj0wF9KnTTBhVXqVQXEQh7Ie/view?usp=sharing" target="_blank" rel="noopener noreferrer">Gestió de RECURSOS DIGITALS &#8211; ÚS i Dades Persona</a></p>
<p><a href="https://drive.google.com/file/d/13Vi6eT_zCyFzMYHJpwT1WlIWjtayHAGk/view?usp=sharing" target="_blank" rel="noopener noreferrer">Informacions sobre PAGAMENTS</a></p>
<p>&nbsp;</p>

<p>En els centres d’ensenyament secundari, la secretaria és l’agent de gestió administrativa visible, per tant, és bàsic que la seva [&hellip;]</p>
