{"id":9,"date":"2014-09-12T10:15:01","date_gmt":"2014-09-12T10:15:01","guid":{"rendered":"http:\/\/agora.xtec.cat\/insdertosa\/?page_id=9"},"modified":"2026-04-15T10:45:34","modified_gmt":"2026-04-15T08:45:34","slug":"pagina-dinici-buida","status":"publish","type":"page","link":"https:\/\/agora.xtec.cat\/insdertosa\/","title":{"rendered":"Institut Dertosa"},"content":{"rendered":"<p><strong>INFORMACI\u00d3:<\/strong><\/p>\n<p style=\"text-align: center;\"><strong><span style=\"font-size: 36px; font-family: Arial, Helvetica, sans-serif; color: #3366ff;\">Curs 2026-2027<\/span><\/strong><\/p>\n<p style=\"text-align: center;\"><span style=\"font-size: 30px; font-family: Arial, Helvetica, sans-serif; color: #3366ff;\"><strong>Portes obertes Cicles Formatius, PFI i CFGB:<\/strong><\/span><\/p>\n<p style=\"text-align: center;\"><span style=\"font-size: 30px; font-family: Arial, Helvetica, sans-serif; color: #3366ff;\">dilluns 20 d&#8217;abril a les 19.00 h i dijous 23 d&#8217;abril a les 10.00 h<\/span><\/p>\n<p style=\"text-align: center;\"><a href=\"https:\/\/docs.google.com\/forms\/d\/e\/1FAIpQLSc1V5ZRF6DVMBAPFCtlleThHt--s_znSfGT0L6dRsJrPoUCWw\/viewform?usp=publish-editor\"><span style=\"font-size: 30px; font-family: Arial, Helvetica, sans-serif; color: #3366ff;\">Inscripci\u00f3 Portes Obertes Cicles Formatius<\/span><\/a><\/p>\n<p style=\"text-align: center;\"><span style=\"font-size: 30px; font-family: Arial, Helvetica, sans-serif; color: #3366ff;\"><strong>Preinscripci\u00f3 PFI i FPGB: <\/strong><\/span><span style=\"font-size: 30px; font-family: Arial, Helvetica, sans-serif; color: #3366ff;\">del 4 al 13 de maig de 2026<\/span><\/p>\n<p style=\"text-align: center;\"><span style=\"font-size: 30px; font-family: Arial, Helvetica, sans-serif; color: #3366ff;\"><strong>Preinscripci\u00f3 GM i GS: <\/strong><\/span><span style=\"font-size: 30px; font-family: Arial, Helvetica, sans-serif; color: #3366ff;\">del 26 de maig al 1 de juny<\/span><\/p>\n<p>&nbsp;<\/p>\n<p>&nbsp;<\/p>\n<p>&nbsp;<\/p>\n<p style=\"text-align: center;\"><span style=\"font-size: 30px; font-family: Arial, Helvetica, sans-serif; color: #3366ff;\"><strong>Preinscripci\u00f3 Batxillerat: <\/strong><\/span><\/p>\n<p style=\"text-align: center;\"><span style=\"font-size: 30px; font-family: Arial, Helvetica, sans-serif; color: #3366ff;\">\u00a0 \u00a0 \u00a0del 9 al 16 d&#8217;abril de 2026<\/span><span style=\"font-size: 30px; font-family: Arial, Helvetica, sans-serif; color: #3366ff;\"><strong>\u00a0<\/strong><\/span><\/p>\n<p><center><a href=\"https:\/\/tramits.gencat.cat\/ca\/tramits\/tramits-temes\/preinscripcio-batxillerat?&amp;moda=1\">Enlla\u00e7 al web per fer la preinscripci\u00f3<\/a><\/center>&nbsp;<\/p>\n<p><a href=\"https:\/\/drive.google.com\/file\/d\/1pfIm_kJDjlrDmTujbvNe5FD4kTfhxQ5H\/view?usp=sharing\">Informe Oferta de places Batxillerat<\/a><\/p>\n<p style=\"text-align: center;\"><span style=\"font-size: 30px; font-family: Arial, Helvetica, sans-serif; color: #3366ff;\"><strong>El batxillerat al Dertosa:\u00a0 \u00a0 \u00a0 \u00a0 \u00a0 \u00a0 \u00a0 \u00a0 \u00a0 \u00a0 \u00a0 \u00a0 \u00a0 \u00a0 \u00a0 \u00a0Viu l&#8217;experi\u00e8ncia<\/strong><\/span><\/p>\n<p style=\"text-align: center;\"><span style=\"font-size: 30px; font-family: Arial, Helvetica, sans-serif; color: #3366ff;\"><strong>\u00a0 \u00a0 \u00a0 \u00a0 \u00a0 \u00a0 \u00a0 \u00a0 \u00a0 \u00a0 \u00a0 \u00a0 \u00a0 \u00a0 \u00a0 \u00a0 \u00a0 \u00a0 \u00a0 \u00a0 \u00a0 \u00a0 \u00a0 \u00a0 \u00a0 \u00a0 \u00a0 \u00a0 \u00a0 \u00a0 \u00a0 \u00a0 \u00a0 \u00a0 \u00a0 \u00a0 \u00a0de l&#8217;art\u00edstic:<\/strong><\/span><\/p>\n<p>&nbsp;<\/p>\n<p><center><iframe loading=\"lazy\" src=\"https:\/\/drive.google.com\/file\/d\/1KWxV_p1STIfnilkRwWO6glQIgmsaDcTc\/preview\" width=\"500\" height=\"400\"><\/iframe>\u00a0 <iframe loading=\"lazy\" src=\"https:\/\/drive.google.com\/file\/d\/1b2bW5c6ndtOPz_PjbnkCSgDM3_l4ymnG\/preview\" width=\"500\" height=\"400\"><\/iframe><center><\/center><\/center>&nbsp;<\/p>\n<p style=\"text-align: center;\"><span style=\"font-size: 30px; font-family: Arial, Helvetica, sans-serif; color: #3366ff;\"><strong>\u00a0 \u00a0 Coneix el nostre<\/strong><\/span><strong style=\"color: #3366ff; font-family: Arial, Helvetica, sans-serif; font-size: 30px; text-align: center;\">\u00a0Batxillerat Internacional:<\/strong><\/p>\n<div class=\"ast-oembed-container \" style=\"height: 100%;\"><iframe loading=\"lazy\" title=\"PORTES OBERTES BATXILLERAT INTERNACIONAL\" width=\"500\" height=\"281\" src=\"https:\/\/www.youtube.com\/embed\/_EHquwHkYZc?feature=oembed\" frameborder=\"0\" allow=\"accelerometer; autoplay; clipboard-write; encrypted-media; gyroscope; picture-in-picture; web-share\" referrerpolicy=\"strict-origin-when-cross-origin\" allowfullscreen><\/iframe><\/div>\n<p>&nbsp;<\/p>\n<p style=\"text-align: center;\"><span style=\"font-size: 30px; font-family: Arial, Helvetica, sans-serif; color: #3366ff;\"><strong>Viu l&#8217;ESO al Dertosa: <\/strong><\/span><\/p>\n<p><center><iframe loading=\"lazy\" src=\"https:\/\/drive.google.com\/file\/d\/1f1mZfc_L_nVfVh1XPLO5JZEU92Rsn4I_\/preview\" width=\"960\" height=\"720\"><span data-mce-type=\"bookmark\" style=\"display: inline-block; width: 0px; overflow: hidden; line-height: 0;\" class=\"mce_SELRES_start\">\ufeff<\/span><\/iframe><center><\/center><\/center>&nbsp;<\/p>\n<p><a href=\"https:\/\/drive.google.com\/file\/d\/1oOAR99VY0Lkgt4_ClLW0wjgqGJmPJcwJ\/view?usp=sharing\">Informe Oferta de places ESO<\/a><\/p>\n<p><a href=\"https:\/\/drive.google.com\/file\/d\/1VDZ-09YjwDRfWOEQyxTRUhBdqSfpImyn\/view?usp=sharing\">Publicaci\u00f3 dels barems provisionals ESO<\/a><\/p>\n<h5 style=\"text-align: center;\"><a href=\"https:\/\/educacio.gencat.cat\/ca\/tramits\/tramits-temes\/358-ajuts-ministerio-NEE\">Ajuts per a alumnes amb necessitat espec\u00edfica de suport educatiu<\/a><\/h5>\n<p>&nbsp;<\/p>\n","protected":false},"excerpt":{"rendered":"<p>INFORMACI\u00d3: Curs 2026-2027 Portes obertes Cicles Formatius, PFI i CFGB: dilluns 20 d&#8217;abril a les 19.00 h i dijous 23 d&#8217;abril a les 10.00 h Inscripci\u00f3 Portes Obertes Cicles Formatius Preinscripci\u00f3 PFI i FPGB: del 4 al 13 de maig de 2026 Preinscripci\u00f3 GM i GS: del 26 de maig al 1 de juny &nbsp; [&hellip;]<\/p>\n","protected":false},"author":1,"featured_media":0,"parent":7,"menu_order":0,"comment_status":"closed","ping_status":"closed","template":"","meta":{"_bbp_topic_count":0,"_bbp_reply_count":0,"_bbp_total_topic_count":0,"_bbp_total_reply_count":0,"_bbp_voice_count":0,"_bbp_anonymous_reply_count":0,"_bbp_topic_count_hidden":0,"_bbp_reply_count_hidden":0,"_bbp_forum_subforum_count":0,"site-sidebar-layout":"default","site-content-layout":"","ast-site-content-layout":"default","site-content-style":"default","site-sidebar-style":"default","ast-global-header-display":"","ast-banner-title-visibility":"","ast-main-header-display":"","ast-hfb-above-header-display":"","ast-hfb-below-header-display":"","ast-hfb-mobile-header-display":"","site-post-title":"","ast-breadcrumbs-content":"","ast-featured-img":"","footer-sml-layout":"","theme-transparent-header-meta":"default","adv-header-id-meta":"","stick-header-meta":"","header-above-stick-meta":"","header-main-stick-meta":"","header-below-stick-meta":"","astra-migrate-meta-layouts":"set","ast-page-background-enabled":"default","ast-page-background-meta":{"desktop":{"background-color":"var(--ast-global-color-5)","background-image":"","background-repeat":"repeat","background-position":"center center","background-size":"auto","background-attachment":"scroll","background-type":"","background-media":"","overlay-type":"","overlay-color":"","overlay-opacity":"","overlay-gradient":""},"tablet":{"background-color":"","background-image":"","background-repeat":"repeat","background-position":"center center","background-size":"auto","background-attachment":"scroll","background-type":"","background-media":"","overlay-type":"","overlay-color":"","overlay-opacity":"","overlay-gradient":""},"mobile":{"background-color":"","background-image":"","background-repeat":"repeat","background-position":"center center","background-size":"auto","background-attachment":"scroll","background-type":"","background-media":"","overlay-type":"","overlay-color":"","overlay-opacity":"","overlay-gradient":""}},"ast-content-background-meta":{"desktop":{"background-color":"var(--ast-global-color-4)","background-image":"","background-repeat":"repeat","background-position":"center center","background-size":"auto","background-attachment":"scroll","background-type":"","background-media":"","overlay-type":"","overlay-color":"","overlay-opacity":"","overlay-gradient":""},"tablet":{"background-color":"var(--ast-global-color-4)","background-image":"","background-repeat":"repeat","background-position":"center center","background-size":"auto","background-attachment":"scroll","background-type":"","background-media":"","overlay-type":"","overlay-color":"","overlay-opacity":"","overlay-gradient":""},"mobile":{"background-color":"var(--ast-global-color-4)","background-image":"","background-repeat":"repeat","background-position":"center center","background-size":"auto","background-attachment":"scroll","background-type":"","background-media":"","overlay-type":"","overlay-color":"","overlay-opacity":"","overlay-gradient":""}},"footnotes":""},"class_list":["post-9","page","type-page","status-publish","hentry"],"post_mailing_queue_ids":[],"_links":{"self":[{"href":"https:\/\/agora.xtec.cat\/insdertosa\/wp-json\/wp\/v2\/pages\/9","targetHints":{"allow":["GET"]}}],"collection":[{"href":"https:\/\/agora.xtec.cat\/insdertosa\/wp-json\/wp\/v2\/pages"}],"about":[{"href":"https:\/\/agora.xtec.cat\/insdertosa\/wp-json\/wp\/v2\/types\/page"}],"author":[{"embeddable":true,"href":"https:\/\/agora.xtec.cat\/insdertosa\/wp-json\/wp\/v2\/users\/1"}],"replies":[{"embeddable":true,"href":"https:\/\/agora.xtec.cat\/insdertosa\/wp-json\/wp\/v2\/comments?post=9"}],"version-history":[{"count":7,"href":"https:\/\/agora.xtec.cat\/insdertosa\/wp-json\/wp\/v2\/pages\/9\/revisions"}],"predecessor-version":[{"id":16416,"href":"https:\/\/agora.xtec.cat\/insdertosa\/wp-json\/wp\/v2\/pages\/9\/revisions\/16416"}],"up":[{"embeddable":true,"href":"https:\/\/agora.xtec.cat\/insdertosa\/wp-json\/wp\/v2\/pages\/7"}],"wp:attachment":[{"href":"https:\/\/agora.xtec.cat\/insdertosa\/wp-json\/wp\/v2\/media?parent=9"}],"curies":[{"name":"wp","href":"https:\/\/api.w.org\/{rel}","templated":true}]}}