{"id":7466,"date":"2021-01-19T17:19:31","date_gmt":"2021-01-19T16:19:31","guid":{"rendered":"https:\/\/agora.xtec.cat\/insdertosa\/?page_id=7466"},"modified":"2024-07-01T17:49:46","modified_gmt":"2024-07-01T15:49:46","slug":"direccio-de-cuina","status":"publish","type":"page","link":"https:\/\/agora.xtec.cat\/insdertosa\/projecte-educatiu\/estudis\/direccio-de-cuina\/","title":{"rendered":"CFGS de Direcci\u00f3 de Cuina"},"content":{"rendered":"<p align=\"center\"><a href=\"https:\/\/agora.xtec.cat\/insdertosa\/projecte-educatiu\/estudis\/cicles-formatius\/fp-dual\/\"><span style=\"font-family: Arial, serif;\"><span style=\"font-size: x-large;\"><b>FORMACI\u00d3 PROFESSIONAL DUAL<\/b><\/span><\/span><\/a><\/p>\n<table class=\" aligncenter\" style=\"height: 540px; width: 567px;\" width=\"575\">\n<tbody>\n<tr style=\"height: 34px;\">\n<td style=\"width: 71.9922px; text-align: center; height: 34px;\"><strong>M\u00f2dul<\/strong><\/td>\n<td style=\"width: 425px; text-align: center; height: 34px;\"><strong>Nom del M\u00f2dul<\/strong><\/td>\n<td style=\"width: 60.0195px; text-align: center; height: 34px;\"><strong>Hores<\/strong><\/td>\n<\/tr>\n<tr style=\"height: 34px;\">\n<td style=\"width: 71.9922px; height: 34px;\">0496<\/td>\n<td style=\"width: 425px; height: 34px;\"><span style=\"color: #000000;\"><span style=\"font-family: Arial, serif;\"><span style=\"font-size: small;\">Control de prove\u00efment de mat\u00e8ries primeres<\/span><\/span><\/span><\/td>\n<td style=\"width: 60.0195px; height: 34px;\">66<\/td>\n<\/tr>\n<tr style=\"height: 34px;\">\n<td style=\"width: 71.9922px; height: 34px;\">0497<\/td>\n<td style=\"width: 425px; height: 34px; text-align: left;\"><span style=\"color: #000000;\"><span style=\"font-family: Arial, serif;\"><span style=\"font-size: small;\">Processos de preelaboraci\u00f3 i conservaci\u00f3 a la cuina<\/span><\/span><\/span><\/td>\n<td style=\"width: 60.0195px; height: 34px;\">198<\/td>\n<\/tr>\n<tr style=\"height: 34px;\">\n<td style=\"width: 71.9922px; height: 34px;\">0498<\/td>\n<td style=\"width: 425px; height: 34px;\"><span style=\"color: #000000;\"><span style=\"font-family: Arial, serif;\"><span style=\"font-size: small;\">Elaboracions de pastisseria i rebosteria a la cuina<\/span><\/span><\/span><\/td>\n<td style=\"width: 60.0195px; height: 34px;\">99<\/td>\n<\/tr>\n<tr style=\"height: 34px;\">\n<td style=\"width: 71.9922px; height: 34px;\">0499<\/td>\n<td style=\"width: 425px; height: 34px;\"><span style=\"color: #000000;\"><span style=\"font-family: Arial, serif;\"><span style=\"font-size: small;\">Processos d\u2019elaboraci\u00f3 culin\u00e0ria<\/span><\/span><\/span><\/td>\n<td style=\"width: 60.0195px; height: 34px;\">198<\/td>\n<\/tr>\n<tr style=\"height: 34px;\">\n<td style=\"width: 71.9922px; height: 34px;\">0500<\/td>\n<td style=\"width: 425px; height: 34px;\"><span style=\"color: #000000;\"><span style=\"font-family: Arial, serif;\"><span style=\"font-size: small;\">Gesti\u00f3 de la producci\u00f3 a la cuina<\/span><\/span><\/span><\/td>\n<td style=\"width: 60.0195px; height: 34px;\">99<\/td>\n<\/tr>\n<tr style=\"height: 34px;\">\n<td style=\"width: 71.9922px; height: 34px;\">0501<\/td>\n<td style=\"width: 425px; height: 34px;\"><span style=\"color: #000000;\"><span style=\"font-family: Arial, serif;\"><span style=\"font-size: small;\">Gesti\u00f3 de la qualitat i de la seguretat e higiene aliment\u00e0ria<\/span><\/span><\/span><\/td>\n<td style=\"width: 60.0195px; height: 34px;\">66<\/td>\n<\/tr>\n<tr style=\"height: 34px;\">\n<td style=\"width: 71.9922px; height: 34px;\">0502<\/td>\n<td style=\"width: 425px; height: 34px;\"><span style=\"color: #000000;\"><span style=\"font-family: Arial, serif;\"><span style=\"font-size: small;\">Gastronomia i nutrici\u00f3<\/span><\/span><\/span><\/td>\n<td style=\"width: 60.0195px; height: 34px;\">33<\/td>\n<\/tr>\n<tr style=\"height: 34px;\">\n<td style=\"width: 71.9922px; height: 34px;\">0503<\/td>\n<td style=\"width: 425px; height: 34px;\"><span style=\"color: #000000;\"><span style=\"font-family: Arial, serif;\"><span style=\"font-size: small;\">Gesti\u00f3 administrativa i comercial en restauraci\u00f3<\/span><\/span><\/span><\/td>\n<td style=\"width: 60.0195px; height: 34px;\">66<\/td>\n<\/tr>\n<tr style=\"height: 34px;\">\n<td style=\"width: 71.9922px; height: 34px;\">0504<\/td>\n<td style=\"width: 425px; height: 34px;\"><span style=\"color: #000000;\"><span style=\"font-family: Arial, serif;\"><span style=\"font-size: small;\">Recursos humans i direcci\u00f3 d\u2019equips en restauraci\u00f3<\/span><\/span><\/span><\/td>\n<td style=\"width: 60.0195px; height: 34px;\">66<\/td>\n<\/tr>\n<tr style=\"height: 34px;\">\n<td style=\"width: 71.9922px; height: 34px;\">0179<\/td>\n<td style=\"width: 425px; height: 34px;\"><span style=\"color: #000000;\"><span style=\"font-family: Arial, serif;\"><span style=\"font-size: small;\">Angl\u00e8s professional<\/span><\/span><\/span><\/td>\n<td style=\"width: 60.0195px; height: 34px;\">66<\/td>\n<\/tr>\n<tr style=\"height: 33px;\">\n<td style=\"width: 71.9922px; height: 33px;\">1709<\/td>\n<td style=\"width: 425px; height: 33px;\">Itinerari personal per a l&#8217;ocupabilitat I<\/td>\n<td style=\"width: 60.0195px; height: 33px;\">99<\/td>\n<\/tr>\n<tr style=\"height: 33px;\">\n<td style=\"width: 71.9922px; height: 33px;\">1710<\/td>\n<td style=\"width: 425px; height: 33px;\">Itinerari personal per a l&#8217;ocupabilitat II<\/td>\n<td style=\"width: 60.0195px; height: 33px;\">66<\/td>\n<\/tr>\n<tr>\n<td style=\"width: 71.9922px;\">1665<\/td>\n<td style=\"width: 425px;\">Digitalitzaci\u00f3 aplicada als sectors productius<\/td>\n<td style=\"width: 60.0195px;\">33<\/td>\n<\/tr>\n<tr>\n<td style=\"width: 71.9922px;\">1708<\/td>\n<td style=\"width: 425px;\"><span style=\"color: #000000;\"><span style=\"font-family: Arial, serif;\"><span style=\"font-size: small;\">Sostenibilitat aplicada al sistema productiu<\/span><\/span><\/span><\/td>\n<td style=\"width: 60.0195px;\">33<\/td>\n<\/tr>\n<tr>\n<td style=\"width: 71.9922px;\"><\/td>\n<td style=\"width: 425px;\"><span style=\"color: #000000;\"><span style=\"font-family: Arial, serif;\"><span style=\"font-size: small;\">M\u00f2dul Optatiu<\/span><\/span><\/span><\/td>\n<td style=\"width: 60.0195px;\">99<\/td>\n<\/tr>\n<tr style=\"height: 33px;\">\n<td style=\"width: 71.9922px; height: 33px;\">1713<\/td>\n<td style=\"width: 425px; height: 33px;\"><span style=\"color: #000000;\"><span style=\"font-family: Arial, serif;\"><span style=\"font-size: small;\">Projecte intermodular<\/span><\/span><\/span><\/td>\n<td style=\"width: 60.0195px; height: 33px;\">198<\/td>\n<\/tr>\n<tr style=\"height: 34px;\">\n<td style=\"width: 71.9922px; height: 34px;\">EA<\/td>\n<td style=\"width: 425px; height: 34px;\"><span style=\"color: #000000;\"><span style=\"font-family: Arial, serif;\"><span style=\"font-size: small;\">Estada en l&#8217;empresa<\/span><\/span><\/span><\/td>\n<td style=\"width: 60.0195px; height: 34px;\">515<\/td>\n<\/tr>\n<tr style=\"height: 33px;\">\n<td style=\"width: 559.512px; height: 33px;\" colspan=\"3\">TOTAL: 2000 h<\/td>\n<\/tr>\n<\/tbody>\n<\/table>\n<h4><\/h4>\n<h4><\/h4>\n<h4><\/h4>\n<h4 style=\"text-align: center;\"><a style=\"color: #2795b6;\" href=\"https:\/\/agora.xtec.cat\/insdertosa\/wp-content\/uploads\/usu144\/2021\/07\/CFPS____HTD0_CA.pdf\">M\u00c9S INFORMACI\u00d3 CFGS DIRECCI\u00d3 DE CUINA<\/a><\/h4>\n<p><span style=\"font-family: Arial, serif;\"><span style=\"font-size: small;\"><b>DE QU\u00c8 T<\/b><\/span><\/span><b style=\"font-size: small; font-family: Arial, serif;\">REBALLAR\u00c0S?<\/b><\/p>\n<ul>\n<li><span style=\"font-family: Arial, serif;\"><span style=\"font-size: small;\">Director\/a d\u2019aliments i begudes en establiments d\u2019hoteleria (Food&amp;beverage)<\/span><\/span><\/li>\n<li><span style=\"font-family: Arial, serif;\"><span style=\"font-size: small;\">Director\/a de cuina (xef)<\/span><\/span><\/li>\n<li><span style=\"font-family: Arial, serif;\"><span style=\"font-size: small;\">Cap de producci\u00f3 a la cuina<\/span><\/span><\/li>\n<li><span style=\"font-family: Arial, serif;\"><span style=\"font-size: small;\">Cap de cuina<\/span><\/span><\/li>\n<li><span style=\"font-family: Arial, serif;\"><span style=\"font-size: small;\">Segon cap de cuina<\/span><\/span><\/li>\n<li><span style=\"font-family: Arial, serif;\"><span style=\"font-size: small;\">Cap de serveis d\u2019\u00e0pats (c\u00e0tering)<\/span><\/span><\/li>\n<li><span style=\"font-family: Arial, serif;\"><span style=\"font-size: small;\">Cap de partida<\/span><\/span><\/li>\n<li><span style=\"font-family: Arial, serif;\"><span style=\"font-size: small;\">Encarregat\/da d\u2019economat i bodega<\/span><\/span><\/li>\n<\/ul>\n","protected":false},"excerpt":{"rendered":"<p>FORMACI\u00d3 PROFESSIONAL DUAL M\u00f2dul Nom del M\u00f2dul Hores 0496 Control de prove\u00efment de mat\u00e8ries primeres 66 0497 Processos de preelaboraci\u00f3 i conservaci\u00f3 a la cuina 198 0498 Elaboracions de pastisseria i rebosteria a la cuina 99 0499 Processos d\u2019elaboraci\u00f3 culin\u00e0ria 198 0500 Gesti\u00f3 de la producci\u00f3 a la cuina 99 0501 Gesti\u00f3 de la qualitat [&hellip;]<\/p>\n","protected":false},"author":143,"featured_media":0,"parent":195,"menu_order":0,"comment_status":"closed","ping_status":"closed","template":"","meta":{"_bbp_topic_count":0,"_bbp_reply_count":0,"_bbp_total_topic_count":0,"_bbp_total_reply_count":0,"_bbp_voice_count":0,"_bbp_anonymous_reply_count":0,"_bbp_topic_count_hidden":0,"_bbp_reply_count_hidden":0,"_bbp_forum_subforum_count":0,"site-sidebar-layout":"default","site-content-layout":"","ast-site-content-layout":"","site-content-style":"default","site-sidebar-style":"default","ast-global-header-display":"","ast-banner-title-visibility":"","ast-main-header-display":"","ast-hfb-above-header-display":"","ast-hfb-below-header-display":"","ast-hfb-mobile-header-display":"","site-post-title":"","ast-breadcrumbs-content":"","ast-featured-img":"","footer-sml-layout":"","theme-transparent-header-meta":"","adv-header-id-meta":"","stick-header-meta":"","header-above-stick-meta":"","header-main-stick-meta":"","header-below-stick-meta":"","astra-migrate-meta-layouts":"default","ast-page-background-enabled":"default","ast-page-background-meta":{"desktop":{"background-color":"var(--ast-global-color-5)","background-image":"","background-repeat":"repeat","background-position":"center center","background-size":"auto","background-attachment":"scroll","background-type":"","background-media":"","overlay-type":"","overlay-color":"","overlay-opacity":"","overlay-gradient":""},"tablet":{"background-color":"","background-image":"","background-repeat":"repeat","background-position":"center center","background-size":"auto","background-attachment":"scroll","background-type":"","background-media":"","overlay-type":"","overlay-color":"","overlay-opacity":"","overlay-gradient":""},"mobile":{"background-color":"","background-image":"","background-repeat":"repeat","background-position":"center center","background-size":"auto","background-attachment":"scroll","background-type":"","background-media":"","overlay-type":"","overlay-color":"","overlay-opacity":"","overlay-gradient":""}},"ast-content-background-meta":{"desktop":{"background-color":"var(--ast-global-color-4)","background-image":"","background-repeat":"repeat","background-position":"center center","background-size":"auto","background-attachment":"scroll","background-type":"","background-media":"","overlay-type":"","overlay-color":"","overlay-opacity":"","overlay-gradient":""},"tablet":{"background-color":"var(--ast-global-color-4)","background-image":"","background-repeat":"repeat","background-position":"center center","background-size":"auto","background-attachment":"scroll","background-type":"","background-media":"","overlay-type":"","overlay-color":"","overlay-opacity":"","overlay-gradient":""},"mobile":{"background-color":"var(--ast-global-color-4)","background-image":"","background-repeat":"repeat","background-position":"center center","background-size":"auto","background-attachment":"scroll","background-type":"","background-media":"","overlay-type":"","overlay-color":"","overlay-opacity":"","overlay-gradient":""}},"footnotes":""},"class_list":["post-7466","page","type-page","status-publish","hentry"],"post_mailing_queue_ids":[],"_links":{"self":[{"href":"https:\/\/agora.xtec.cat\/insdertosa\/wp-json\/wp\/v2\/pages\/7466","targetHints":{"allow":["GET"]}}],"collection":[{"href":"https:\/\/agora.xtec.cat\/insdertosa\/wp-json\/wp\/v2\/pages"}],"about":[{"href":"https:\/\/agora.xtec.cat\/insdertosa\/wp-json\/wp\/v2\/types\/page"}],"author":[{"embeddable":true,"href":"https:\/\/agora.xtec.cat\/insdertosa\/wp-json\/wp\/v2\/users\/143"}],"replies":[{"embeddable":true,"href":"https:\/\/agora.xtec.cat\/insdertosa\/wp-json\/wp\/v2\/comments?post=7466"}],"version-history":[{"count":7,"href":"https:\/\/agora.xtec.cat\/insdertosa\/wp-json\/wp\/v2\/pages\/7466\/revisions"}],"predecessor-version":[{"id":13072,"href":"https:\/\/agora.xtec.cat\/insdertosa\/wp-json\/wp\/v2\/pages\/7466\/revisions\/13072"}],"up":[{"embeddable":true,"href":"https:\/\/agora.xtec.cat\/insdertosa\/wp-json\/wp\/v2\/pages\/195"}],"wp:attachment":[{"href":"https:\/\/agora.xtec.cat\/insdertosa\/wp-json\/wp\/v2\/media?parent=7466"}],"curies":[{"name":"wp","href":"https:\/\/api.w.org\/{rel}","templated":true}]}}