{"id":81,"date":"2014-09-18T10:38:05","date_gmt":"2014-09-18T10:38:05","guid":{"rendered":"http:\/\/agora.xtec.cat\/insderodadebara\/?page_id=81"},"modified":"2019-10-14T08:46:54","modified_gmt":"2019-10-14T06:46:54","slug":"secretaria","status":"publish","type":"page","link":"https:\/\/agora.xtec.cat\/insderodadebara\/secretaria\/","title":{"rendered":"Secretaria"},"content":{"rendered":"<p><strong>Matr\u00edcula i confirmaci\u00f3 matr\u00edcula<\/strong><\/p>\n<p>L&#8217;alumnat nou del Centre podr\u00e0 arreplegar a Secretaria la documentaci\u00f3 per fer efectiva la matr\u00edcula<\/p>\n<p>&nbsp;<\/p>\n<table>\n<tbody>\n<tr>\n<td><strong>Confirmaci\u00f3 matr\u00edcula<\/strong><\/td>\n<td><strong>Documents<\/strong><\/td>\n<td><strong>Notes<\/strong><\/td>\n<\/tr>\n<tr>\n<td>Alumnes que han cursat 1r,2n,3r i 4t al Centre el curs 2014-15<\/td>\n<td><em>Proporcionats pel Centre :<\/em><\/p>\n<p>Full confirmaci\u00f3 de matr\u00edcula<\/p>\n<p>Full autoritzacions persones que poden recollir els alumnes<\/p>\n<p>Tria d&#8217;optatives per al curs vinent ( nom\u00e9s en algun nivell )<\/p>\n<p>Full aportaci\u00f3 al Centre<\/p>\n<p><em>Informaci\u00f3 que cal que aporten les fam\u00edlies :<\/em><\/p>\n<p>Dades actualitzaci\u00f3 situaci\u00f3 familiar o menor ( DNI, canvi domicilis, certificats m\u00e8dics, vacunacions&#8230;<\/td>\n<td>Amb l&#8217;aportaci\u00f3 de les fam\u00edlies el Centre millora el curr\u00edculum i seguiment dels alumnes al poder incorporar un programa inform\u00e0tic de Gesti\u00f3 de l&#8217;alumne.Tamb\u00e9 es complementa el material del taller i el laboratori aix\u00ed com algunes activitats transversals com les Jornades Matem\u00e0tiques o el Mercat Medieval.<\/td>\n<\/tr>\n<tr>\n<td>Nou Alumnat<\/td>\n<td><strong>Nom\u00e9s si no ha fet la preinscripci\u00f3 al Centre o li faltava algun document:<\/strong><\/p>\n<p>Original i fotoc\u00f2pia del DNI del tutor\/a legals de l&#8217;alumne<\/p>\n<p>DNI de l&#8217;alumne (si en t\u00e9)<\/p>\n<p>Original i c\u00f2pia del LLibre de Fam\u00edlia<\/p>\n<p>Original i c\u00f2pia de la TSI ( targeta sanit\u00e0ria individual ) de l&#8217;alumne<\/p>\n<p><strong>Matr\u00edcula :<\/strong><\/p>\n<p>Impr\u00e8s de Matr\u00edcula ( Proporcionat pel Centre )<\/p>\n<p>Fotoc\u00f2pia Carnet de vacunacions complet<\/p>\n<p>Dues fotoc\u00f2pies tamany carnet<\/p>\n<p>Certificat m\u00e8dic en el cas d&#8217;alguna al.l\u00e8rgia o malaltia<\/p>\n<p>Si hi ha alguna situaci\u00f3 de divorci o cust\u00f2dia legal cal aportar la documentaci\u00f3 necess\u00e0ria<\/p>\n<p>Full aportaci\u00f3 al Centre<\/p>\n<p>Qualsevol altra informaci\u00f3 que considereu important<\/p>\n<p>Autoritzaci\u00f3 familiar a altres persones per recollida de l&#8217;alumne ( proporcionada pel Centre )<\/p>\n<p>Sol.licitud d&#8217;imatge personal i autoritzaci\u00f3 per a sortides curriculars ( proporcionades pel Centre )<\/p>\n<p>Tria formaci\u00f3 religiosa o Valors C\u00edvics<\/td>\n<td>Amb l&#8217;aportaci\u00f3 de les fam\u00edlies el Centre millora el curr\u00edculum i seguiment dels alumnes al poder incorporar un programa inform\u00e0tic de Gesti\u00f3 de l&#8217;alumne.Tamb\u00e9 es complementa el material del taller i el laboratori aix\u00ed com algunes activitats transversals com les Jornades Matem\u00e0tiques o el Mercat Medieval.<\/td>\n<\/tr>\n<tr>\n<td><\/td>\n<td><\/td>\n<td><\/td>\n<\/tr>\n<\/tbody>\n<\/table>\n<p>&nbsp;<\/p>\n","protected":false},"excerpt":{"rendered":"<p>Matr\u00edcula i confirmaci\u00f3 matr\u00edcula<br \/>\nL&#8217;alumnat nou del Centre podr\u00e0 arreplegar a Secretaria la documentaci\u00f3 per fer efectiva la matr\u00edcula<br \/>\n&nbsp;<\/p>\n<p>Confirmaci\u00f3 matr\u00edcula<br \/>\nDocuments<br \/>\nNotes<\/p>\n<p>Alumnes que han cursat 1r,2n,3r i 4t al Centre el curs 2014-15<br \/>\nProporcionats pel Centre :<br \/>\nFull confirmaci\u00f3 de matr\u00edcula<br \/>\nFull autoritzacions persones que poden recollir els alumnes<br \/>\nTria d&#8217;optatives per&hellip;  <a href=\"https:\/\/agora.xtec.cat\/insderodadebara\/secretaria\/\" title=\"Read Secretaria\">Llegeix m\u00e9s\u00bb<\/a><\/p>\n","protected":false},"author":1,"featured_media":0,"parent":0,"menu_order":0,"comment_status":"closed","ping_status":"closed","template":"page-templates\/side-menu.php","meta":{"_bbp_topic_count":0,"_bbp_reply_count":0,"_bbp_total_topic_count":0,"_bbp_total_reply_count":0,"_bbp_voice_count":0,"_bbp_anonymous_reply_count":0,"_bbp_topic_count_hidden":0,"_bbp_reply_count_hidden":0,"_bbp_forum_subforum_count":0,"footnotes":""},"class_list":["post-81","page","type-page","status-publish","hentry"],"post_mailing_queue_ids":[],"_links":{"self":[{"href":"https:\/\/agora.xtec.cat\/insderodadebara\/wp-json\/wp\/v2\/pages\/81","targetHints":{"allow":["GET"]}}],"collection":[{"href":"https:\/\/agora.xtec.cat\/insderodadebara\/wp-json\/wp\/v2\/pages"}],"about":[{"href":"https:\/\/agora.xtec.cat\/insderodadebara\/wp-json\/wp\/v2\/types\/page"}],"author":[{"embeddable":true,"href":"https:\/\/agora.xtec.cat\/insderodadebara\/wp-json\/wp\/v2\/users\/1"}],"replies":[{"embeddable":true,"href":"https:\/\/agora.xtec.cat\/insderodadebara\/wp-json\/wp\/v2\/comments?post=81"}],"version-history":[{"count":3,"href":"https:\/\/agora.xtec.cat\/insderodadebara\/wp-json\/wp\/v2\/pages\/81\/revisions"}],"predecessor-version":[{"id":2371,"href":"https:\/\/agora.xtec.cat\/insderodadebara\/wp-json\/wp\/v2\/pages\/81\/revisions\/2371"}],"wp:attachment":[{"href":"https:\/\/agora.xtec.cat\/insderodadebara\/wp-json\/wp\/v2\/media?parent=81"}],"curies":[{"name":"wp","href":"https:\/\/api.w.org\/{rel}","templated":true}]}}

<p><strong>Matrícula i confirmació matrícula</strong></p>
<p>L&#8217;alumnat nou del Centre podrà arreplegar a Secretaria la documentació per fer efectiva la matrícula</p>
<p>&nbsp;</p>
<table>
<tbody>
<tr>
<td><strong>Confirmació matrícula</strong></td>
<td><strong>Documents</strong></td>
<td><strong>Notes</strong></td>
</tr>
<tr>
<td>Alumnes que han cursat 1r,2n,3r i 4t al Centre el curs 2014-15</td>
<td><em>Proporcionats pel Centre :</em></p>
<p>Full confirmació de matrícula</p>
<p>Full autoritzacions persones que poden recollir els alumnes</p>
<p>Tria d&#8217;optatives per al curs vinent ( només en algun nivell )</p>
<p>Full aportació al Centre</p>
<p><em>Informació que cal que aporten les famílies :</em></p>
<p>Dades actualització situació familiar o menor ( DNI, canvi domicilis, certificats mèdics, vacunacions&#8230;</td>
<td>Amb l&#8217;aportació de les famílies el Centre millora el currículum i seguiment dels alumnes al poder incorporar un programa informàtic de Gestió de l&#8217;alumne.També es complementa el material del taller i el laboratori així com algunes activitats transversals com les Jornades Matemàtiques o el Mercat Medieval.</td>
</tr>
<tr>
<td>Nou Alumnat</td>
<td><strong>Només si no ha fet la preinscripció al Centre o li faltava algun document:</strong></p>
<p>Original i fotocòpia del DNI del tutor/a legals de l&#8217;alumne</p>
<p>DNI de l&#8217;alumne (si en té)</p>
<p>Original i còpia del LLibre de Família</p>
<p>Original i còpia de la TSI ( targeta sanitària individual ) de l&#8217;alumne</p>
<p><strong>Matrícula :</strong></p>
<p>Imprès de Matrícula ( Proporcionat pel Centre )</p>
<p>Fotocòpia Carnet de vacunacions complet</p>
<p>Dues fotocòpies tamany carnet</p>
<p>Certificat mèdic en el cas d&#8217;alguna al.lèrgia o malaltia</p>
<p>Si hi ha alguna situació de divorci o custòdia legal cal aportar la documentació necessària</p>
<p>Full aportació al Centre</p>
<p>Qualsevol altra informació que considereu important</p>
<p>Autorització familiar a altres persones per recollida de l&#8217;alumne ( proporcionada pel Centre )</p>
<p>Sol.licitud d&#8217;imatge personal i autorització per a sortides curriculars ( proporcionades pel Centre )</p>
<p>Tria formació religiosa o Valors Cívics</td>
<td>Amb l&#8217;aportació de les famílies el Centre millora el currículum i seguiment dels alumnes al poder incorporar un programa informàtic de Gestió de l&#8217;alumne.També es complementa el material del taller i el laboratori així com algunes activitats transversals com les Jornades Matemàtiques o el Mercat Medieval.</td>
</tr>
<tr>
<td></td>
<td></td>
<td></td>
</tr>
</tbody>
</table>
<p>&nbsp;</p>

<p>Matrícula i confirmació matrícula<br />
L&#8217;alumnat nou del Centre podrà arreplegar a Secretaria la documentació per fer efectiva la matrícula<br />
&nbsp;</p>
<p>Confirmació matrícula<br />
Documents<br />
Notes</p>
<p>Alumnes que han cursat 1r,2n,3r i 4t al Centre el curs 2014-15<br />
Proporcionats pel Centre :<br />
Full confirmació de matrícula<br />
Full autoritzacions persones que poden recollir els alumnes<br />
Tria d&#8217;optatives per&hellip;  <a href="https://agora.xtec.cat/insderodadebara/secretaria/" title="Read Secretaria">Llegeix més»</a></p>
