{"id":632,"date":"2016-02-03T17:08:57","date_gmt":"2016-02-03T16:08:57","guid":{"rendered":"http:\/\/agora.xtec.cat\/insderodadebara\/?page_id=632"},"modified":"2025-03-05T13:06:08","modified_gmt":"2025-03-05T12:06:08","slug":"religio","status":"publish","type":"page","link":"https:\/\/agora.xtec.cat\/insderodadebara\/departaments\/religio\/","title":{"rendered":"Religi\u00f3"},"content":{"rendered":"<p><a href=\"http:\/\/agora.xtec.cat\/insderodadebara\/wp-content\/uploads\/usu1145\/2016\/02\/1255261120640_f.jpg\"><img loading=\"lazy\" decoding=\"async\" class=\"size-full wp-image-641 aligncenter\" src=\"http:\/\/agora.xtec.cat\/insderodadebara\/wp-content\/uploads\/usu1145\/2016\/02\/1255261120640_f.jpg\" alt=\"1255261120640_f\" width=\"500\" height=\"468\" srcset=\"https:\/\/agora.xtec.cat\/insderodadebara\/wp-content\/uploads\/usu1145\/2016\/02\/1255261120640_f.jpg 500w, https:\/\/agora.xtec.cat\/insderodadebara\/wp-content\/uploads\/usu1145\/2016\/02\/1255261120640_f-300x281.jpg 300w\" sizes=\"auto, (max-width: 500px) 100vw, 500px\" \/><\/a><\/p>\n<p>En Llu\u00eds Juli \u00e9s el professor de Religi\u00f3. En aquesta mat\u00e8ria reflexionem sobre diversos temes importants relacionats amb les persones, amb el m\u00f3n i amb D\u00e9u.<\/p>\n<p>Parlem d&#8217;aquelles preguntes que s&#8217;han fet les persones des de l&#8217;inici del m\u00f3n: quin sentit t\u00e9 la vida? Quin sentit t\u00e9 la mort? Per qu\u00e8 hi ha patiment en el m\u00f3n? Podem distingir entre el b\u00e9 i el mal? Per qu\u00e8 hi ha coses que ens fan feli\u00e7os i en canvi n&#8217;hi ha d&#8217;altres que ens entristeixen?<\/p>\n<p>Reflexionem sobre els esdeveniments que han succe\u00eft al llarg de la hist\u00f2ria i sobre aquells que ara mateix passen en el nostre m\u00f3n.<\/p>\n<p>Aprofundim en la idea de D\u00e9u des de l&#8217;antiguitat fins als moments actuals i ens centrem, sobretot, en la figura de Jesucrist i en tots aquells valors que ha aportat a la humanitat: perd\u00f3, amor, miseric\u00f2rdia, just\u00edcia, igualtat, llibertat, servei, etc.<\/p>\n<p>Per tal d&#8217;aconseguir-ho cada trimestre veiem una pel\u00b7l\u00edcula i fem diverses activitats que ens hi ajudin.<\/p>\n<p>En definitiva, l&#8217;assignatura de Religi\u00f3 vol ser un espai de reflexi\u00f3 i d&#8217;aprofundiment en q\u00fcestions fonamentals per a l&#8217;\u00e9sser hum\u00e0.<\/p>\n","protected":false},"excerpt":{"rendered":"<p><a href=\"http:\/\/agora.xtec.cat\/insderodadebara\/wp-content\/uploads\/usu1145\/2016\/02\/1255261120640_f.jpg\"><\/a><br \/>\nEn Llu\u00eds Juli \u00e9s el professor de Religi\u00f3. En aquesta mat\u00e8ria reflexionem sobre diversos temes importants relacionats amb les persones, amb el m\u00f3n i amb D\u00e9u.<br \/>\nParlem d&#8217;aquelles preguntes que s&#8217;han fet les persones des de l&#8217;inici del m\u00f3n: quin sentit t\u00e9 la vida? Quin&hellip;  <a href=\"https:\/\/agora.xtec.cat\/insderodadebara\/departaments\/religio\/\" title=\"Read Religi\u00f3\">Llegeix m\u00e9s\u00bb<\/a><\/p>\n","protected":false},"author":4,"featured_media":0,"parent":418,"menu_order":0,"comment_status":"closed","ping_status":"closed","template":"page-templates\/side-menu.php","meta":{"_bbp_topic_count":0,"_bbp_reply_count":0,"_bbp_total_topic_count":0,"_bbp_total_reply_count":0,"_bbp_voice_count":0,"_bbp_anonymous_reply_count":0,"_bbp_topic_count_hidden":0,"_bbp_reply_count_hidden":0,"_bbp_forum_subforum_count":0,"footnotes":""},"class_list":["post-632","page","type-page","status-publish","hentry"],"post_mailing_queue_ids":[],"_links":{"self":[{"href":"https:\/\/agora.xtec.cat\/insderodadebara\/wp-json\/wp\/v2\/pages\/632","targetHints":{"allow":["GET"]}}],"collection":[{"href":"https:\/\/agora.xtec.cat\/insderodadebara\/wp-json\/wp\/v2\/pages"}],"about":[{"href":"https:\/\/agora.xtec.cat\/insderodadebara\/wp-json\/wp\/v2\/types\/page"}],"author":[{"embeddable":true,"href":"https:\/\/agora.xtec.cat\/insderodadebara\/wp-json\/wp\/v2\/users\/4"}],"replies":[{"embeddable":true,"href":"https:\/\/agora.xtec.cat\/insderodadebara\/wp-json\/wp\/v2\/comments?post=632"}],"version-history":[{"count":5,"href":"https:\/\/agora.xtec.cat\/insderodadebara\/wp-json\/wp\/v2\/pages\/632\/revisions"}],"predecessor-version":[{"id":3845,"href":"https:\/\/agora.xtec.cat\/insderodadebara\/wp-json\/wp\/v2\/pages\/632\/revisions\/3845"}],"up":[{"embeddable":true,"href":"https:\/\/agora.xtec.cat\/insderodadebara\/wp-json\/wp\/v2\/pages\/418"}],"wp:attachment":[{"href":"https:\/\/agora.xtec.cat\/insderodadebara\/wp-json\/wp\/v2\/media?parent=632"}],"curies":[{"name":"wp","href":"https:\/\/api.w.org\/{rel}","templated":true}]}}

Religió

<p><a href="http://agora.xtec.cat/insderodadebara/wp-content/uploads/usu1145/2016/02/1255261120640_f.jpg"><img loading="lazy" decoding="async" class="size-full wp-image-641 aligncenter" src="http://agora.xtec.cat/insderodadebara/wp-content/uploads/usu1145/2016/02/1255261120640_f.jpg" alt="1255261120640_f" width="500" height="468" srcset="https://agora.xtec.cat/insderodadebara/wp-content/uploads/usu1145/2016/02/1255261120640_f.jpg 500w, https://agora.xtec.cat/insderodadebara/wp-content/uploads/usu1145/2016/02/1255261120640_f-300x281.jpg 300w" sizes="auto, (max-width: 500px) 100vw, 500px" /></a></p>
<p>En Lluís Juli és el professor de Religió. En aquesta matèria reflexionem sobre diversos temes importants relacionats amb les persones, amb el món i amb Déu.</p>
<p>Parlem d&#8217;aquelles preguntes que s&#8217;han fet les persones des de l&#8217;inici del món: quin sentit té la vida? Quin sentit té la mort? Per què hi ha patiment en el món? Podem distingir entre el bé i el mal? Per què hi ha coses que ens fan feliços i en canvi n&#8217;hi ha d&#8217;altres que ens entristeixen?</p>
<p>Reflexionem sobre els esdeveniments que han succeït al llarg de la història i sobre aquells que ara mateix passen en el nostre món.</p>
<p>Aprofundim en la idea de Déu des de l&#8217;antiguitat fins als moments actuals i ens centrem, sobretot, en la figura de Jesucrist i en tots aquells valors que ha aportat a la humanitat: perdó, amor, misericòrdia, justícia, igualtat, llibertat, servei, etc.</p>
<p>Per tal d&#8217;aconseguir-ho cada trimestre veiem una pel·lícula i fem diverses activitats que ens hi ajudin.</p>
<p>En definitiva, l&#8217;assignatura de Religió vol ser un espai de reflexió i d&#8217;aprofundiment en qüestions fonamentals per a l&#8217;ésser humà.</p>

<p><a href="http://agora.xtec.cat/insderodadebara/wp-content/uploads/usu1145/2016/02/1255261120640_f.jpg"></a><br />
En Lluís Juli és el professor de Religió. En aquesta matèria reflexionem sobre diversos temes importants relacionats amb les persones, amb el món i amb Déu.<br />
Parlem d&#8217;aquelles preguntes que s&#8217;han fet les persones des de l&#8217;inici del món: quin sentit té la vida? Quin&hellip;  <a href="https://agora.xtec.cat/insderodadebara/departaments/religio/" title="Read Religió">Llegeix més»</a></p>
