{"id":605,"date":"2016-02-03T14:05:16","date_gmt":"2016-02-03T13:05:16","guid":{"rendered":"http:\/\/agora.xtec.cat\/insderodadebara\/?page_id=605"},"modified":"2025-09-14T17:49:07","modified_gmt":"2025-09-14T15:49:07","slug":"orientacio","status":"publish","type":"page","link":"https:\/\/agora.xtec.cat\/insderodadebara\/departaments\/orientacio\/","title":{"rendered":"Orientaci\u00f3 Educativa"},"content":{"rendered":"<p>El Departament d\u2019Orientaci\u00f3 Educativa de l\u2019Institut Roda de Ber\u00e0 consta de tres psicopedagogs\/gues: Juancho Navarro (jnavar72@xtec.cat), Sandra Mart\u00edn (smarti90@xtec.cat) i Elisabeth Hurtado (ehurtado@xtec.cat), a c\u00e0rrec de l&#8217;atenci\u00f3 a l&#8217;alumnat del centre. D&#8217;igual manera, t\u00e9 adscrit el SIEI (Suport Intensiu a la Educaci\u00f3 Inclusiva) i les seves tres professionals: Marina Fortuny, S\u00f2nia Salcedo i la coordinadora del servei, Vicky Linares (vlinares@xtec.cat).<\/p>\n<p>L&#8217;objectiu principal del departament \u00e9s el de col\u00b7laborar amb el personal de l\u2019institut per aconseguir l\u2019\u00e8xit escolar de l\u2019alumnat del centre, afavorint la seva inclusi\u00f3, socialitzaci\u00f3 i desenvolupament integral.<\/p>\n<p>M\u00e9s concretament, els\/les professors\/es d&#8217;orientaci\u00f3 educativa se centren en:<\/p>\n<ol>\n<li>L&#8217;atenci\u00f3 a l&#8217;alumnat: doc\u00e8ncia de certes assignatures (Cultura i Valors, suport a algunes instrumentals, optatives com T\u00e8cniques d&#8217;Estudi, Mediaci\u00f3 i Filosofia, entre d&#8217;altres); atenci\u00f3 individual als alumnes amb necessitats educatives especials; atenci\u00f3 a l&#8217;alumnat amb dificultats emocionals o de comportament i a les seves fam\u00edlies;<\/li>\n<li>El suport al professorat: atenent les seves demandes d&#8217;avaluaci\u00f3 i seguiment d&#8217;alumnes; i<\/li>\n<li>L&#8217;acci\u00f3 tutorial: amb activitats com els cercles restauratius, xerrades i tallers, o l&#8217;orientaci\u00f3 professional i laboral amb l&#8217;alumnat de 3r i 4t ESO.<\/li>\n<\/ol>\n<p>Les vies de contacte amb el departament s\u00f3n diverses:<\/p>\n<ul>\n<li>A trav\u00e9s del tutor\/a de l&#8217;alumne\/a que necessita atenci\u00f3<\/li>\n<li>Per tel\u00e8fon: 977657505<\/li>\n<li>Per correu electr\u00f2nic: jnavar72@xtec.cat; ehurtado@xtec.cat; smarti90@xtec.cat; vlinares<span class=\"\">@xtec.ca<\/span>t (en cas de consultes sobre l&#8217;alumnat usuari de SIEI)<\/li>\n<li>Presencialment: pr\u00e8via cita<\/li>\n<\/ul>\n<p>Roda de Ber\u00e0, curs 2025-2026<\/p>\n","protected":false},"excerpt":{"rendered":"<p>El Departament d\u2019Orientaci\u00f3 Educativa de l\u2019Institut Roda de Ber\u00e0 consta de tres psicopedagogs\/gues: Juancho Navarro (jnavar72@xtec.cat), Sandra Mart\u00edn (smarti90@xtec.cat) i Elisabeth Hurtado (ehurtado@xtec.cat), a c\u00e0rrec de l&#8217;atenci\u00f3 a l&#8217;alumnat del centre. D&#8217;igual manera, t\u00e9 adscrit el SIEI (Suport Intensiu a la Educaci\u00f3 Inclusiva) i les&hellip;  <a href=\"https:\/\/agora.xtec.cat\/insderodadebara\/departaments\/orientacio\/\" title=\"Read Orientaci\u00f3 Educativa\">Llegeix m\u00e9s\u00bb<\/a><\/p>\n","protected":false},"author":1,"featured_media":0,"parent":418,"menu_order":0,"comment_status":"closed","ping_status":"closed","template":"page-templates\/side-menu.php","meta":{"_bbp_topic_count":0,"_bbp_reply_count":0,"_bbp_total_topic_count":0,"_bbp_total_reply_count":0,"_bbp_voice_count":0,"_bbp_anonymous_reply_count":0,"_bbp_topic_count_hidden":0,"_bbp_reply_count_hidden":0,"_bbp_forum_subforum_count":0,"footnotes":""},"class_list":["post-605","page","type-page","status-publish","hentry"],"post_mailing_queue_ids":[],"_links":{"self":[{"href":"https:\/\/agora.xtec.cat\/insderodadebara\/wp-json\/wp\/v2\/pages\/605","targetHints":{"allow":["GET"]}}],"collection":[{"href":"https:\/\/agora.xtec.cat\/insderodadebara\/wp-json\/wp\/v2\/pages"}],"about":[{"href":"https:\/\/agora.xtec.cat\/insderodadebara\/wp-json\/wp\/v2\/types\/page"}],"author":[{"embeddable":true,"href":"https:\/\/agora.xtec.cat\/insderodadebara\/wp-json\/wp\/v2\/users\/1"}],"replies":[{"embeddable":true,"href":"https:\/\/agora.xtec.cat\/insderodadebara\/wp-json\/wp\/v2\/comments?post=605"}],"version-history":[{"count":7,"href":"https:\/\/agora.xtec.cat\/insderodadebara\/wp-json\/wp\/v2\/pages\/605\/revisions"}],"predecessor-version":[{"id":3960,"href":"https:\/\/agora.xtec.cat\/insderodadebara\/wp-json\/wp\/v2\/pages\/605\/revisions\/3960"}],"up":[{"embeddable":true,"href":"https:\/\/agora.xtec.cat\/insderodadebara\/wp-json\/wp\/v2\/pages\/418"}],"wp:attachment":[{"href":"https:\/\/agora.xtec.cat\/insderodadebara\/wp-json\/wp\/v2\/media?parent=605"}],"curies":[{"name":"wp","href":"https:\/\/api.w.org\/{rel}","templated":true}]}}

Orientació Educativa

<p>El Departament d’Orientació Educativa de l’Institut Roda de Berà consta de tres psicopedagogs/gues: Juancho Navarro (jnavar72@xtec.cat), Sandra Martín (smarti90@xtec.cat) i Elisabeth Hurtado (ehurtado@xtec.cat), a càrrec de l&#8217;atenció a l&#8217;alumnat del centre. D&#8217;igual manera, té adscrit el SIEI (Suport Intensiu a la Educació Inclusiva) i les seves tres professionals: Marina Fortuny, Sònia Salcedo i la coordinadora del servei, Vicky Linares (vlinares@xtec.cat).</p>
<p>L&#8217;objectiu principal del departament és el de col·laborar amb el personal de l’institut per aconseguir l’èxit escolar de l’alumnat del centre, afavorint la seva inclusió, socialització i desenvolupament integral.</p>
<p>Més concretament, els/les professors/es d&#8217;orientació educativa se centren en:</p>
<ol>
<li>L&#8217;atenció a l&#8217;alumnat: docència de certes assignatures (Cultura i Valors, suport a algunes instrumentals, optatives com Tècniques d&#8217;Estudi, Mediació i Filosofia, entre d&#8217;altres); atenció individual als alumnes amb necessitats educatives especials; atenció a l&#8217;alumnat amb dificultats emocionals o de comportament i a les seves famílies;</li>
<li>El suport al professorat: atenent les seves demandes d&#8217;avaluació i seguiment d&#8217;alumnes; i</li>
<li>L&#8217;acció tutorial: amb activitats com els cercles restauratius, xerrades i tallers, o l&#8217;orientació professional i laboral amb l&#8217;alumnat de 3r i 4t ESO.</li>
</ol>
<p>Les vies de contacte amb el departament són diverses:</p>
<ul>
<li>A través del tutor/a de l&#8217;alumne/a que necessita atenció</li>
<li>Per telèfon: 977657505</li>
<li>Per correu electrònic: jnavar72@xtec.cat; ehurtado@xtec.cat; smarti90@xtec.cat; vlinares<span class="">@xtec.ca</span>t (en cas de consultes sobre l&#8217;alumnat usuari de SIEI)</li>
<li>Presencialment: prèvia cita</li>
</ul>
<p>Roda de Berà, curs 2025-2026</p>

<p>El Departament d’Orientació Educativa de l’Institut Roda de Berà consta de tres psicopedagogs/gues: Juancho Navarro (jnavar72@xtec.cat), Sandra Martín (smarti90@xtec.cat) i Elisabeth Hurtado (ehurtado@xtec.cat), a càrrec de l&#8217;atenció a l&#8217;alumnat del centre. D&#8217;igual manera, té adscrit el SIEI (Suport Intensiu a la Educació Inclusiva) i les&hellip;  <a href="https://agora.xtec.cat/insderodadebara/departaments/orientacio/" title="Read Orientació Educativa">Llegeix més»</a></p>
