{"id":603,"date":"2016-02-03T14:04:21","date_gmt":"2016-02-03T13:04:21","guid":{"rendered":"http:\/\/agora.xtec.cat\/insderodadebara\/?page_id=603"},"modified":"2025-09-08T09:55:36","modified_gmt":"2025-09-08T07:55:36","slug":"llengues-estrangeres","status":"publish","type":"page","link":"https:\/\/agora.xtec.cat\/insderodadebara\/departaments\/llengues-estrangeres\/","title":{"rendered":"Lleng\u00fces estrangeres"},"content":{"rendered":"<p><span lang=\"CA\">El departament de lleng\u00fces estrangeres el formem el Jos\u00e9 Azuaga, l&#8217;Anna Grau, l&#8217;Esther L\u00f3pez, l&#8217;Aina Medina, la Davinia Quijada i la Mar Rodrigo.<\/span><\/p>\n<p>El nostre departament ofereix l\u2019ensenyament de la llengua anglesa com a cr\u00e8dit com\u00fa a tots els cursos, l&#8217;alternativa a la religi\u00f3 i la llengua alemanya com a optativa de 1r a 4rt.<\/p>\n<p><span lang=\"CA\"><b>Els nostres criteris d\u2019avaluaci\u00f3\u00a0s\u00f3n:<\/b><\/span><\/p>\n<p><span lang=\"CA\">El\u00a0<b>70%<\/b>\u00a0de la qualificaci\u00f3 de la mat\u00e8ria correspondr\u00e0 a l\u2019avaluaci\u00f3 de les compet\u00e8ncies de la comprensi\u00f3 lectora, l\u2019expressi\u00f3 escrita i el bloc de la llengua mitjan\u00e7ant proves escrites, activitats i tasques que els alumnes hauran de realitzar durant cada trimestre tant a classe com a la plataforma Google Classroom.\u00a0<\/span><\/p>\n<p>El\u00a0<b>20%<\/b>\u00a0de la qualificaci\u00f3 avaluar\u00e0\u00a0les compet\u00e8ncies de la comunicaci\u00f3 oral mitjan\u00e7ant tasques i projectes on l&#8217;alumnat treballar\u00e0 la producci\u00f3 i la comprensi\u00f3 oral.<\/p>\n<p><span lang=\"CA\">El\u00a0<b>10%<\/b>\u00a0restant de la qualificaci\u00f3 de la mat\u00e8ria avaluar\u00e0 els deures, l\u2019elaboraci\u00f3 i lliurament de les tasques encomanades i l\u2019actitud de l\u2019alumne\/a cap a l\u2019aprenentatge de la llengua .<\/span><\/p>\n<p>En l\u2019<b>optativa d\u2019alemany<\/b>, els criteris tamb\u00e9 es basen en les compet\u00e8ncies orals i escrites. Es valorar\u00e0 la participaci\u00f3 de l\u2019alumne\/a a classe i la realitzaci\u00f3 de les activitats a la plataforma Google Classroom.<\/p>\n<p><span lang=\"CA\">*Aquests criteris poden ser lleument alterats segons les necessitats de la classe o de l\u2019alumnat amb PIs.<\/span><\/p>\n<p>Per a qualsevol dubte, podeu <strong>contactar amb nosaltres<\/strong>:<\/p>\n<table style=\"border-collapse: collapse; width: 100%;\">\n<tbody>\n<tr>\n<td style=\"width: 50%;\">\n<table style=\"border-collapse: collapse; width: 100%;\">\n<tbody>\n<tr>\n<td style=\"width: 50%;\">Jos\u00e9 Azuaga<\/td>\n<td style=\"width: 50%;\"><strong>joseazuaga<span class=\"\">@insrdb.cat<\/span><\/strong><\/p>\n<p>Professor angl\u00e8s i alternativa a la religi\u00f3<\/td>\n<\/tr>\n<tr>\n<td style=\"width: 50%;\">Anna Grau<\/td>\n<td style=\"width: 50%;\"><strong>annagrau@insrdb.cat<\/strong><\/p>\n<p>Professora d&#8217;alemany i alternativa a la religi\u00f3<\/td>\n<\/tr>\n<tr>\n<td style=\"width: 50%;\">Esther L\u00f3pez<\/td>\n<td style=\"width: 50%;\"><strong>estherlopez@insrdb.cat <\/strong><\/p>\n<p>Professora d&#8217;angl\u00e8s i alternativa a la religi\u00f3<\/td>\n<\/tr>\n<tr>\n<td style=\"width: 50%;\">Aina Medina<\/td>\n<td style=\"width: 50%;\"><strong>ainamedina@insrdb.cat <\/strong><\/p>\n<p>Professora d&#8217;angl\u00e8s i alternativa a la religi\u00f3 Tutora 3r A<\/td>\n<\/tr>\n<tr>\n<td style=\"width: 50%;\">Davinia Quijada<\/td>\n<td style=\"width: 50%;\"><strong>daviniaquijada@insrdb.cat <\/strong><\/p>\n<p>Professora d&#8217;angl\u00e8s i alternativa a la religi\u00f3 Cap departament lleng\u00fces estrangeres<\/td>\n<\/tr>\n<tr>\n<td style=\"width: 50%;\">Mar Rodrigo<\/td>\n<td style=\"width: 50%;\"><strong>marrodrigo@insrdb.cat <\/strong><\/p>\n<p>Professora d&#8217;angl\u00e8s i alternativa a la religi\u00f3<\/p>\n<p>&nbsp;<\/td>\n<\/tr>\n<\/tbody>\n<\/table>\n<\/td>\n<td style=\"width: 50%;\"><\/td>\n<\/tr>\n<\/tbody>\n<\/table>\n<p>&nbsp;<\/p>\n","protected":false},"excerpt":{"rendered":"<p>El departament de lleng\u00fces estrangeres el formem el Jos\u00e9 Azuaga, l&#8217;Anna Grau, l&#8217;Esther L\u00f3pez, l&#8217;Aina Medina, la Davinia Quijada i la Mar Rodrigo.<br \/>\nEl nostre departament ofereix l\u2019ensenyament de la llengua anglesa com a cr\u00e8dit com\u00fa a tots els cursos, l&#8217;alternativa a la religi\u00f3 i la&hellip;  <a href=\"https:\/\/agora.xtec.cat\/insderodadebara\/departaments\/llengues-estrangeres\/\" title=\"Read Lleng\u00fces estrangeres\">Llegeix m\u00e9s\u00bb<\/a><\/p>\n","protected":false},"author":1,"featured_media":0,"parent":418,"menu_order":0,"comment_status":"closed","ping_status":"closed","template":"page-templates\/side-menu.php","meta":{"_bbp_topic_count":0,"_bbp_reply_count":0,"_bbp_total_topic_count":0,"_bbp_total_reply_count":0,"_bbp_voice_count":0,"_bbp_anonymous_reply_count":0,"_bbp_topic_count_hidden":0,"_bbp_reply_count_hidden":0,"_bbp_forum_subforum_count":0,"footnotes":""},"class_list":["post-603","page","type-page","status-publish","hentry"],"post_mailing_queue_ids":[],"_links":{"self":[{"href":"https:\/\/agora.xtec.cat\/insderodadebara\/wp-json\/wp\/v2\/pages\/603","targetHints":{"allow":["GET"]}}],"collection":[{"href":"https:\/\/agora.xtec.cat\/insderodadebara\/wp-json\/wp\/v2\/pages"}],"about":[{"href":"https:\/\/agora.xtec.cat\/insderodadebara\/wp-json\/wp\/v2\/types\/page"}],"author":[{"embeddable":true,"href":"https:\/\/agora.xtec.cat\/insderodadebara\/wp-json\/wp\/v2\/users\/1"}],"replies":[{"embeddable":true,"href":"https:\/\/agora.xtec.cat\/insderodadebara\/wp-json\/wp\/v2\/comments?post=603"}],"version-history":[{"count":8,"href":"https:\/\/agora.xtec.cat\/insderodadebara\/wp-json\/wp\/v2\/pages\/603\/revisions"}],"predecessor-version":[{"id":3669,"href":"https:\/\/agora.xtec.cat\/insderodadebara\/wp-json\/wp\/v2\/pages\/603\/revisions\/3669"}],"up":[{"embeddable":true,"href":"https:\/\/agora.xtec.cat\/insderodadebara\/wp-json\/wp\/v2\/pages\/418"}],"wp:attachment":[{"href":"https:\/\/agora.xtec.cat\/insderodadebara\/wp-json\/wp\/v2\/media?parent=603"}],"curies":[{"name":"wp","href":"https:\/\/api.w.org\/{rel}","templated":true}]}}

Llengües estrangeres

<p><span lang="CA">El departament de llengües estrangeres el formem el José Azuaga, l&#8217;Anna Grau, l&#8217;Esther López, l&#8217;Aina Medina, la Davinia Quijada i la Mar Rodrigo.</span></p>
<p>El nostre departament ofereix l’ensenyament de la llengua anglesa com a crèdit comú a tots els cursos, l&#8217;alternativa a la religió i la llengua alemanya com a optativa de 1r a 4rt.</p>
<p><span lang="CA"><b>Els nostres criteris d’avaluació són:</b></span></p>
<p><span lang="CA">El <b>70%</b> de la qualificació de la matèria correspondrà a l’avaluació de les competències de la comprensió lectora, l’expressió escrita i el bloc de la llengua mitjançant proves escrites, activitats i tasques que els alumnes hauran de realitzar durant cada trimestre tant a classe com a la plataforma Google Classroom. </span></p>
<p>El <b>20%</b> de la qualificació avaluarà les competències de la comunicació oral mitjançant tasques i projectes on l&#8217;alumnat treballarà la producció i la comprensió oral.</p>
<p><span lang="CA">El <b>10%</b> restant de la qualificació de la matèria avaluarà els deures, l’elaboració i lliurament de les tasques encomanades i l’actitud de l’alumne/a cap a l’aprenentatge de la llengua .</span></p>
<p>En l’<b>optativa d’alemany</b>, els criteris també es basen en les competències orals i escrites. Es valorarà la participació de l’alumne/a a classe i la realització de les activitats a la plataforma Google Classroom.</p>
<p><span lang="CA">*Aquests criteris poden ser lleument alterats segons les necessitats de la classe o de l’alumnat amb PIs.</span></p>
<p>Per a qualsevol dubte, podeu <strong>contactar amb nosaltres</strong>:</p>
<table style="border-collapse: collapse; width: 100%;">
<tbody>
<tr>
<td style="width: 50%;">
<table style="border-collapse: collapse; width: 100%;">
<tbody>
<tr>
<td style="width: 50%;">José Azuaga</td>
<td style="width: 50%;"><strong>joseazuaga<span class="">@insrdb.cat</span></strong></p>
<p>Professor anglès i alternativa a la religió</td>
</tr>
<tr>
<td style="width: 50%;">Anna Grau</td>
<td style="width: 50%;"><strong>annagrau@insrdb.cat</strong></p>
<p>Professora d&#8217;alemany i alternativa a la religió</td>
</tr>
<tr>
<td style="width: 50%;">Esther López</td>
<td style="width: 50%;"><strong>estherlopez@insrdb.cat </strong></p>
<p>Professora d&#8217;anglès i alternativa a la religió</td>
</tr>
<tr>
<td style="width: 50%;">Aina Medina</td>
<td style="width: 50%;"><strong>ainamedina@insrdb.cat </strong></p>
<p>Professora d&#8217;anglès i alternativa a la religió Tutora 3r A</td>
</tr>
<tr>
<td style="width: 50%;">Davinia Quijada</td>
<td style="width: 50%;"><strong>daviniaquijada@insrdb.cat </strong></p>
<p>Professora d&#8217;anglès i alternativa a la religió Cap departament llengües estrangeres</td>
</tr>
<tr>
<td style="width: 50%;">Mar Rodrigo</td>
<td style="width: 50%;"><strong>marrodrigo@insrdb.cat </strong></p>
<p>Professora d&#8217;anglès i alternativa a la religió</p>
<p>&nbsp;</td>
</tr>
</tbody>
</table>
</td>
<td style="width: 50%;"></td>
</tr>
</tbody>
</table>
<p>&nbsp;</p>

<p>El departament de llengües estrangeres el formem el José Azuaga, l&#8217;Anna Grau, l&#8217;Esther López, l&#8217;Aina Medina, la Davinia Quijada i la Mar Rodrigo.<br />
El nostre departament ofereix l’ensenyament de la llengua anglesa com a crèdit comú a tots els cursos, l&#8217;alternativa a la religió i la&hellip;  <a href="https://agora.xtec.cat/insderodadebara/departaments/llengues-estrangeres/" title="Read Llengües estrangeres">Llegeix més»</a></p>
