{"id":436,"date":"2015-05-22T10:00:03","date_gmt":"2015-05-22T09:00:03","guid":{"rendered":"http:\/\/agora.xtec.cat\/insderodadebara\/?page_id=436"},"modified":"2025-09-29T18:18:04","modified_gmt":"2025-09-29T16:18:04","slug":"angles","status":"publish","type":"page","link":"https:\/\/agora.xtec.cat\/insderodadebara\/departaments\/angles\/","title":{"rendered":"Educaci\u00f3 F\u00edsica"},"content":{"rendered":"<p><strong>Curs 2025-2026<\/strong><\/p>\n<p>Aquest curs, el departament d\u2019Educaci\u00f3 F\u00edsica de l\u2019institut de Roda de Ber\u00e0 el formem l\u2019Araceli Niub\u00f3 i el Pau Perell\u00f3.<\/p>\n<p>Les mat\u00e8ries que depenen del nostre departament s\u00f3n: Educaci\u00f3 F\u00edsica de 1r a 4t d\u2019ESO i l&#8217;optativa d&#8217;Arts esc\u00e8niques <span style=\"font-family: inherit; font-size: 1em;\">de 4t d\u2019ESO.<\/span><\/p>\n<p><strong>CRITERIS D\u2019AVALUACI\u00d3 <\/strong><\/p>\n<p>De 1r a 4t d\u2019ESO i a l\u2019optativa d\u2019Arts Esc\u00e8niques (4t ESO) els criteris d\u2019avaluaci\u00f3 seran els mateixos.<\/p>\n<p>L&#8217;avaluaci\u00f3 de totes les activitats i compet\u00e8ncies utilitza un sistema num\u00e8ric de l&#8217;1 al 4 (1- NA, 2- AS, 3- AN i 4- AE).<\/p>\n<p>El percentatge de la nota s&#8217;estableix de la seg\u00fcent manera:<\/p>\n<ul>\n<li><strong>70 % Aprenentatge pr\u00e0ctic i te\u00f2ric <\/strong>(Treball a classe durant les sessions pr\u00e0ctiques i a casa amb fitxes, ex\u00e0mens, murals, exposicions orals, activitats escrites, dossiers, etc.)<\/li>\n<li><strong>30 % H\u00e0bits higi\u00e8nics i actitudinals <\/strong>(Material d\u2019EF i comportament)<\/li>\n<\/ul>\n<p>L\u2019avaluaci\u00f3 ser\u00e0 continua i al llarg del curs treballarem les cinc compet\u00e8ncies espec\u00edfiques de l&#8217;\u00e0mbit d&#8217;educaci\u00f3 f\u00edsica:<\/p>\n<ul>\n<li><strong>Compet\u00e8ncia espec\u00edfica 1.<\/strong> Adquirir un estil de vida actiu i saludable incorporant la pr\u00e0ctica d\u2019activitats f\u00edsiques i d\u2019h\u00e0bits beneficiosos per a la contribuci\u00f3 del benestar f\u00edsic, mental i social.<\/li>\n<li><strong>Compet\u00e8ncia espec\u00edfica 2.<\/strong> Aplicar la t\u00e8cnica, la t\u00e0ctica i l\u2019estrat\u00e8gia vinculades amb els jocs i els esports per a la resoluci\u00f3 de situacions motrius.<\/li>\n<li><strong>Compet\u00e8ncia espec\u00edfica 3.<\/strong>\u00a0 Utilitzar els recursos expressius com a mitj\u00e0 de relaci\u00f3, comunicaci\u00f3 i<br \/>\nintegraci\u00f3 social per a l\u2019autoconeixement.<\/li>\n<li><strong>Compet\u00e8ncia espec\u00edfica 4.<\/strong> Planificar activitats f\u00edsiques a l\u2019entorn de manera sostenible i segura per a l\u2019ocupaci\u00f3 i gaudi del temps de lleure.<\/li>\n<li><strong>Compet\u00e8ncia espec\u00edfica 5.<\/strong> Adquirir actituds, valors i habilitats socials en la pr\u00e0ctica d\u2019activitat f\u00edsica i<br \/>\nesportiva per a la millora de la conviv\u00e8ncia i la cohesi\u00f3 social.<\/li>\n<\/ul>\n<p>S&#8217;hauran d&#8217;assolir les cinc compet\u00e8ncies espec\u00edfiques.<\/p>\n<table>\n<tbody>\n<tr>\n<td><b>PENALITZACIONS D\u2019ASSIST\u00c8NCIA I NO REALITZACI\u00d3 DE CLASSES (-)<\/b><\/td>\n<\/tr>\n<tr>\n<td>\n<ul>\n<li style=\"font-weight: 400;\" aria-level=\"1\"><span style=\"font-weight: 400;\">No arribar a un 50% d\u2019assist\u00e8ncia i\/o realitzaci\u00f3 de les classes pr\u00e0ctiques implica no assolir l\u2019assignatura (NA).\u00a0<\/span><\/li>\n<li style=\"font-weight: 400;\" aria-level=\"1\"><span style=\"font-weight: 400;\">En cas de lesi\u00f3 o malaltia de llarga durada (justificant m\u00e8dic) es realitzaran activitats te\u00f2riques per assolir la mat\u00e8ria amb un AS.<\/span><\/li>\n<li style=\"font-weight: 400;\" aria-level=\"1\"><span style=\"font-weight: 400;\">Entre un 50% i un 60% d\u2019assist\u00e8ncia i\/o realitzaci\u00f3 de les classes pr\u00e0ctiques implica que la nota m\u00e0xima sigui un AS.<\/span><\/li>\n<li style=\"font-weight: 400;\" aria-level=\"1\"><span style=\"font-weight: 400;\">A partir d\u2019un 60% i fins a un 70% d\u2019assist\u00e8ncia i\/o realitzaci\u00f3 de les classes pr\u00e0ctiques es restar\u00e0 0&#8217;5 punts de la nota final del trimestre.<\/span><\/li>\n<li aria-level=\"1\">Si es participa en m\u00e9s del 70% de les classes no es tindr\u00e0 cap tipus de penalitzaci\u00f3.<\/li>\n<\/ul>\n<\/td>\n<\/tr>\n<\/tbody>\n<\/table>\n<p><strong><em><u>Criteris de recuperaci\u00f3 <\/u><\/em><\/strong><\/p>\n<p><strong>No assoliment del trimestre: <\/strong>Es podr\u00e0 recuperar el trimestre no assolit si s&#8217;assoleixe els trimestres seg\u00fcents.<\/p>\n<p><strong>Pendents d\u2019altres cursos:<\/strong> Els alumnes amb un o m\u00e9s cursos pendents d\u2019EF recuperaran la mat\u00e8ria si assoleixen les compet\u00e8ncies del curs actual.<\/p>\n<p>Els criteris d\u2019avaluaci\u00f3 de la nostra mat\u00e8ria tenen en compte:<\/p>\n<ul>\n<li>Pr\u00e0ctica di\u00e0ria dels alumnes a les sessions<\/li>\n<li><span style=\"font-family: inherit; font-size: 1em;\">Proves esportives i te\u00f2riques<\/span><\/li>\n<li><span style=\"font-family: inherit; font-size: 1em;\">Les tasques encomanades (fitxes de jocs, d\u2019exercicis i de sessions, treballs, activitats, etc.)<\/span><\/li>\n<li><span style=\"font-family: inherit; font-size: 1em;\">L\u2019actitud de l\u2019alumne\/a a classe<\/span><\/li>\n<li><span style=\"font-family: inherit; font-size: 1em;\">La participaci\u00f3 en activitats ludicoesportives al municipi de Roda de Ber\u00e0.<\/span><\/li>\n<\/ul>\n<p><strong>**En les sessions d\u2019Educaci\u00f3 F\u00edsica \u00e9s obligatori portar una ampolla d\u2019aigua, la roba esportiva i el necesser.**<\/strong><\/p>\n<p>Per a\u00a0 m\u00e9s informaci\u00f3 podeu consultar al <strong>Classroom<\/strong> de cada curs o enviar un correu electr\u00f2nic al professorat del Departament d\u2019Educaci\u00f3 F\u00edsica.<\/p>\n<p><strong>Araceli Niub\u00f3:\u00a0<\/strong>araceliniubo@insrdb.cat<\/p>\n<p>Professora de 1r A, 1r B, 1r C, 2n A, 2n B, 2n C i optativa d&#8217;Arts Esc\u00e8niques.<\/p>\n<p><strong>Pau Perell\u00f3: <\/strong>pauperello@insrdb.cat<\/p>\n<p>Professor de 3r A, 3r B, 3r C, 4t A, 4t B, 4t C, 4t D i 4t E.<\/p>\n<p>&nbsp;<\/p>\n<p>&nbsp;<\/p>\n<p>&nbsp;<\/p>\n<p><strong>\u00a0<\/strong><\/p>\n<p>&nbsp;<\/p>\n<p>&nbsp;<\/p>\n","protected":false},"excerpt":{"rendered":"<p>Curs 2025-2026<br \/>\nAquest curs, el departament d\u2019Educaci\u00f3 F\u00edsica de l\u2019institut de Roda de Ber\u00e0 el formem l\u2019Araceli Niub\u00f3 i el Pau Perell\u00f3.<br \/>\nLes mat\u00e8ries que depenen del nostre departament s\u00f3n: Educaci\u00f3 F\u00edsica de 1r a 4t d\u2019ESO i l&#8217;optativa d&#8217;Arts esc\u00e8niques de 4t d\u2019ESO.<br \/>\nCRITERIS D\u2019AVALUACI\u00d3<br \/>\nDe 1r&hellip;  <a href=\"https:\/\/agora.xtec.cat\/insderodadebara\/departaments\/angles\/\" title=\"Read Educaci\u00f3 F\u00edsica\">Llegeix m\u00e9s\u00bb<\/a><\/p>\n","protected":false},"author":1,"featured_media":0,"parent":418,"menu_order":0,"comment_status":"closed","ping_status":"closed","template":"page-templates\/side-menu.php","meta":{"_bbp_topic_count":0,"_bbp_reply_count":0,"_bbp_total_topic_count":0,"_bbp_total_reply_count":0,"_bbp_voice_count":0,"_bbp_anonymous_reply_count":0,"_bbp_topic_count_hidden":0,"_bbp_reply_count_hidden":0,"_bbp_forum_subforum_count":0,"footnotes":""},"class_list":["post-436","page","type-page","status-publish","hentry"],"post_mailing_queue_ids":[],"_links":{"self":[{"href":"https:\/\/agora.xtec.cat\/insderodadebara\/wp-json\/wp\/v2\/pages\/436","targetHints":{"allow":["GET"]}}],"collection":[{"href":"https:\/\/agora.xtec.cat\/insderodadebara\/wp-json\/wp\/v2\/pages"}],"about":[{"href":"https:\/\/agora.xtec.cat\/insderodadebara\/wp-json\/wp\/v2\/types\/page"}],"author":[{"embeddable":true,"href":"https:\/\/agora.xtec.cat\/insderodadebara\/wp-json\/wp\/v2\/users\/1"}],"replies":[{"embeddable":true,"href":"https:\/\/agora.xtec.cat\/insderodadebara\/wp-json\/wp\/v2\/comments?post=436"}],"version-history":[{"count":7,"href":"https:\/\/agora.xtec.cat\/insderodadebara\/wp-json\/wp\/v2\/pages\/436\/revisions"}],"predecessor-version":[{"id":4020,"href":"https:\/\/agora.xtec.cat\/insderodadebara\/wp-json\/wp\/v2\/pages\/436\/revisions\/4020"}],"up":[{"embeddable":true,"href":"https:\/\/agora.xtec.cat\/insderodadebara\/wp-json\/wp\/v2\/pages\/418"}],"wp:attachment":[{"href":"https:\/\/agora.xtec.cat\/insderodadebara\/wp-json\/wp\/v2\/media?parent=436"}],"curies":[{"name":"wp","href":"https:\/\/api.w.org\/{rel}","templated":true}]}}

Educació Física

<p><strong>Curs 2025-2026</strong></p>
<p>Aquest curs, el departament d’Educació Física de l’institut de Roda de Berà el formem l’Araceli Niubó i el Pau Perelló.</p>
<p>Les matèries que depenen del nostre departament són: Educació Física de 1r a 4t d’ESO i l&#8217;optativa d&#8217;Arts escèniques <span style="font-family: inherit; font-size: 1em;">de 4t d’ESO.</span></p>
<p><strong>CRITERIS D’AVALUACIÓ </strong></p>
<p>De 1r a 4t d’ESO i a l’optativa d’Arts Escèniques (4t ESO) els criteris d’avaluació seran els mateixos.</p>
<p>L&#8217;avaluació de totes les activitats i competències utilitza un sistema numèric de l&#8217;1 al 4 (1- NA, 2- AS, 3- AN i 4- AE).</p>
<p>El percentatge de la nota s&#8217;estableix de la següent manera:</p>
<ul>
<li><strong>70 % Aprenentatge pràctic i teòric </strong>(Treball a classe durant les sessions pràctiques i a casa amb fitxes, exàmens, murals, exposicions orals, activitats escrites, dossiers, etc.)</li>
<li><strong>30 % Hàbits higiènics i actitudinals </strong>(Material d’EF i comportament)</li>
</ul>
<p>L’avaluació serà continua i al llarg del curs treballarem les cinc competències específiques de l&#8217;àmbit d&#8217;educació física:</p>
<ul>
<li><strong>Competència específica 1.</strong> Adquirir un estil de vida actiu i saludable incorporant la pràctica d’activitats físiques i d’hàbits beneficiosos per a la contribució del benestar físic, mental i social.</li>
<li><strong>Competència específica 2.</strong> Aplicar la tècnica, la tàctica i l’estratègia vinculades amb els jocs i els esports per a la resolució de situacions motrius.</li>
<li><strong>Competència específica 3.</strong>  Utilitzar els recursos expressius com a mitjà de relació, comunicació i<br />
integració social per a l’autoconeixement.</li>
<li><strong>Competència específica 4.</strong> Planificar activitats físiques a l’entorn de manera sostenible i segura per a l’ocupació i gaudi del temps de lleure.</li>
<li><strong>Competència específica 5.</strong> Adquirir actituds, valors i habilitats socials en la pràctica d’activitat física i<br />
esportiva per a la millora de la convivència i la cohesió social.</li>
</ul>
<p>S&#8217;hauran d&#8217;assolir les cinc competències específiques.</p>
<table>
<tbody>
<tr>
<td><b>PENALITZACIONS D’ASSISTÈNCIA I NO REALITZACIÓ DE CLASSES (-)</b></td>
</tr>
<tr>
<td>
<ul>
<li style="font-weight: 400;" aria-level="1"><span style="font-weight: 400;">No arribar a un 50% d’assistència i/o realització de les classes pràctiques implica no assolir l’assignatura (NA). </span></li>
<li style="font-weight: 400;" aria-level="1"><span style="font-weight: 400;">En cas de lesió o malaltia de llarga durada (justificant mèdic) es realitzaran activitats teòriques per assolir la matèria amb un AS.</span></li>
<li style="font-weight: 400;" aria-level="1"><span style="font-weight: 400;">Entre un 50% i un 60% d’assistència i/o realització de les classes pràctiques implica que la nota màxima sigui un AS.</span></li>
<li style="font-weight: 400;" aria-level="1"><span style="font-weight: 400;">A partir d’un 60% i fins a un 70% d’assistència i/o realització de les classes pràctiques es restarà 0&#8217;5 punts de la nota final del trimestre.</span></li>
<li aria-level="1">Si es participa en més del 70% de les classes no es tindrà cap tipus de penalització.</li>
</ul>
</td>
</tr>
</tbody>
</table>
<p><strong><em><u>Criteris de recuperació </u></em></strong></p>
<p><strong>No assoliment del trimestre: </strong>Es podrà recuperar el trimestre no assolit si s&#8217;assoleixe els trimestres següents.</p>
<p><strong>Pendents d’altres cursos:</strong> Els alumnes amb un o més cursos pendents d’EF recuperaran la matèria si assoleixen les competències del curs actual.</p>
<p>Els criteris d’avaluació de la nostra matèria tenen en compte:</p>
<ul>
<li>Pràctica diària dels alumnes a les sessions</li>
<li><span style="font-family: inherit; font-size: 1em;">Proves esportives i teòriques</span></li>
<li><span style="font-family: inherit; font-size: 1em;">Les tasques encomanades (fitxes de jocs, d’exercicis i de sessions, treballs, activitats, etc.)</span></li>
<li><span style="font-family: inherit; font-size: 1em;">L’actitud de l’alumne/a a classe</span></li>
<li><span style="font-family: inherit; font-size: 1em;">La participació en activitats ludicoesportives al municipi de Roda de Berà.</span></li>
</ul>
<p><strong>**En les sessions d’Educació Física és obligatori portar una ampolla d’aigua, la roba esportiva i el necesser.**</strong></p>
<p>Per a  més informació podeu consultar al <strong>Classroom</strong> de cada curs o enviar un correu electrònic al professorat del Departament d’Educació Física.</p>
<p><strong>Araceli Niubó: </strong>araceliniubo@insrdb.cat</p>
<p>Professora de 1r A, 1r B, 1r C, 2n A, 2n B, 2n C i optativa d&#8217;Arts Escèniques.</p>
<p><strong>Pau Perelló: </strong>pauperello@insrdb.cat</p>
<p>Professor de 3r A, 3r B, 3r C, 4t A, 4t B, 4t C, 4t D i 4t E.</p>
<p>&nbsp;</p>
<p>&nbsp;</p>
<p>&nbsp;</p>
<p><strong> </strong></p>
<p>&nbsp;</p>
<p>&nbsp;</p>

<p>Curs 2025-2026<br />
Aquest curs, el departament d’Educació Física de l’institut de Roda de Berà el formem l’Araceli Niubó i el Pau Perelló.<br />
Les matèries que depenen del nostre departament són: Educació Física de 1r a 4t d’ESO i l&#8217;optativa d&#8217;Arts escèniques de 4t d’ESO.<br />
CRITERIS D’AVALUACIÓ<br />
De 1r&hellip;  <a href="https://agora.xtec.cat/insderodadebara/departaments/angles/" title="Read Educació Física">Llegeix més»</a></p>
