{"id":432,"date":"2015-05-22T09:59:03","date_gmt":"2015-05-22T08:59:03","guid":{"rendered":"http:\/\/agora.xtec.cat\/insderodadebara\/?page_id=432"},"modified":"2026-01-30T10:56:27","modified_gmt":"2026-01-30T09:56:27","slug":"ciencies","status":"publish","type":"page","link":"https:\/\/agora.xtec.cat\/insderodadebara\/departaments\/ciencies\/","title":{"rendered":"Ci\u00e8ncies"},"content":{"rendered":"<p>&nbsp;<\/p>\n<p style=\"text-align: center;\"><strong>Departament de Ci\u00e8ncies de la Naturalesa<\/strong><\/p>\n<p style=\"text-align: left;\"><img loading=\"lazy\" decoding=\"async\" class=\"alignleft\" src=\"https:\/\/tse4.mm.bing.net\/th?id=OIP.3HA5BPDTyVEpxkuYudt2HAHaD2&amp;pid=Api\" alt=\"laboratorio de biolog\u00eda naturaleza y ciencia, plantas con estructura ...\" width=\"351\" height=\"182\" \/><\/p>\n<p style=\"text-align: left;\">El Departament de Ci\u00e8ncies de la Naturalesa consta de les seg\u00fcents especialitats: F\u00edsica, Qu\u00edmica, Biologia i Geologia.<\/p>\n<p style=\"text-align: left;\">Els professors del Departament en el curs acad\u00e8mic 2025-2026 s\u00f3n Crisa Vargas i Laura Lara a l&#8217;especialitat de F\u00edsica i Qu\u00edmica, i Xiana Laviana i Diego Molina, a l&#8217;especialitat de Biologia i Geologia.<\/p>\n<p style=\"text-align: left;\">La distribuci\u00f3 hor\u00e0ria de les mat\u00e8ries del Departament als diferents nivells \u00e9s la seg\u00fcent:<\/p>\n<p>A primer curs d&#8217;ESO, dos hores setmanals de Biologia i Geologia<\/p>\n<p>A segon curs d&#8217;ESO, dos hores setmanals de F\u00edsica i Qu\u00edmica<\/p>\n<p>A tercer curs d&#8217;ESO, tres hores setmanals de Biologia i Geologia i F\u00edsica i Qu\u00edmica, i una hora setmanal de CCBB (compet\u00e8ncies b\u00e0siques, a on es tracten q\u00fcestions generals de ci\u00e8ncia)<\/p>\n<p>A quart curs d&#8217;ESO s&#8217;ofereixen dues optatives de tres hores setmanals: f\u00edsica i qu\u00edmica i biologia i geologia<\/p>\n<p>Als tres primers curs de l&#8217;ESO es realitzen pr\u00e0ctiques de laboratori desdoblant el grup una hora a la setmana.<\/p>\n<p>Els criteris d&#8217;avaluaci\u00f3 de les mat\u00e8ries de ci\u00e8ncies s\u00f3n els seg\u00fcents:<\/p>\n<p>El percentatge major de la nota es computaran mitjan\u00e7ant les proves d\u2019avaluaci\u00f3 (50-60%, depenent del curs i l&#8217;assignatura).<\/p>\n<p>La resta de la nota dependr\u00e0 de l&#8217;entrega des diversos treballs escrits i orals, els informes de laboratori i les tasques que farem al llarg del curs. A m\u00e9s es tindr\u00e0 en compte l\u2019actitud envers la mat\u00e8ria i el treball a classe i a casa.<\/p>\n<p><strong>Posa\u2019t en contacte amb nosaltres!<\/strong><\/p>\n<p>Crisa Vargas: crisavargas@insrdb.cat<\/p>\n<p>Laura Lara: lauralara@insrdb.cat<\/p>\n<p>Diego Molina: diegomolina@insrdb.cat<\/p>\n<p>Xiana Laviana: xianalaviana@insrdb.cat<\/p>\n<p>&nbsp;<\/p>\n<p>&nbsp;<\/p>\n<p>&nbsp;<\/p>\n","protected":false},"excerpt":{"rendered":"<p>&nbsp;<br \/>\nDepartament de Ci\u00e8ncies de la Naturalesa<\/p>\n<p>El Departament de Ci\u00e8ncies de la Naturalesa consta de les seg\u00fcents especialitats: F\u00edsica, Qu\u00edmica, Biologia i Geologia.<br \/>\nEls professors del Departament en el curs acad\u00e8mic 2025-2026 s\u00f3n Crisa Vargas i Laura Lara a l&#8217;especialitat de F\u00edsica i Qu\u00edmica, i Xiana Laviana&hellip;  <a href=\"https:\/\/agora.xtec.cat\/insderodadebara\/departaments\/ciencies\/\" title=\"Read Ci\u00e8ncies\">Llegeix m\u00e9s\u00bb<\/a><\/p>\n","protected":false},"author":1,"featured_media":0,"parent":418,"menu_order":0,"comment_status":"closed","ping_status":"closed","template":"page-templates\/side-menu.php","meta":{"_bbp_topic_count":0,"_bbp_reply_count":0,"_bbp_total_topic_count":0,"_bbp_total_reply_count":0,"_bbp_voice_count":0,"_bbp_anonymous_reply_count":0,"_bbp_topic_count_hidden":0,"_bbp_reply_count_hidden":0,"_bbp_forum_subforum_count":0,"footnotes":""},"class_list":["post-432","page","type-page","status-publish","hentry"],"post_mailing_queue_ids":[],"_links":{"self":[{"href":"https:\/\/agora.xtec.cat\/insderodadebara\/wp-json\/wp\/v2\/pages\/432","targetHints":{"allow":["GET"]}}],"collection":[{"href":"https:\/\/agora.xtec.cat\/insderodadebara\/wp-json\/wp\/v2\/pages"}],"about":[{"href":"https:\/\/agora.xtec.cat\/insderodadebara\/wp-json\/wp\/v2\/types\/page"}],"author":[{"embeddable":true,"href":"https:\/\/agora.xtec.cat\/insderodadebara\/wp-json\/wp\/v2\/users\/1"}],"replies":[{"embeddable":true,"href":"https:\/\/agora.xtec.cat\/insderodadebara\/wp-json\/wp\/v2\/comments?post=432"}],"version-history":[{"count":10,"href":"https:\/\/agora.xtec.cat\/insderodadebara\/wp-json\/wp\/v2\/pages\/432\/revisions"}],"predecessor-version":[{"id":4091,"href":"https:\/\/agora.xtec.cat\/insderodadebara\/wp-json\/wp\/v2\/pages\/432\/revisions\/4091"}],"up":[{"embeddable":true,"href":"https:\/\/agora.xtec.cat\/insderodadebara\/wp-json\/wp\/v2\/pages\/418"}],"wp:attachment":[{"href":"https:\/\/agora.xtec.cat\/insderodadebara\/wp-json\/wp\/v2\/media?parent=432"}],"curies":[{"name":"wp","href":"https:\/\/api.w.org\/{rel}","templated":true}]}}

Ciències

<p>&nbsp;</p>
<p style="text-align: center;"><strong>Departament de Ciències de la Naturalesa</strong></p>
<p style="text-align: left;"><img loading="lazy" decoding="async" class="alignleft" src="https://tse4.mm.bing.net/th?id=OIP.3HA5BPDTyVEpxkuYudt2HAHaD2&amp;pid=Api" alt="laboratorio de biología naturaleza y ciencia, plantas con estructura ..." width="351" height="182" /></p>
<p style="text-align: left;">El Departament de Ciències de la Naturalesa consta de les següents especialitats: Física, Química, Biologia i Geologia.</p>
<p style="text-align: left;">Els professors del Departament en el curs acadèmic 2025-2026 són Crisa Vargas i Laura Lara a l&#8217;especialitat de Física i Química, i Xiana Laviana i Diego Molina, a l&#8217;especialitat de Biologia i Geologia.</p>
<p style="text-align: left;">La distribució horària de les matèries del Departament als diferents nivells és la següent:</p>
<p>A primer curs d&#8217;ESO, dos hores setmanals de Biologia i Geologia</p>
<p>A segon curs d&#8217;ESO, dos hores setmanals de Física i Química</p>
<p>A tercer curs d&#8217;ESO, tres hores setmanals de Biologia i Geologia i Física i Química, i una hora setmanal de CCBB (competències bàsiques, a on es tracten qüestions generals de ciència)</p>
<p>A quart curs d&#8217;ESO s&#8217;ofereixen dues optatives de tres hores setmanals: física i química i biologia i geologia</p>
<p>Als tres primers curs de l&#8217;ESO es realitzen pràctiques de laboratori desdoblant el grup una hora a la setmana.</p>
<p>Els criteris d&#8217;avaluació de les matèries de ciències són els següents:</p>
<p>El percentatge major de la nota es computaran mitjançant les proves d’avaluació (50-60%, depenent del curs i l&#8217;assignatura).</p>
<p>La resta de la nota dependrà de l&#8217;entrega des diversos treballs escrits i orals, els informes de laboratori i les tasques que farem al llarg del curs. A més es tindrà en compte l’actitud envers la matèria i el treball a classe i a casa.</p>
<p><strong>Posa’t en contacte amb nosaltres!</strong></p>
<p>Crisa Vargas: crisavargas@insrdb.cat</p>
<p>Laura Lara: lauralara@insrdb.cat</p>
<p>Diego Molina: diegomolina@insrdb.cat</p>
<p>Xiana Laviana: xianalaviana@insrdb.cat</p>
<p>&nbsp;</p>
<p>&nbsp;</p>
<p>&nbsp;</p>

<p>&nbsp;<br />
Departament de Ciències de la Naturalesa</p>
<p>El Departament de Ciències de la Naturalesa consta de les següents especialitats: Física, Química, Biologia i Geologia.<br />
Els professors del Departament en el curs acadèmic 2025-2026 són Crisa Vargas i Laura Lara a l&#8217;especialitat de Física i Química, i Xiana Laviana&hellip;  <a href="https://agora.xtec.cat/insderodadebara/departaments/ciencies/" title="Read Ciències">Llegeix més»</a></p>
