{"id":3904,"date":"2025-06-02T14:23:55","date_gmt":"2025-06-02T12:23:55","guid":{"rendered":"https:\/\/agora.xtec.cat\/insderodadebara\/?page_id=3904"},"modified":"2025-06-25T20:02:25","modified_gmt":"2025-06-25T18:02:25","slug":"aquiproubullying","status":"publish","type":"page","link":"https:\/\/agora.xtec.cat\/insderodadebara\/projectes\/aquiproubullying\/","title":{"rendered":"Programa #Aquiproubullying"},"content":{"rendered":"<p>El <strong>programa #Aquiproubullying<\/strong> posa a l\u2019abast dels centres la formaci\u00f3, estrat\u00e8gies i recursos necessaris per elaborar un projecte de prevenci\u00f3, detecci\u00f3 i intervenci\u00f3 davant l\u2019assetjament amb la participaci\u00f3 de tota la comunitat escolar, especialment de l\u2019alumnat qui actuar\u00e0\u00a0 com observador i agent actiu i comprom\u00e8s en la lluita contra l\u2019assetjament alhora que adquireix les actituds i els valors propis de la compet\u00e8ncia social i ciutadana.<\/p>\n<h3><strong>Objectius del programa<\/strong><\/h3>\n<ol>\n<li>Implicar la comunitat escolar davant els casos d\u2019assetjament.<\/li>\n<li>Potenciar el comprom\u00ed\u00ads actiu de l\u2019alumnat en la prevenci\u00f3 i detecci\u00f3 dels casos d\u2019assetjament.<\/li>\n<li>Fomentar la gesti\u00f3 positiva dels conflictes.<\/li>\n<li>Contribuir al desenvolupament personal i social de l\u2019alumnat.<\/li>\n<\/ol>\n<p>El curs 23-24, el claustre va rebre formaci\u00f3 respecte al programa i paral\u00b7lelament, es va formar un equip impulsor, que tamb\u00e9 va rebre\u00a0 una formaci\u00f3 espec\u00edfica. Els membres de l&#8217;equip impulsor s\u00f3n el Juancho Navarro, la Gemma Santa B\u00e0rbara, l&#8217;Eli Hurtado, l&#8217;Anna Raga i l&#8217;Estela Sim\u00f3.<\/p>\n<p>Dins del programa l\u2019institut forma alumnes mediadors per a la prevenci\u00f3 i resoluci\u00f3 de conflictes entre iguals utilitzant el di\u00e0leg com a eina, en una mat\u00e8ria optativa de 3r d&#8217;ESO.<\/p>\n<p>El centre segueix un circuit d&#8217;alerta davant un possible cas d&#8217;assetjament escolar (imatge de l&#8217;esquerra) i l&#8217;alumnat tamb\u00e9 hi pot posar el seu gra de sorra seguint el seu propi circu\u00eft d&#8217;activaci\u00f3 (imatge de la dreta).<\/p>\n<p><a href=\"https:\/\/agora.xtec.cat\/insderodadebara\/wp-content\/uploads\/usu1145\/2025\/06\/CIRCUIT-DACTIVACIO-1.jpg\"><img loading=\"lazy\" decoding=\"async\" class=\"wp-image-3939 alignleft\" src=\"https:\/\/agora.xtec.cat\/insderodadebara\/wp-content\/uploads\/usu1145\/2025\/06\/CIRCUIT-DACTIVACIO-1.jpg\" alt=\"\" width=\"373\" height=\"932\" srcset=\"https:\/\/agora.xtec.cat\/insderodadebara\/wp-content\/uploads\/usu1145\/2025\/06\/CIRCUIT-DACTIVACIO-1.jpg 800w, https:\/\/agora.xtec.cat\/insderodadebara\/wp-content\/uploads\/usu1145\/2025\/06\/CIRCUIT-DACTIVACIO-1-120x300.jpg 120w, https:\/\/agora.xtec.cat\/insderodadebara\/wp-content\/uploads\/usu1145\/2025\/06\/CIRCUIT-DACTIVACIO-1-410x1024.jpg 410w, https:\/\/agora.xtec.cat\/insderodadebara\/wp-content\/uploads\/usu1145\/2025\/06\/CIRCUIT-DACTIVACIO-1-768x1920.jpg 768w, https:\/\/agora.xtec.cat\/insderodadebara\/wp-content\/uploads\/usu1145\/2025\/06\/CIRCUIT-DACTIVACIO-1-614x1536.jpg 614w\" sizes=\"auto, (max-width: 373px) 100vw, 373px\" \/><\/a><\/p>\n<p><a href=\"https:\/\/agora.xtec.cat\/insderodadebara\/wp-content\/uploads\/usu1145\/2025\/06\/Circuit-dactivacio-alumnat-A3.jpg\">\u00a0 <\/a><\/p>\n<p><a href=\"https:\/\/agora.xtec.cat\/insderodadebara\/wp-content\/uploads\/usu1145\/2025\/06\/Circuit-dactivacio-alumnat-A3.jpg\"><img loading=\"lazy\" decoding=\"async\" class=\"wp-image-3940 alignright\" src=\"https:\/\/agora.xtec.cat\/insderodadebara\/wp-content\/uploads\/usu1145\/2025\/06\/Circuit-dactivacio-alumnat-A3.jpg\" alt=\"\" width=\"597\" height=\"845\" data-wp-editing=\"1\" srcset=\"https:\/\/agora.xtec.cat\/insderodadebara\/wp-content\/uploads\/usu1145\/2025\/06\/Circuit-dactivacio-alumnat-A3.jpg 1414w, https:\/\/agora.xtec.cat\/insderodadebara\/wp-content\/uploads\/usu1145\/2025\/06\/Circuit-dactivacio-alumnat-A3-212x300.jpg 212w, https:\/\/agora.xtec.cat\/insderodadebara\/wp-content\/uploads\/usu1145\/2025\/06\/Circuit-dactivacio-alumnat-A3-724x1024.jpg 724w, https:\/\/agora.xtec.cat\/insderodadebara\/wp-content\/uploads\/usu1145\/2025\/06\/Circuit-dactivacio-alumnat-A3-768x1086.jpg 768w, https:\/\/agora.xtec.cat\/insderodadebara\/wp-content\/uploads\/usu1145\/2025\/06\/Circuit-dactivacio-alumnat-A3-1086x1536.jpg 1086w\" sizes=\"auto, (max-width: 597px) 100vw, 597px\" \/><\/a><\/p>\n<p>&nbsp;<\/p>\n<p>&nbsp;<\/p>\n<p>&nbsp;<\/p>\n<p>&nbsp;<\/p>\n<p>&nbsp;<\/p>\n<p>&nbsp;<\/p>\n<p>&nbsp;<\/p>\n<p>&nbsp;<\/p>\n<p>&nbsp;<\/p>\n<p>&nbsp;<\/p>\n<p>&nbsp;<\/p>\n<p>&nbsp;<\/p>\n<p>&nbsp;<\/p>\n<p>&nbsp;<\/p>\n<p>&nbsp;<\/p>\n<p>&nbsp;<\/p>\n<p>&nbsp;<\/p>\n<p>&nbsp;<\/p>\n<p>&nbsp;<\/p>\n<p>&nbsp;<\/p>\n<p>Qualsevol membre de la comunitat educativa pot informar sobre una situaci\u00f3 possible d&#8217;assetjament escolar mitjan\u00e7ant el seg\u00fcent enlla\u00e7:<\/p>\n<p>Formulari de detecci\u00f3 de situacions de malestar:\u00a0 <a href=\"https:\/\/forms.gle\/Wo262cdAbnw2TE8M9\">Accedeix al formulari<\/a><\/p>\n","protected":false},"excerpt":{"rendered":"<p>El programa #Aquiproubullying posa a l\u2019abast dels centres la formaci\u00f3, estrat\u00e8gies i recursos necessaris per elaborar un projecte de prevenci\u00f3, detecci\u00f3 i intervenci\u00f3 davant l\u2019assetjament amb la participaci\u00f3 de tota la comunitat escolar, especialment de l\u2019alumnat qui actuar\u00e0\u00a0 com observador i agent actiu i comprom\u00e8s&hellip;  <a href=\"https:\/\/agora.xtec.cat\/insderodadebara\/projectes\/aquiproubullying\/\" title=\"Read Programa #Aquiproubullying\">Llegeix m\u00e9s\u00bb<\/a><\/p>\n","protected":false},"author":1,"featured_media":0,"parent":1107,"menu_order":8,"comment_status":"closed","ping_status":"closed","template":"page-templates\/side-menu.php","meta":{"_bbp_topic_count":0,"_bbp_reply_count":0,"_bbp_total_topic_count":0,"_bbp_total_reply_count":0,"_bbp_voice_count":0,"_bbp_anonymous_reply_count":0,"_bbp_topic_count_hidden":0,"_bbp_reply_count_hidden":0,"_bbp_forum_subforum_count":0,"footnotes":""},"class_list":["post-3904","page","type-page","status-publish","hentry"],"post_mailing_queue_ids":[],"_links":{"self":[{"href":"https:\/\/agora.xtec.cat\/insderodadebara\/wp-json\/wp\/v2\/pages\/3904","targetHints":{"allow":["GET"]}}],"collection":[{"href":"https:\/\/agora.xtec.cat\/insderodadebara\/wp-json\/wp\/v2\/pages"}],"about":[{"href":"https:\/\/agora.xtec.cat\/insderodadebara\/wp-json\/wp\/v2\/types\/page"}],"author":[{"embeddable":true,"href":"https:\/\/agora.xtec.cat\/insderodadebara\/wp-json\/wp\/v2\/users\/1"}],"replies":[{"embeddable":true,"href":"https:\/\/agora.xtec.cat\/insderodadebara\/wp-json\/wp\/v2\/comments?post=3904"}],"version-history":[{"count":6,"href":"https:\/\/agora.xtec.cat\/insderodadebara\/wp-json\/wp\/v2\/pages\/3904\/revisions"}],"predecessor-version":[{"id":3945,"href":"https:\/\/agora.xtec.cat\/insderodadebara\/wp-json\/wp\/v2\/pages\/3904\/revisions\/3945"}],"up":[{"embeddable":true,"href":"https:\/\/agora.xtec.cat\/insderodadebara\/wp-json\/wp\/v2\/pages\/1107"}],"wp:attachment":[{"href":"https:\/\/agora.xtec.cat\/insderodadebara\/wp-json\/wp\/v2\/media?parent=3904"}],"curies":[{"name":"wp","href":"https:\/\/api.w.org\/{rel}","templated":true}]}}

<p>El <strong>programa #Aquiproubullying</strong> posa a l’abast dels centres la formació, estratègies i recursos necessaris per elaborar un projecte de prevenció, detecció i intervenció davant l’assetjament amb la participació de tota la comunitat escolar, especialment de l’alumnat qui actuarà  com observador i agent actiu i compromès en la lluita contra l’assetjament alhora que adquireix les actituds i els valors propis de la competència social i ciutadana.</p>
<h3><strong>Objectius del programa</strong></h3>
<ol>
<li>Implicar la comunitat escolar davant els casos d’assetjament.</li>
<li>Potenciar el compromí­s actiu de l’alumnat en la prevenció i detecció dels casos d’assetjament.</li>
<li>Fomentar la gestió positiva dels conflictes.</li>
<li>Contribuir al desenvolupament personal i social de l’alumnat.</li>
</ol>
<p>El curs 23-24, el claustre va rebre formació respecte al programa i paral·lelament, es va formar un equip impulsor, que també va rebre  una formació específica. Els membres de l&#8217;equip impulsor són el Juancho Navarro, la Gemma Santa Bàrbara, l&#8217;Eli Hurtado, l&#8217;Anna Raga i l&#8217;Estela Simó.</p>
<p>Dins del programa l’institut forma alumnes mediadors per a la prevenció i resolució de conflictes entre iguals utilitzant el diàleg com a eina, en una matèria optativa de 3r d&#8217;ESO.</p>
<p>El centre segueix un circuit d&#8217;alerta davant un possible cas d&#8217;assetjament escolar (imatge de l&#8217;esquerra) i l&#8217;alumnat també hi pot posar el seu gra de sorra seguint el seu propi circuït d&#8217;activació (imatge de la dreta).</p>
<p><a href="https://agora.xtec.cat/insderodadebara/wp-content/uploads/usu1145/2025/06/CIRCUIT-DACTIVACIO-1.jpg"><img loading="lazy" decoding="async" class="wp-image-3939 alignleft" src="https://agora.xtec.cat/insderodadebara/wp-content/uploads/usu1145/2025/06/CIRCUIT-DACTIVACIO-1.jpg" alt="" width="373" height="932" srcset="https://agora.xtec.cat/insderodadebara/wp-content/uploads/usu1145/2025/06/CIRCUIT-DACTIVACIO-1.jpg 800w, https://agora.xtec.cat/insderodadebara/wp-content/uploads/usu1145/2025/06/CIRCUIT-DACTIVACIO-1-120x300.jpg 120w, https://agora.xtec.cat/insderodadebara/wp-content/uploads/usu1145/2025/06/CIRCUIT-DACTIVACIO-1-410x1024.jpg 410w, https://agora.xtec.cat/insderodadebara/wp-content/uploads/usu1145/2025/06/CIRCUIT-DACTIVACIO-1-768x1920.jpg 768w, https://agora.xtec.cat/insderodadebara/wp-content/uploads/usu1145/2025/06/CIRCUIT-DACTIVACIO-1-614x1536.jpg 614w" sizes="auto, (max-width: 373px) 100vw, 373px" /></a></p>
<p><a href="https://agora.xtec.cat/insderodadebara/wp-content/uploads/usu1145/2025/06/Circuit-dactivacio-alumnat-A3.jpg">  </a></p>
<p><a href="https://agora.xtec.cat/insderodadebara/wp-content/uploads/usu1145/2025/06/Circuit-dactivacio-alumnat-A3.jpg"><img loading="lazy" decoding="async" class="wp-image-3940 alignright" src="https://agora.xtec.cat/insderodadebara/wp-content/uploads/usu1145/2025/06/Circuit-dactivacio-alumnat-A3.jpg" alt="" width="597" height="845" data-wp-editing="1" srcset="https://agora.xtec.cat/insderodadebara/wp-content/uploads/usu1145/2025/06/Circuit-dactivacio-alumnat-A3.jpg 1414w, https://agora.xtec.cat/insderodadebara/wp-content/uploads/usu1145/2025/06/Circuit-dactivacio-alumnat-A3-212x300.jpg 212w, https://agora.xtec.cat/insderodadebara/wp-content/uploads/usu1145/2025/06/Circuit-dactivacio-alumnat-A3-724x1024.jpg 724w, https://agora.xtec.cat/insderodadebara/wp-content/uploads/usu1145/2025/06/Circuit-dactivacio-alumnat-A3-768x1086.jpg 768w, https://agora.xtec.cat/insderodadebara/wp-content/uploads/usu1145/2025/06/Circuit-dactivacio-alumnat-A3-1086x1536.jpg 1086w" sizes="auto, (max-width: 597px) 100vw, 597px" /></a></p>
<p>&nbsp;</p>
<p>&nbsp;</p>
<p>&nbsp;</p>
<p>&nbsp;</p>
<p>&nbsp;</p>
<p>&nbsp;</p>
<p>&nbsp;</p>
<p>&nbsp;</p>
<p>&nbsp;</p>
<p>&nbsp;</p>
<p>&nbsp;</p>
<p>&nbsp;</p>
<p>&nbsp;</p>
<p>&nbsp;</p>
<p>&nbsp;</p>
<p>&nbsp;</p>
<p>&nbsp;</p>
<p>&nbsp;</p>
<p>&nbsp;</p>
<p>&nbsp;</p>
<p>Qualsevol membre de la comunitat educativa pot informar sobre una situació possible d&#8217;assetjament escolar mitjançant el següent enllaç:</p>
<p>Formulari de detecció de situacions de malestar:  <a href="https://forms.gle/Wo262cdAbnw2TE8M9">Accedeix al formulari</a></p>

<p>El programa #Aquiproubullying posa a l’abast dels centres la formació, estratègies i recursos necessaris per elaborar un projecte de prevenció, detecció i intervenció davant l’assetjament amb la participació de tota la comunitat escolar, especialment de l’alumnat qui actuarà  com observador i agent actiu i compromès&hellip;  <a href="https://agora.xtec.cat/insderodadebara/projectes/aquiproubullying/" title="Read Programa #Aquiproubullying">Llegeix més»</a></p>
