{"id":3407,"date":"2023-11-27T10:01:12","date_gmt":"2023-11-27T09:01:12","guid":{"rendered":"https:\/\/agora.xtec.cat\/insderodadebara\/?page_id=3407"},"modified":"2025-03-20T09:41:35","modified_gmt":"2025-03-20T08:41:35","slug":"projecte-erasmus","status":"publish","type":"page","link":"https:\/\/agora.xtec.cat\/insderodadebara\/projectes\/projecte-erasmus\/","title":{"rendered":"Projecte Erasmus+"},"content":{"rendered":"<p><a href=\"https:\/\/agora.xtec.cat\/insderodadebara\/categoria\/erasmus-2\/\"><img loading=\"lazy\" decoding=\"async\" class=\"alignnone size-full wp-image-3408\" src=\"https:\/\/agora.xtec.cat\/insderodadebara\/wp-content\/uploads\/usu1145\/2023\/11\/erasmusplus.png\" alt=\"\" width=\"367\" height=\"137\" srcset=\"https:\/\/agora.xtec.cat\/insderodadebara\/wp-content\/uploads\/usu1145\/2023\/11\/erasmusplus.png 367w, https:\/\/agora.xtec.cat\/insderodadebara\/wp-content\/uploads\/usu1145\/2023\/11\/erasmusplus-300x112.png 300w\" sizes=\"auto, (max-width: 367px) 100vw, 367px\" \/><\/a><\/p>\n<p>Ens plau comunicar-vos que el dia 4 de novembre comen\u00e7arem el nostre projecte \u201cBE PART OF THE CHANGE! SOCIAL AND ENVIRONMENTAL AWARENESS DIGITAL CAMPAIGNS\u201d. Cofinan\u00e7at pel programa Erasmus+ de la Uni\u00f3 Europea. Trobareu \u00a0tota la informaci\u00f3 en el seg\u00fcent <a href=\"https:\/\/agora.xtec.cat\/insderodadebara\/categoria\/erasmus-2\/\">link<\/a>.<\/p>\n<p>Los proyectos est\u00e1n cofinanciados por el programa Erasmus + de la Uni\u00f3n Europea. El contenido de esta p\u00e1gina web es responsabilidad exclusiva del Instituto Roda de Ber\u00e0 y ni la Comisi\u00f3n Europea, ni el Servicio Espa\u00f1ol para la Internacionalizaci\u00f3n de la Educaci\u00f3n (SEPIE) son responsables del uso que pueda hacerse de la informaci\u00f3n difundida.<\/p>\n<p><a href=\"https:\/\/agora.xtec.cat\/insderodadebara\/wp-content\/uploads\/usu1145\/2025\/03\/eu.png\"><img loading=\"lazy\" decoding=\"async\" class=\"aligncenter size-full wp-image-3876\" src=\"https:\/\/agora.xtec.cat\/insderodadebara\/wp-content\/uploads\/usu1145\/2025\/03\/eu.png\" alt=\"\" width=\"300\" height=\"168\" \/><\/a><\/p>\n","protected":false},"excerpt":{"rendered":"<p><a href=\"https:\/\/agora.xtec.cat\/insderodadebara\/categoria\/erasmus-2\/\"><\/a><br \/>\nEns plau comunicar-vos que el dia 4 de novembre comen\u00e7arem el nostre projecte \u201cBE PART OF THE CHANGE! SOCIAL AND ENVIRONMENTAL AWARENESS DIGITAL CAMPAIGNS\u201d. Cofinan\u00e7at pel programa Erasmus+ de la Uni\u00f3 Europea. Trobareu \u00a0tota la informaci\u00f3 en el seg\u00fcent <a href=\"https:\/\/agora.xtec.cat\/insderodadebara\/categoria\/erasmus-2\/\">link<\/a>.<br \/>\nLos proyectos est\u00e1n cofinanciados&hellip;  <a href=\"https:\/\/agora.xtec.cat\/insderodadebara\/projectes\/projecte-erasmus\/\" title=\"Read Projecte Erasmus+\">Llegeix m\u00e9s\u00bb<\/a><\/p>\n","protected":false},"author":4,"featured_media":0,"parent":1107,"menu_order":7,"comment_status":"closed","ping_status":"closed","template":"page-templates\/side-menu.php","meta":{"_bbp_topic_count":0,"_bbp_reply_count":0,"_bbp_total_topic_count":0,"_bbp_total_reply_count":0,"_bbp_voice_count":0,"_bbp_anonymous_reply_count":0,"_bbp_topic_count_hidden":0,"_bbp_reply_count_hidden":0,"_bbp_forum_subforum_count":0,"footnotes":""},"class_list":["post-3407","page","type-page","status-publish","hentry"],"post_mailing_queue_ids":[],"_links":{"self":[{"href":"https:\/\/agora.xtec.cat\/insderodadebara\/wp-json\/wp\/v2\/pages\/3407","targetHints":{"allow":["GET"]}}],"collection":[{"href":"https:\/\/agora.xtec.cat\/insderodadebara\/wp-json\/wp\/v2\/pages"}],"about":[{"href":"https:\/\/agora.xtec.cat\/insderodadebara\/wp-json\/wp\/v2\/types\/page"}],"author":[{"embeddable":true,"href":"https:\/\/agora.xtec.cat\/insderodadebara\/wp-json\/wp\/v2\/users\/4"}],"replies":[{"embeddable":true,"href":"https:\/\/agora.xtec.cat\/insderodadebara\/wp-json\/wp\/v2\/comments?post=3407"}],"version-history":[{"count":4,"href":"https:\/\/agora.xtec.cat\/insderodadebara\/wp-json\/wp\/v2\/pages\/3407\/revisions"}],"predecessor-version":[{"id":3877,"href":"https:\/\/agora.xtec.cat\/insderodadebara\/wp-json\/wp\/v2\/pages\/3407\/revisions\/3877"}],"up":[{"embeddable":true,"href":"https:\/\/agora.xtec.cat\/insderodadebara\/wp-json\/wp\/v2\/pages\/1107"}],"wp:attachment":[{"href":"https:\/\/agora.xtec.cat\/insderodadebara\/wp-json\/wp\/v2\/media?parent=3407"}],"curies":[{"name":"wp","href":"https:\/\/api.w.org\/{rel}","templated":true}]}}

<p><a href="https://agora.xtec.cat/insderodadebara/categoria/erasmus-2/"><img loading="lazy" decoding="async" class="alignnone size-full wp-image-3408" src="https://agora.xtec.cat/insderodadebara/wp-content/uploads/usu1145/2023/11/erasmusplus.png" alt="" width="367" height="137" srcset="https://agora.xtec.cat/insderodadebara/wp-content/uploads/usu1145/2023/11/erasmusplus.png 367w, https://agora.xtec.cat/insderodadebara/wp-content/uploads/usu1145/2023/11/erasmusplus-300x112.png 300w" sizes="auto, (max-width: 367px) 100vw, 367px" /></a></p>
<p>Ens plau comunicar-vos que el dia 4 de novembre començarem el nostre projecte “BE PART OF THE CHANGE! SOCIAL AND ENVIRONMENTAL AWARENESS DIGITAL CAMPAIGNS”. Cofinançat pel programa Erasmus+ de la Unió Europea. Trobareu  tota la informació en el següent <a href="https://agora.xtec.cat/insderodadebara/categoria/erasmus-2/">link</a>.</p>
<p>Los proyectos están cofinanciados por el programa Erasmus + de la Unión Europea. El contenido de esta página web es responsabilidad exclusiva del Instituto Roda de Berà y ni la Comisión Europea, ni el Servicio Español para la Internacionalización de la Educación (SEPIE) son responsables del uso que pueda hacerse de la información difundida.</p>
<p><a href="https://agora.xtec.cat/insderodadebara/wp-content/uploads/usu1145/2025/03/eu.png"><img loading="lazy" decoding="async" class="aligncenter size-full wp-image-3876" src="https://agora.xtec.cat/insderodadebara/wp-content/uploads/usu1145/2025/03/eu.png" alt="" width="300" height="168" /></a></p>

<p><a href="https://agora.xtec.cat/insderodadebara/categoria/erasmus-2/"></a><br />
Ens plau comunicar-vos que el dia 4 de novembre començarem el nostre projecte “BE PART OF THE CHANGE! SOCIAL AND ENVIRONMENTAL AWARENESS DIGITAL CAMPAIGNS”. Cofinançat pel programa Erasmus+ de la Unió Europea. Trobareu  tota la informació en el següent <a href="https://agora.xtec.cat/insderodadebara/categoria/erasmus-2/">link</a>.<br />
Los proyectos están cofinanciados&hellip;  <a href="https://agora.xtec.cat/insderodadebara/projectes/projecte-erasmus/" title="Read Projecte Erasmus+">Llegeix més»</a></p>
