{"id":3211,"date":"2023-05-17T18:24:59","date_gmt":"2023-05-17T16:24:59","guid":{"rendered":"https:\/\/agora.xtec.cat\/insderodadebara\/?page_id=3211"},"modified":"2023-05-17T20:22:05","modified_gmt":"2023-05-17T18:22:05","slug":"acolliment-digital","status":"publish","type":"page","link":"https:\/\/agora.xtec.cat\/insderodadebara\/estrategia-digital-de-centre\/cultura-digital\/acolliment-digital\/","title":{"rendered":"Acolliment digital"},"content":{"rendered":"<p><b>Procediment d\u2019alta d\u2019usuaris (alumnat, professorat i fam\u00edlia)\u00a0\u00b4<\/b><\/p>\n<p><span style=\"font-weight: 400;\">S\u00f3n el coordinador pedag\u00f2gic i el coordinador TIC l\u2019encarregat de l\u2019acollida digital al centre tant per l\u2019alumnat, fam\u00edlia i per al professorat.<\/span><\/p>\n<ul>\n<li style=\"list-style-type: none;\">\n<ul style=\"list-style-type: disc;\">\n<li style=\"font-weight: 400;\" aria-level=\"1\"><span style=\"font-weight: 400;\">Alta inicial al Gestin ( eina gesti\u00f3 i seguiment de l&#8217;alumnat) d\u2019alumnes, fam\u00edlies i professorat: coordinaci\u00f3 pedag\u00f2gica<\/span><\/li>\n<li style=\"font-weight: 400;\" aria-level=\"1\"><span style=\"font-weight: 400;\">Matr\u00edcula viva al Gestin: coordinaci\u00f3 pedag\u00f2gica, introducci\u00f3 manual.<\/span><\/li>\n<li style=\"font-weight: 400;\" aria-level=\"1\"><span style=\"font-weight: 400;\">Alta inicial i matr\u00edcula viva al Google ( correu corporatiu, Classroom&#8230;): coordinaci\u00f3 TIC<\/span><\/li>\n<\/ul>\n<\/li>\n<\/ul>\n<p><span style=\"font-weight: 400;\">\u00a0<\/span><span style=\"font-weight: 400;\">Els tutors i tutores de 1r d\u2019ESO, faciliten les claus d\u2019acc\u00e9s al Gestin (gestionades pel coordinador pedag\u00f2gic) i tamb\u00e9 les claus d\u2019acc\u00e9s al compte de Google (gestionades pel coordinador TIC) als seus tutorands. A la mateixa tutoria i a inici de curs, l\u2019alumnat rep formaci\u00f3 sobre el funcionament de les plataformes que han d\u2019utilitzar al llarg de l\u2019ESO.<\/span><\/p>\n<p><span style=\"font-weight: 400;\">Les fam\u00edlies reben informaci\u00f3 sobre el funcionament del Gestin en la reuni\u00f3 d\u2019inici de curs.\u00a0<\/span><\/p>\n<p><span style=\"font-weight: 400;\">El nou professorat rep, a principis de curs, sessions formatives sobre diferents aspectes digitals (Gestin, Classroom, Correu corporatiu&#8230;).\u00a0<\/span><\/p>\n<p><span style=\"font-weight: 400;\">La informaci\u00f3 del pla d\u2019acollida digital del professorat nouvingut al centre es troba recollit en els seg\u00fcents documents:<\/span><\/p>\n<ul>\n<li style=\"list-style-type: none;\">\n<ul style=\"list-style-type: disc;\">\n<li style=\"font-weight: 400;\" aria-level=\"1\"><span style=\"font-weight: 400;\">Una guia b\u00e0sica de funcionament del Gestin<\/span><\/li>\n<li style=\"font-weight: 400;\" aria-level=\"1\"><span style=\"font-weight: 400;\">A la guia del professorat es troba la seg\u00fcent informaci\u00f3:\u00a0<\/span><\/li>\n<\/ul>\n<\/li>\n<\/ul>\n<ul>\n<li style=\"list-style-type: none;\">\n<ul>\n<li style=\"list-style-type: none;\">\n<ul style=\"list-style-type: circle;\">\n<li style=\"font-weight: 400;\" aria-level=\"2\"><span style=\"font-weight: 400;\">El resum de les eines digitals que s\u2019empren a l\u2019institut (Classroom com a entorn virtual d\u2019aprenentatge, el correu corporatiu @insrdb.cat i el Gestin) i qui s\u00f3n els administradors<\/span><\/li>\n<li style=\"font-weight: 400;\" aria-level=\"2\"><span style=\"font-weight: 400;\">Les diferents aules d\u2019inform\u00e0tica que hi ha i el procediment de reserva i de registre d\u2019utilitzaci\u00f3<\/span><\/li>\n<li style=\"font-weight: 400;\" aria-level=\"2\"><span style=\"font-weight: 400;\">Les normes dels ordinadors port\u00e0tils de l\u2019alumnat de 3r i 4t d\u2019ESO.<\/span><\/li>\n<\/ul>\n<\/li>\n<\/ul>\n<\/li>\n<\/ul>\n","protected":false},"excerpt":{"rendered":"<p>Procediment d\u2019alta d\u2019usuaris (alumnat, professorat i fam\u00edlia)\u00a0\u00b4<br \/>\nS\u00f3n el coordinador pedag\u00f2gic i el coordinador TIC l\u2019encarregat de l\u2019acollida digital al centre tant per l\u2019alumnat, fam\u00edlia i per al professorat.<\/p>\n<ul>\n<li style=\"list-style-type: none;\">\n<ul style=\"list-style-type: disc;\">\n<li style=\"font-weight: 400;\" aria-level=\"1\">Alta inicial al Gestin ( eina gesti\u00f3 i seguiment de l&#8217;alumnat)&hellip;  <a href=\"https:\/\/agora.xtec.cat\/insderodadebara\/estrategia-digital-de-centre\/cultura-digital\/acolliment-digital\/\" title=\"Read Acolliment digital\">Llegeix m\u00e9s\u00bb<\/a><br \/>\n","protected":false},"author":1,"featured_media":0,"parent":3201,"menu_order":0,"comment_status":"closed","ping_status":"closed","template":"","meta":{"_bbp_topic_count":0,"_bbp_reply_count":0,"_bbp_total_topic_count":0,"_bbp_total_reply_count":0,"_bbp_voice_count":0,"_bbp_anonymous_reply_count":0,"_bbp_topic_count_hidden":0,"_bbp_reply_count_hidden":0,"_bbp_forum_subforum_count":0,"footnotes":""},"class_list":["post-3211","page","type-page","status-publish","hentry"],"post_mailing_queue_ids":[],"_links":{"self":[{"href":"https:\/\/agora.xtec.cat\/insderodadebara\/wp-json\/wp\/v2\/pages\/3211","targetHints":{"allow":["GET"]}}],"collection":[{"href":"https:\/\/agora.xtec.cat\/insderodadebara\/wp-json\/wp\/v2\/pages"}],"about":[{"href":"https:\/\/agora.xtec.cat\/insderodadebara\/wp-json\/wp\/v2\/types\/page"}],"author":[{"embeddable":true,"href":"https:\/\/agora.xtec.cat\/insderodadebara\/wp-json\/wp\/v2\/users\/1"}],"replies":[{"embeddable":true,"href":"https:\/\/agora.xtec.cat\/insderodadebara\/wp-json\/wp\/v2\/comments?post=3211"}],"version-history":[{"count":3,"href":"https:\/\/agora.xtec.cat\/insderodadebara\/wp-json\/wp\/v2\/pages\/3211\/revisions"}],"predecessor-version":[{"id":3259,"href":"https:\/\/agora.xtec.cat\/insderodadebara\/wp-json\/wp\/v2\/pages\/3211\/revisions\/3259"}],"up":[{"embeddable":true,"href":"https:\/\/agora.xtec.cat\/insderodadebara\/wp-json\/wp\/v2\/pages\/3201"}],"wp:attachment":[{"href":"https:\/\/agora.xtec.cat\/insderodadebara\/wp-json\/wp\/v2\/media?parent=3211"}],"curies":[{"name":"wp","href":"https:\/\/api.w.org\/{rel}","templated":true}]}}

<p><b>Procediment d’alta d’usuaris (alumnat, professorat i família) ´</b></p>
<p><span style="font-weight: 400;">Són el coordinador pedagògic i el coordinador TIC l’encarregat de l’acollida digital al centre tant per l’alumnat, família i per al professorat.</span></p>
<ul>
<li style="list-style-type: none;">
<ul style="list-style-type: disc;">
<li style="font-weight: 400;" aria-level="1"><span style="font-weight: 400;">Alta inicial al Gestin ( eina gestió i seguiment de l&#8217;alumnat) d’alumnes, famílies i professorat: coordinació pedagògica</span></li>
<li style="font-weight: 400;" aria-level="1"><span style="font-weight: 400;">Matrícula viva al Gestin: coordinació pedagògica, introducció manual.</span></li>
<li style="font-weight: 400;" aria-level="1"><span style="font-weight: 400;">Alta inicial i matrícula viva al Google ( correu corporatiu, Classroom&#8230;): coordinació TIC</span></li>
</ul>
</li>
</ul>
<p><span style="font-weight: 400;"> </span><span style="font-weight: 400;">Els tutors i tutores de 1r d’ESO, faciliten les claus d’accés al Gestin (gestionades pel coordinador pedagògic) i també les claus d’accés al compte de Google (gestionades pel coordinador TIC) als seus tutorands. A la mateixa tutoria i a inici de curs, l’alumnat rep formació sobre el funcionament de les plataformes que han d’utilitzar al llarg de l’ESO.</span></p>
<p><span style="font-weight: 400;">Les famílies reben informació sobre el funcionament del Gestin en la reunió d’inici de curs. </span></p>
<p><span style="font-weight: 400;">El nou professorat rep, a principis de curs, sessions formatives sobre diferents aspectes digitals (Gestin, Classroom, Correu corporatiu&#8230;). </span></p>
<p><span style="font-weight: 400;">La informació del pla d’acollida digital del professorat nouvingut al centre es troba recollit en els següents documents:</span></p>
<ul>
<li style="list-style-type: none;">
<ul style="list-style-type: disc;">
<li style="font-weight: 400;" aria-level="1"><span style="font-weight: 400;">Una guia bàsica de funcionament del Gestin</span></li>
<li style="font-weight: 400;" aria-level="1"><span style="font-weight: 400;">A la guia del professorat es troba la següent informació: </span></li>
</ul>
</li>
</ul>
<ul>
<li style="list-style-type: none;">
<ul>
<li style="list-style-type: none;">
<ul style="list-style-type: circle;">
<li style="font-weight: 400;" aria-level="2"><span style="font-weight: 400;">El resum de les eines digitals que s’empren a l’institut (Classroom com a entorn virtual d’aprenentatge, el correu corporatiu @insrdb.cat i el Gestin) i qui són els administradors</span></li>
<li style="font-weight: 400;" aria-level="2"><span style="font-weight: 400;">Les diferents aules d’informàtica que hi ha i el procediment de reserva i de registre d’utilització</span></li>
<li style="font-weight: 400;" aria-level="2"><span style="font-weight: 400;">Les normes dels ordinadors portàtils de l’alumnat de 3r i 4t d’ESO.</span></li>
</ul>
</li>
</ul>
</li>
</ul>

<p>Procediment d’alta d’usuaris (alumnat, professorat i família) ´<br />
Són el coordinador pedagògic i el coordinador TIC l’encarregat de l’acollida digital al centre tant per l’alumnat, família i per al professorat.</p>
<ul>
<li style="list-style-type: none;">
<ul style="list-style-type: disc;">
<li style="font-weight: 400;" aria-level="1">Alta inicial al Gestin ( eina gestió i seguiment de l&#8217;alumnat)&hellip;  <a href="https://agora.xtec.cat/insderodadebara/estrategia-digital-de-centre/cultura-digital/acolliment-digital/" title="Read Acolliment digital">Llegeix més»</a><br />
