{"id":27,"date":"2014-09-17T16:24:03","date_gmt":"2014-09-17T16:24:03","guid":{"rendered":"http:\/\/agora.xtec.cat\/insderodadebara\/?page_id=27"},"modified":"2025-10-03T10:26:43","modified_gmt":"2025-10-03T08:26:43","slug":"historia","status":"publish","type":"page","link":"https:\/\/agora.xtec.cat\/insderodadebara\/historia\/","title":{"rendered":"AFA_AMPA"},"content":{"rendered":"<h2>Escola i fam\u00edlia, junts per l\u2019educaci\u00f3<\/h2>\n<div class=\"entry\">\n<p><strong>Benvolgudes fam\u00edlies,<\/strong><\/p>\n<p>Des de l\u2019<strong>Associaci\u00f3 de Mares i Pares d&#8217;Alumnes (AMPA\/AFA)<\/strong>\u00a0de l\u2019Institut\u00a0de Roda de Ber\u00e0, us volem donar una\u00a0<strong>c\u00e0lida benvinguda<\/strong>\u00a0a aquest nou curs escolar 2025-2026.<\/p>\n<p>Estem molt contents de comptar amb el vostre suport i col\u00b7laboraci\u00f3. Gr\u00e0cies a la vostra participaci\u00f3 com a\u00a0<strong>socis\/es de l&#8217;associaci\u00f3<\/strong>, podem seguir treballant per millorar la qualitat educativa i afavorir el benestar dels nostres fills i filles dins de l&#8217;institut.<\/p>\n<p>L\u2019AMPA\/AFA \u00e9s un espai de trobada i col\u00b7laboraci\u00f3 entre fam\u00edlies, alumnat i equip docent. Impulsem activitats educatives, culturals, esportives i l\u00fadiques, i tamb\u00e9 vetllem pels interessos de tota la comunitat educativa.<\/p>\n<p>Us animem a participar activament, a fer propostes i a implicar-vos en les diferents iniciatives que s\u2019aniran proposant al llarg del curs.\u00a0<strong>La vostra veu \u00e9s important<\/strong>\u00a0i entre totes i tots podem fer una escola m\u00e9s viva, participativa i enriquidora.<\/p>\n<p>Per a qualsevol dubte o suggeriment, no dubteu a contactar amb nosaltres a trav\u00e9s del nostre correu electr\u00f2nic\u00a0<b><a href=\"mailto:ampaiesrodadebara@gmail.com\" target=\"_blank\" rel=\"noopener\">ampaiesrodadebara@gmail.com<\/a><\/b><\/p>\n<p>Tamb\u00e9 ens trobareu presencialment al despatx que hi ha ubicat a l&#8217;entrada del Institut els\u00a0 d<b>illuns de 9h a 11.30h i els dimecres de 16.45h a 18.00h<\/b><\/p>\n<h4>Esperem us hagi agradat l&#8217;agenda\u00a0 que hem regalat a tots els socis i els vostres fills i filles les puguin gaudir durant\u00a0 tot el curs 2025-26.<\/h4>\n<p>Gr\u00e0cies per la vostra confian\u00e7a!<\/p>\n<p style=\"text-align: center;\"><strong><a href=\"https:\/\/agora.xtec.cat\/insderodadebara\/wp-content\/uploads\/usu1145\/2025\/10\/Fitxa-socis-AFA-AMPA.pdf\">Fitxa socis AFA-AMPA<\/a>\u00a0<\/strong><\/p>\n<p>&nbsp;<\/p>\n<h4><a href=\"http:\/\/blocs.xtec.cat\/iesrodadebara\/files\/2010\/11\/DOCUMENT-MARC-ESCOLA-I-FAMILIA.pdf\">DOCUMENT MARC ESCOLA I FAMILIA<\/a><\/h4>\n<p>L\u2019associaci\u00f3 de mares i pares d\u2019alumnes (AMPA) \u00e9s una associaci\u00f3 sense \u00e0nim de lucre i volunt\u00e0ria de les fam\u00edlies del centre amb l\u2019objectiu general de promoure la participaci\u00f3 i col\u00b7laborar amb les activitats educatives del centre.<\/p>\n<p><strong>Quina finalitat t\u00e9 l\u2019AMPA_AFA?<\/strong><\/p>\n<p>&#8211; Vetllar per la qualitat de l\u2019educaci\u00f3 a l\u2019escola i facilitar la relaci\u00f3 entre les fam\u00edlies, la direcci\u00f3 i el professorat.<\/p>\n<p>&#8211; Proposar activitats, fer suggeriments o formular queixes en relaci\u00f3 amb el funcionament de l\u2019escola<\/p>\n<p>&#8211; Representar les fam\u00edlies al Consell Escolar del centre i les institucions educatives.<\/p>\n<p>&#8211; Orientar les fam\u00edlies sobre els seus drets i deures.<\/p>\n<p>&#8211; Adre\u00e7ar-se a les Administracions P\u00fabliques per a sol\u00b7licitar els recursos necessaris pel bon funcionament de l\u2019escola.<\/p>\n<p>Direcci\u00f3 i AMPA treballem conjuntament per portar a terme projectes en benefici de la totalitat dels alumnes.<\/p>\n<p><strong>Quines actuacions es duen a terme?<\/strong><\/p>\n<p>A trav\u00e9s de l\u2019empresa Iddink, facilitar la comanda i la compra dels llibres escolars. Valorem positivament aquesta iniciativa despr\u00e9s d\u2019anys de posada en funcionament: l&#8217;empresa ha demostrat serietat i comprom\u00eds.<\/p>\n<p>Adquisici\u00f3 de material esportiu, material audiovisual, llibres o el que se&#8217;ns demana des de l&#8217;institut per ampliar el ventall d\u2019activitats i millorar l&#8217;ensenyament dels alumnes.<\/p>\n<p>Tamb\u00e9 col\u00b7laborem amb les festes de l&#8217;institut aportant esmorzar per a tots els alumnes i en la festa de graduaci\u00f3 de 4t d&#8217;ESO.<\/p>\n<p><strong>Pert\u00e0nyer a l\u2019AMPA ens permet situar-nos en una situaci\u00f3 de privilegi per participar activament en el futur de l\u2019escola dels nostres fills i filles<\/strong>, i fer-la cada dia millor, i \u00e9s precisament des de les assemblees de socis de l\u2019AMPA des d\u2019on pares, mares i tutors podem opinar i votar sobre quins d\u2019aquests projectes considerem prioritaris.<\/p>\n<p>Hi ha moltes maneres de participar i donar suport. Per tot aix\u00f2, <strong>us demanen que us feu socis. <\/strong>Escriviu-nos a <a href=\"mailto:ampaiesrodadebara@gmail.com\" target=\"_blank\" rel=\"noopener\">ampaiesrodadebara@gmail.com<\/a><\/p>\n<h2>Organigrama de l&#8217;AMPA<\/h2>\n<p><strong>Presidenta:<\/strong><\/p>\n<p>Mireia del Castillo Mart\u00ednez<\/p>\n<p><strong>Tresorera:<\/strong><\/p>\n<p>Susana Vall\u00e9s Guti\u00e9rrez<\/p>\n<p><strong>Secret\u00e0ria<\/strong>:<\/p>\n<p>Yolanda Izquierdo Garc\u00eda<\/p>\n<p><strong>Vocals:<\/strong><\/p>\n<p>Yanely Nu\u00f1ez Perdomo<\/p>\n<p>&nbsp;<\/p>\n<h3><strong>Contacte: <b><a href=\"mailto:ampaiesrodadebara@gmail.com\" target=\"_blank\" rel=\"noopener\">ampaiesrodadebara@gmail.com<\/a><\/b><\/strong><\/h3>\n<\/div>\n<h2><strong>Projecte de reutilitzaci\u00f3 de llibres<\/strong><\/h2>\n<p>L\u2019AMPA, conjuntament amb la direcci\u00f3 del centre, i amb l\u2019aprovaci\u00f3 del Consell Escolar,<br \/>\ncontinuar\u00e0 oferint el Projecte de Reutilitzaci\u00f3 de llibres de text amb l&#8217;empresa IDDINK, que tan bons resultats est\u00e0 donant. Els avantatges que ofereix s\u00f3n l&#8217;increment de la responsabilitat i conscienciaci\u00f3 en la preservaci\u00f3 del medi ambient, i secund\u00e0riament un gran estalvi per a les fam\u00edlies.<\/p>\n<ul>\n<li>Com tractar ecoBooks: <a href=\"https:\/\/www.iddink.es\/?pagina=ecoBooks\" data-saferedirecturl=\"https:\/\/www.google.com\/url?hl=ca&amp;q=https:\/\/www.iddink.es\/?pagina%3DecoBooks&amp;source=gmail&amp;ust=1528388744423000&amp;usg=AFQjCNFw6adZQI3rS2ZAjQPG9VqVfuPiMw\">https:\/\/www.iddink.es\/?pagina=ecoBooks<\/a><\/li>\n<li>Com retornar els ecoBooks: <a href=\"https:\/\/www.iddink.es\/?pagina=retornarEcoBooks\" data-saferedirecturl=\"https:\/\/www.google.com\/url?hl=ca&amp;q=https:\/\/www.iddink.es\/?pagina%3DretornarEcoBooks&amp;source=gmail&amp;ust=1528388744423000&amp;usg=AFQjCNGkDNmGqgH8h2KRuYuEYMCc0fvK3w\">https:\/\/www.iddink.es\/?pagina=retornarEcoBooks<\/a><\/li>\n<\/ul>\n<p>&nbsp;<\/p>\n","protected":false},"excerpt":{"rendered":"<p>Escola i fam\u00edlia, junts per l\u2019educaci\u00f3<\/p>\n<p>Benvolgudes fam\u00edlies,<br \/>\nDes de l\u2019Associaci\u00f3 de Mares i Pares d&#8217;Alumnes (AMPA\/AFA)\u00a0de l\u2019Institut\u00a0de Roda de Ber\u00e0, us volem donar una\u00a0c\u00e0lida benvinguda\u00a0a aquest nou curs escolar 2025-2026.<br \/>\nEstem molt contents de comptar amb el vostre suport i col\u00b7laboraci\u00f3. Gr\u00e0cies a la vostra participaci\u00f3 com&hellip;  <a href=\"https:\/\/agora.xtec.cat\/insderodadebara\/historia\/\" title=\"Read AFA_AMPA\">Llegeix m\u00e9s\u00bb<\/a><\/p>\n","protected":false},"author":1,"featured_media":0,"parent":0,"menu_order":20,"comment_status":"closed","ping_status":"closed","template":"page-templates\/side-menu.php","meta":{"_bbp_topic_count":0,"_bbp_reply_count":0,"_bbp_total_topic_count":0,"_bbp_total_reply_count":0,"_bbp_voice_count":0,"_bbp_anonymous_reply_count":0,"_bbp_topic_count_hidden":0,"_bbp_reply_count_hidden":0,"_bbp_forum_subforum_count":0,"footnotes":""},"class_list":["post-27","page","type-page","status-publish","hentry"],"post_mailing_queue_ids":[],"_links":{"self":[{"href":"https:\/\/agora.xtec.cat\/insderodadebara\/wp-json\/wp\/v2\/pages\/27","targetHints":{"allow":["GET"]}}],"collection":[{"href":"https:\/\/agora.xtec.cat\/insderodadebara\/wp-json\/wp\/v2\/pages"}],"about":[{"href":"https:\/\/agora.xtec.cat\/insderodadebara\/wp-json\/wp\/v2\/types\/page"}],"author":[{"embeddable":true,"href":"https:\/\/agora.xtec.cat\/insderodadebara\/wp-json\/wp\/v2\/users\/1"}],"replies":[{"embeddable":true,"href":"https:\/\/agora.xtec.cat\/insderodadebara\/wp-json\/wp\/v2\/comments?post=27"}],"version-history":[{"count":6,"href":"https:\/\/agora.xtec.cat\/insderodadebara\/wp-json\/wp\/v2\/pages\/27\/revisions"}],"predecessor-version":[{"id":4027,"href":"https:\/\/agora.xtec.cat\/insderodadebara\/wp-json\/wp\/v2\/pages\/27\/revisions\/4027"}],"wp:attachment":[{"href":"https:\/\/agora.xtec.cat\/insderodadebara\/wp-json\/wp\/v2\/media?parent=27"}],"curies":[{"name":"wp","href":"https:\/\/api.w.org\/{rel}","templated":true}]}}

<h2>Escola i família, junts per l’educació</h2>
<div class="entry">
<p><strong>Benvolgudes famílies,</strong></p>
<p>Des de l’<strong>Associació de Mares i Pares d&#8217;Alumnes (AMPA/AFA)</strong> de l’Institut de Roda de Berà, us volem donar una <strong>càlida benvinguda</strong> a aquest nou curs escolar 2025-2026.</p>
<p>Estem molt contents de comptar amb el vostre suport i col·laboració. Gràcies a la vostra participació com a <strong>socis/es de l&#8217;associació</strong>, podem seguir treballant per millorar la qualitat educativa i afavorir el benestar dels nostres fills i filles dins de l&#8217;institut.</p>
<p>L’AMPA/AFA és un espai de trobada i col·laboració entre famílies, alumnat i equip docent. Impulsem activitats educatives, culturals, esportives i lúdiques, i també vetllem pels interessos de tota la comunitat educativa.</p>
<p>Us animem a participar activament, a fer propostes i a implicar-vos en les diferents iniciatives que s’aniran proposant al llarg del curs. <strong>La vostra veu és important</strong> i entre totes i tots podem fer una escola més viva, participativa i enriquidora.</p>
<p>Per a qualsevol dubte o suggeriment, no dubteu a contactar amb nosaltres a través del nostre correu electrònic <b><a href="mailto:ampaiesrodadebara@gmail.com" target="_blank" rel="noopener">ampaiesrodadebara@gmail.com</a></b></p>
<p>També ens trobareu presencialment al despatx que hi ha ubicat a l&#8217;entrada del Institut els  d<b>illuns de 9h a 11.30h i els dimecres de 16.45h a 18.00h</b></p>
<h4>Esperem us hagi agradat l&#8217;agenda  que hem regalat a tots els socis i els vostres fills i filles les puguin gaudir durant  tot el curs 2025-26.</h4>
<p>Gràcies per la vostra confiança!</p>
<p style="text-align: center;"><strong><a href="https://agora.xtec.cat/insderodadebara/wp-content/uploads/usu1145/2025/10/Fitxa-socis-AFA-AMPA.pdf">Fitxa socis AFA-AMPA</a> </strong></p>
<p>&nbsp;</p>
<h4><a href="http://blocs.xtec.cat/iesrodadebara/files/2010/11/DOCUMENT-MARC-ESCOLA-I-FAMILIA.pdf">DOCUMENT MARC ESCOLA I FAMILIA</a></h4>
<p>L’associació de mares i pares d’alumnes (AMPA) és una associació sense ànim de lucre i voluntària de les famílies del centre amb l’objectiu general de promoure la participació i col·laborar amb les activitats educatives del centre.</p>
<p><strong>Quina finalitat té l’AMPA_AFA?</strong></p>
<p>&#8211; Vetllar per la qualitat de l’educació a l’escola i facilitar la relació entre les famílies, la direcció i el professorat.</p>
<p>&#8211; Proposar activitats, fer suggeriments o formular queixes en relació amb el funcionament de l’escola</p>
<p>&#8211; Representar les famílies al Consell Escolar del centre i les institucions educatives.</p>
<p>&#8211; Orientar les famílies sobre els seus drets i deures.</p>
<p>&#8211; Adreçar-se a les Administracions Públiques per a sol·licitar els recursos necessaris pel bon funcionament de l’escola.</p>
<p>Direcció i AMPA treballem conjuntament per portar a terme projectes en benefici de la totalitat dels alumnes.</p>
<p><strong>Quines actuacions es duen a terme?</strong></p>
<p>A través de l’empresa Iddink, facilitar la comanda i la compra dels llibres escolars. Valorem positivament aquesta iniciativa després d’anys de posada en funcionament: l&#8217;empresa ha demostrat serietat i compromís.</p>
<p>Adquisició de material esportiu, material audiovisual, llibres o el que se&#8217;ns demana des de l&#8217;institut per ampliar el ventall d’activitats i millorar l&#8217;ensenyament dels alumnes.</p>
<p>També col·laborem amb les festes de l&#8217;institut aportant esmorzar per a tots els alumnes i en la festa de graduació de 4t d&#8217;ESO.</p>
<p><strong>Pertànyer a l’AMPA ens permet situar-nos en una situació de privilegi per participar activament en el futur de l’escola dels nostres fills i filles</strong>, i fer-la cada dia millor, i és precisament des de les assemblees de socis de l’AMPA des d’on pares, mares i tutors podem opinar i votar sobre quins d’aquests projectes considerem prioritaris.</p>
<p>Hi ha moltes maneres de participar i donar suport. Per tot això, <strong>us demanen que us feu socis. </strong>Escriviu-nos a <a href="mailto:ampaiesrodadebara@gmail.com" target="_blank" rel="noopener">ampaiesrodadebara@gmail.com</a></p>
<h2>Organigrama de l&#8217;AMPA</h2>
<p><strong>Presidenta:</strong></p>
<p>Mireia del Castillo Martínez</p>
<p><strong>Tresorera:</strong></p>
<p>Susana Vallés Gutiérrez</p>
<p><strong>Secretària</strong>:</p>
<p>Yolanda Izquierdo García</p>
<p><strong>Vocals:</strong></p>
<p>Yanely Nuñez Perdomo</p>
<p>&nbsp;</p>
<h3><strong>Contacte: <b><a href="mailto:ampaiesrodadebara@gmail.com" target="_blank" rel="noopener">ampaiesrodadebara@gmail.com</a></b></strong></h3>
</div>
<h2><strong>Projecte de reutilització de llibres</strong></h2>
<p>L’AMPA, conjuntament amb la direcció del centre, i amb l’aprovació del Consell Escolar,<br />
continuarà oferint el Projecte de Reutilització de llibres de text amb l&#8217;empresa IDDINK, que tan bons resultats està donant. Els avantatges que ofereix són l&#8217;increment de la responsabilitat i conscienciació en la preservació del medi ambient, i secundàriament un gran estalvi per a les famílies.</p>
<ul>
<li>Com tractar ecoBooks: <a href="https://www.iddink.es/?pagina=ecoBooks" data-saferedirecturl="https://www.google.com/url?hl=ca&amp;q=https://www.iddink.es/?pagina%3DecoBooks&amp;source=gmail&amp;ust=1528388744423000&amp;usg=AFQjCNFw6adZQI3rS2ZAjQPG9VqVfuPiMw">https://www.iddink.es/?pagina=ecoBooks</a></li>
<li>Com retornar els ecoBooks: <a href="https://www.iddink.es/?pagina=retornarEcoBooks" data-saferedirecturl="https://www.google.com/url?hl=ca&amp;q=https://www.iddink.es/?pagina%3DretornarEcoBooks&amp;source=gmail&amp;ust=1528388744423000&amp;usg=AFQjCNGkDNmGqgH8h2KRuYuEYMCc0fvK3w">https://www.iddink.es/?pagina=retornarEcoBooks</a></li>
</ul>
<p>&nbsp;</p>

<p>Escola i família, junts per l’educació</p>
<p>Benvolgudes famílies,<br />
Des de l’Associació de Mares i Pares d&#8217;Alumnes (AMPA/AFA) de l’Institut de Roda de Berà, us volem donar una càlida benvinguda a aquest nou curs escolar 2025-2026.<br />
Estem molt contents de comptar amb el vostre suport i col·laboració. Gràcies a la vostra participació com&hellip;  <a href="https://agora.xtec.cat/insderodadebara/historia/" title="Read AFA_AMPA">Llegeix més»</a></p>
