{"id":1111,"date":"2017-02-17T14:05:41","date_gmt":"2017-02-17T13:05:41","guid":{"rendered":"http:\/\/agora.xtec.cat\/insderodadebara\/?page_id=1111"},"modified":"2025-10-23T06:49:19","modified_gmt":"2025-10-23T04:49:19","slug":"servei-comunitari","status":"publish","type":"page","link":"https:\/\/agora.xtec.cat\/insderodadebara\/projectes\/servei-comunitari\/","title":{"rendered":"Projecte Joves Solidaris. Servei comunitari"},"content":{"rendered":"<p data-pm-slice=\"1 1 []\">El Servei Comunitari \u00e9s una activitat obligat\u00f2ria i curricular que fan tots els alumnes de 3r o 4t d&#8217;ESO a Catalunya. Forma part del curr\u00edculum educatiu i t\u00e9 com a objectiu que els joves aprenguin valors de solidaritat, responsabilitat i comprom\u00eds social a trav\u00e9s d\u2019una experi\u00e8ncia pr\u00e0ctica de voluntariat o servei a la comunitat. Els alumnes participen en projectes reals de servei que responen a necessitats del seu entorn i alhora, treballen a l\u2019aula els aprenentatges relacionats amb aquesta experi\u00e8ncia: reflexi\u00f3, planificaci\u00f3, treball en equip i comprom\u00eds ciutad\u00e0. Normalment t\u00e9 una durada d\u2019entre 20 hores, repartides entre activitats dins i fora de l\u2019horari lectiu i s\u2019avalua de manera conjunta entre l&#8217;entitat col\u00b7laboradora i el professorat implicat amb tres qualificacions possibles: Fet, Fet amb aprofitament i No fet.<\/p>\n<p data-pm-slice=\"1 1 []\">El Servei comunitari a l&#8217;institut de Roda de Ber\u00e0 es concreta en el <a href=\"https:\/\/agora.xtec.cat\/insderodadebara\/wp-content\/uploads\/usu1145\/2025\/10\/Projecte-JOVES-SOLIDARIS-Servei-Comunitari-2025-26.pdf\">Projecte JOVES SOLIDARIS Servei Comunitari 2025-26<\/a><\/p>\n<p><iframe loading=\"lazy\" src=\"https:\/\/calendar.google.com\/calendar\/embed?src=xtec.cat_pgc4a6o1cnij9u03ugu4rs7vjc%40group.calendar.google.com&amp;ctz=Europe%2FMadrid\" width=\"800\" height=\"600\" frameborder=\"0\"><\/iframe><\/p>\n","protected":false},"excerpt":{"rendered":"<p>El Servei Comunitari \u00e9s una activitat obligat\u00f2ria i curricular que fan tots els alumnes de 3r o 4t d&#8217;ESO a Catalunya. Forma part del curr\u00edculum educatiu i t\u00e9 com a objectiu que els joves aprenguin valors de solidaritat, responsabilitat i comprom\u00eds social a trav\u00e9s d\u2019una&hellip;  <a href=\"https:\/\/agora.xtec.cat\/insderodadebara\/projectes\/servei-comunitari\/\" title=\"Read Projecte Joves Solidaris. Servei comunitari\">Llegeix m\u00e9s\u00bb<\/a><\/p>\n","protected":false},"author":1,"featured_media":0,"parent":1107,"menu_order":0,"comment_status":"closed","ping_status":"closed","template":"page-templates\/side-menu.php","meta":{"_bbp_topic_count":0,"_bbp_reply_count":0,"_bbp_total_topic_count":0,"_bbp_total_reply_count":0,"_bbp_voice_count":0,"_bbp_anonymous_reply_count":0,"_bbp_topic_count_hidden":0,"_bbp_reply_count_hidden":0,"_bbp_forum_subforum_count":0,"footnotes":""},"class_list":["post-1111","page","type-page","status-publish","hentry"],"post_mailing_queue_ids":[],"_links":{"self":[{"href":"https:\/\/agora.xtec.cat\/insderodadebara\/wp-json\/wp\/v2\/pages\/1111","targetHints":{"allow":["GET"]}}],"collection":[{"href":"https:\/\/agora.xtec.cat\/insderodadebara\/wp-json\/wp\/v2\/pages"}],"about":[{"href":"https:\/\/agora.xtec.cat\/insderodadebara\/wp-json\/wp\/v2\/types\/page"}],"author":[{"embeddable":true,"href":"https:\/\/agora.xtec.cat\/insderodadebara\/wp-json\/wp\/v2\/users\/1"}],"replies":[{"embeddable":true,"href":"https:\/\/agora.xtec.cat\/insderodadebara\/wp-json\/wp\/v2\/comments?post=1111"}],"version-history":[{"count":7,"href":"https:\/\/agora.xtec.cat\/insderodadebara\/wp-json\/wp\/v2\/pages\/1111\/revisions"}],"predecessor-version":[{"id":4051,"href":"https:\/\/agora.xtec.cat\/insderodadebara\/wp-json\/wp\/v2\/pages\/1111\/revisions\/4051"}],"up":[{"embeddable":true,"href":"https:\/\/agora.xtec.cat\/insderodadebara\/wp-json\/wp\/v2\/pages\/1107"}],"wp:attachment":[{"href":"https:\/\/agora.xtec.cat\/insderodadebara\/wp-json\/wp\/v2\/media?parent=1111"}],"curies":[{"name":"wp","href":"https:\/\/api.w.org\/{rel}","templated":true}]}}

<p data-pm-slice="1 1 []">El Servei Comunitari és una activitat obligatòria i curricular que fan tots els alumnes de 3r o 4t d&#8217;ESO a Catalunya. Forma part del currículum educatiu i té com a objectiu que els joves aprenguin valors de solidaritat, responsabilitat i compromís social a través d’una experiència pràctica de voluntariat o servei a la comunitat. Els alumnes participen en projectes reals de servei que responen a necessitats del seu entorn i alhora, treballen a l’aula els aprenentatges relacionats amb aquesta experiència: reflexió, planificació, treball en equip i compromís ciutadà. Normalment té una durada d’entre 20 hores, repartides entre activitats dins i fora de l’horari lectiu i s’avalua de manera conjunta entre l&#8217;entitat col·laboradora i el professorat implicat amb tres qualificacions possibles: Fet, Fet amb aprofitament i No fet.</p>
<p data-pm-slice="1 1 []">El Servei comunitari a l&#8217;institut de Roda de Berà es concreta en el <a href="https://agora.xtec.cat/insderodadebara/wp-content/uploads/usu1145/2025/10/Projecte-JOVES-SOLIDARIS-Servei-Comunitari-2025-26.pdf">Projecte JOVES SOLIDARIS Servei Comunitari 2025-26</a></p>
<p><iframe loading="lazy" src="https://calendar.google.com/calendar/embed?src=xtec.cat_pgc4a6o1cnij9u03ugu4rs7vjc%40group.calendar.google.com&amp;ctz=Europe%2FMadrid" width="800" height="600" frameborder="0"></iframe></p>

<p>El Servei Comunitari és una activitat obligatòria i curricular que fan tots els alumnes de 3r o 4t d&#8217;ESO a Catalunya. Forma part del currículum educatiu i té com a objectiu que els joves aprenguin valors de solidaritat, responsabilitat i compromís social a través d’una&hellip;  <a href="https://agora.xtec.cat/insderodadebara/projectes/servei-comunitari/" title="Read Projecte Joves Solidaris. Servei comunitari">Llegeix més»</a></p>
