{"id":81,"date":"2014-09-18T10:38:05","date_gmt":"2014-09-18T10:38:05","guid":{"rendered":"http:\/\/agora.xtec.cat\/inscavallbernat\/?page_id=81"},"modified":"2026-04-10T14:30:38","modified_gmt":"2026-04-10T12:30:38","slug":"secretaria","status":"publish","type":"page","link":"https:\/\/agora.xtec.cat\/inscavallbernat\/secretaria\/","title":{"rendered":"Secretaria Cavall Bernat"},"content":{"rendered":"<p>Podeu contactar amb la secretaria del centre, dintre de l&#8217;horari d&#8217;atenci\u00f3, de forma presencial, telef\u00f2nica o via correu electr\u00f2nic.<\/p>\n<p><strong><span style=\"color: #ff6600;\">HORARI D&#8217;ATENCI\u00d3 AL P\u00daBLIC<\/span><\/strong><\/p>\n<p><strong>De l&#8217;1 d&#8217;octubre al 31 de maig<\/strong><\/p>\n<p>MATINS: de 9.30 a 15.15 h.<\/p>\n<p><strong>De l&#8217;1 de juny al 30 de setembre<\/strong><\/p>\n<p>MATINS: de 9.30 a 13.30 h<\/p>\n<p>Dintre d&#8217;aquest horari d&#8217;atenci\u00f3 podreu demanar:<\/p>\n<ul>\n<li>Tr\u00e0mits (sol\u00b7licitud de certificats&#8230;)<\/li>\n<li>Suports a les preinscripcions i matr\u00edcules telem\u00e0tiques:\n<ul>\n<li><a href=\"https:\/\/agora.xtec.cat\/inscavallbernat\/preinscripcio-i-matricula-eso\/\" target=\"_blank\" rel=\"noopener\">ESO<\/a><\/li>\n<li><a href=\"https:\/\/agora.xtec.cat\/inscavallbernat\/preinscripcio-i-matricula-batxillerat\/\" target=\"_blank\" rel=\"noopener\">Batxillerat<\/a><\/li>\n<li><a href=\"https:\/\/agora.xtec.cat\/inscavallbernat\/preinscripcio-i-matricula-pfi-ptt\/\" target=\"_blank\" rel=\"noopener\">PFI-PTT<\/a><\/li>\n<li><a href=\"https:\/\/agora.xtec.cat\/inscavallbernat\/preinscripcio-i-matricula-grau-mitja\/\" target=\"_blank\" rel=\"noopener\">Grau Mitj\u00e0<\/a><\/li>\n<li><a href=\"https:\/\/agora.xtec.cat\/inscavallbernat\/preinscripcio-i-matricula-grau-superior\/\" target=\"_blank\" rel=\"noopener\">Grau Superior<\/a><\/li>\n<\/ul>\n<\/li>\n<li>Informaci\u00f3 administrativa<\/li>\n<li>Beques i ajuts<\/li>\n<li>Proves d&#8217;acc\u00e9s als cicles formatius<\/li>\n<li>etc.<\/li>\n<\/ul>\n<p>&nbsp;<\/p>\n","protected":false},"excerpt":{"rendered":"<p>Podeu contactar amb la secretaria del centre, dintre de l&#8217;horari d&#8217;atenci\u00f3, de forma presencial, telef\u00f2nica o via correu electr\u00f2nic.<br \/>\nHORARI D&#8217;ATENCI\u00d3 AL P\u00daBLIC<br \/>\nDe l&#8217;1 d&#8217;octubre al 31 de maig<br \/>\nMATINS: de 9.30 a 15.15 h.<br \/>\nDe l&#8217;1 de juny al 30 de setembre<br \/>\nMATINS: de 9.30 a 13.30 h<br \/>\nDintre&hellip;  <a href=\"https:\/\/agora.xtec.cat\/inscavallbernat\/secretaria\/\" title=\"Read Secretaria Cavall Bernat\">Llegeix m\u00e9s\u00bb<\/a><\/p>\n","protected":false},"author":1,"featured_media":0,"parent":0,"menu_order":0,"comment_status":"closed","ping_status":"closed","template":"","meta":{"_bbp_topic_count":0,"_bbp_reply_count":0,"_bbp_total_topic_count":0,"_bbp_total_reply_count":0,"_bbp_voice_count":0,"_bbp_anonymous_reply_count":0,"_bbp_topic_count_hidden":0,"_bbp_reply_count_hidden":0,"_bbp_forum_subforum_count":0,"footnotes":""},"class_list":["post-81","page","type-page","status-publish","hentry"],"post_mailing_queue_ids":[],"_links":{"self":[{"href":"https:\/\/agora.xtec.cat\/inscavallbernat\/wp-json\/wp\/v2\/pages\/81","targetHints":{"allow":["GET"]}}],"collection":[{"href":"https:\/\/agora.xtec.cat\/inscavallbernat\/wp-json\/wp\/v2\/pages"}],"about":[{"href":"https:\/\/agora.xtec.cat\/inscavallbernat\/wp-json\/wp\/v2\/types\/page"}],"author":[{"embeddable":true,"href":"https:\/\/agora.xtec.cat\/inscavallbernat\/wp-json\/wp\/v2\/users\/1"}],"replies":[{"embeddable":true,"href":"https:\/\/agora.xtec.cat\/inscavallbernat\/wp-json\/wp\/v2\/comments?post=81"}],"version-history":[{"count":6,"href":"https:\/\/agora.xtec.cat\/inscavallbernat\/wp-json\/wp\/v2\/pages\/81\/revisions"}],"predecessor-version":[{"id":8217,"href":"https:\/\/agora.xtec.cat\/inscavallbernat\/wp-json\/wp\/v2\/pages\/81\/revisions\/8217"}],"wp:attachment":[{"href":"https:\/\/agora.xtec.cat\/inscavallbernat\/wp-json\/wp\/v2\/media?parent=81"}],"curies":[{"name":"wp","href":"https:\/\/api.w.org\/{rel}","templated":true}]}}