{"id":7033,"date":"2024-04-19T15:55:09","date_gmt":"2024-04-19T13:55:09","guid":{"rendered":"https:\/\/agora.xtec.cat\/inscavallbernat\/?page_id=7033"},"modified":"2026-03-23T16:05:00","modified_gmt":"2026-03-23T15:05:00","slug":"preinscripcio-i-matricula-grau-superior","status":"publish","type":"page","link":"https:\/\/agora.xtec.cat\/inscavallbernat\/preinscripcio-i-matricula-grau-superior\/","title":{"rendered":"Preinscripci\u00f3 i matr\u00edcula GRAU SUPERIOR 2026-2027"},"content":{"rendered":"<p>Dates de preinscripci\u00f3: <span style=\"color: #ff6600;\">del 26 de maig a l&#8217;1 de juny de 2026<\/span><\/p>\n<p><a href=\"https:\/\/preinscripcio.gencat.cat\/ca\/estudis\/fp-grau-superior\/inici\/index.html\" target=\"_blank\" rel=\"noopener\">Enlla\u00e7 a la p\u00e0gina de la preinscripci\u00f3<\/a><\/p>\n<p>Oferta de places<\/p>\n<p>Llistat de persones admeses<\/p>\n<p>Llistat de persones admeses en segona tanda<\/p>\n<hr \/>\n<h6><span style=\"color: #ff6600;\">MATR\u00cdCULA DE L&#8217;ALUMNAT NOU AL CENTRE (MATR\u00cdCULA EXTERNA)<\/span><\/h6>\n<p>Dates de matr\u00edcula (abans has d&#8217;haver confirmat la pla\u00e7a en l\u00ednia seguint les instruccions que rebr\u00e0s amb el correu de confirmaci\u00f3 de la pla\u00e7a):<\/p>\n<p><span style=\"color: #339966;\">1a tanda: del 10 al 16 de juliol de 2026\u00a0 (Confirmaci\u00f3 de la matr\u00edcula en l\u00ednia del 10 al 14 de juliol)<\/span><\/p>\n<p><span style=\"color: #339966;\">2a tanda: del 24 al 29 de juliol de 2026 (Confirmaci\u00f3 de la matr\u00edcula en l\u00ednia del 24 al 28 de juliol)<\/span><\/p>\n<p><span style=\"color: #339966;\">\u00a0<\/span><\/p>\n<hr \/>\n<p><span style=\"color: #00ccff;\"><b>\u00a0<\/b><\/span><\/p>\n<h6><span style=\"color: #ff6600;\">MATR\u00cdCULA DE L&#8217;ALUMNAT AMB CONTINU\u00cfTAT D&#8217;ESTUDIS (MATR\u00cdCULA INTERNA)<\/span><\/h6>\n<p>Dates de matr\u00edcula:\u00a0<span style=\"color: #339966;\">\u00a0<\/span><\/p>\n<hr \/>\n<h4><span style=\"color: #ff6600;\">PREUS 2025-2026<\/span><\/h4>\n<p><img loading=\"lazy\" decoding=\"async\" class=\"aligncenter size-full wp-image-7778\" src=\"https:\/\/agora.xtec.cat\/inscavallbernat\/wp-content\/uploads\/usu1351\/2025\/06\/Preus-GS-2.jpg\" alt=\"\" width=\"765\" height=\"596\" srcset=\"https:\/\/agora.xtec.cat\/inscavallbernat\/wp-content\/uploads\/usu1351\/2025\/06\/Preus-GS-2.jpg 765w, https:\/\/agora.xtec.cat\/inscavallbernat\/wp-content\/uploads\/usu1351\/2025\/06\/Preus-GS-2-300x234.jpg 300w\" sizes=\"auto, (max-width: 765px) 100vw, 765px\" \/><\/p>\n<p>&nbsp;<\/p>\n<hr \/>\n<h3><span style=\"color: #ff6600;\">INSTRUCCIONS DE MATR\u00cdCULA (INTERNA I EXTERNA)<\/span><\/h3>\n<p><strong>\u00c9S MOLT IMPORTANT QUE US LLEGIU EL DOSSIER AL FINAL D&#8217;AQUESTA P\u00c0GINA PER SABER QUIN MATERIAL NECESSITEU<\/strong><\/p>\n<p>PER FER EL CICLE D&#8217;AG\u00c8NCIES DE VIATGES I GESTI\u00d3 D&#8217;ESDEVENIMENTS, A PRIMER CURS US HEU DE MATRICULAR AL CICLE DE GUIA, INFORMACI\u00d3 I ASSIST\u00c8NCIES TUR\u00cdSTIQUES.<\/p>\n<p>La matr\u00edcula \u00e9s telem\u00e0tica, per formalitzar-la cal accedir a la web:<\/p>\n<h4><span style=\"color: #ff0000;\"><a style=\"color: #ff0000;\" href=\"https:\/\/matricula.inscavallbernat.cat\/\">https:\/\/matricula.inscavallbernat.cat\/<\/a><\/span><\/h4>\n<p><a href=\"https:\/\/agora.xtec.cat\/inscavallbernat\/secretaria\/instruccions-per-omplir-el-formulari-de-matricula\/\" target=\"_blank\" rel=\"noopener\">Guia d&#8217;ajuda per omplir el formulari de matr\u00edcula<\/a><\/p>\n<p>En aquest formulari se us demanar\u00e0 que adjunteu els seg\u00fcents documents:<\/p>\n<p>-DNI de l\u2019alumne\/a, pel davant i pel darrere<\/p>\n<p>-Fotografia facial tipus carnet<\/p>\n<p>-T\u00edtol que dona acc\u00e9s als estudis (si sou alumnes de 1r)<\/p>\n<p>-Targeta sanit\u00e0ria<\/p>\n<p>-Justificant de la bonificaci\u00f3, si procedeix<\/p>\n<p>Un cop seleccionats els estudis dels quals us matriculeu, l&#8217;aplicaci\u00f3 us donar\u00e0 l\u2019import de la matr\u00edcula. Aquest import ha de ser pagat mitjan\u00e7ant targeta banc\u00e0ria o <strong>Bizum (VIA RECOMANADA)<\/strong> a trav\u00e9s de la passarel\u00b7la de pagament a la que se us redirigir\u00e0 un cop finalitzada la inscripci\u00f3. <strong>NO ES TRAMITAR\u00c0 CAP MATR\u00cdCULA SI NO ES FA AQUEST PAGAMENT<\/strong>.<\/p>\n<p>El pagament es fa fraccionat en dos o tres terminis, en funci\u00f3 de l&#8217;estudi. Consulteu al dossier del vostre cicle les dates i els conceptes que es paguen a cada termini.<\/p>\n<p>Consulteu les bonificacions i exempcions de les taxes a l&#8217;<a href=\"https:\/\/dogc.gencat.cat\/ca\/document-del-dogc\/?documentId=611512\" target=\"_blank\" rel=\"noopener\">ORDRE ENS\/181\/2012, de 22 de juny<\/a><\/p>\n<pre>Aquesta opci\u00f3 de fraccionament <strong>nom\u00e9s est\u00e0 disponible<\/strong>\u00a0per a aquell alumnat que formalitza la\u00a0<strong>matr\u00edcula en els terminis ordinaris<\/strong>. Tota matr\u00edcula que es faci amb posterioritat, s'haur\u00e0 de pagar \u00edntegrament en una sola vegada.<\/pre>\n<p>Recordeu que encara que tingueu previst convalidar alguns m\u00f2duls, heu de matricular-vos igualment dels mateixos i sol\u00b7licitar a principis de curs a la Secretaria del centre la seva convalidaci\u00f3.<\/p>\n<h2><span style=\"color: #ff9900;\">IMPORTANT!<\/span><\/h2>\n<p>\u00c9s imprescindible que tingueu el material i l&#8217;uniforme que se us demana abans del comen\u00e7ament de les classes. Consulteu el DOSSIER que us pertoca segons els estudis als quals us h\u00e0giu matriculat:<\/p>\n<p>&#8211;<a href=\"https:\/\/drive.google.com\/file\/d\/1BDDPEaDnJrLGUAiEN8imARBfKSRF4wW7\/view?usp=drive_link\" target=\"_blank\" rel=\"noopener\">Dossier 1r Direcci\u00f3 de cuina<\/a><\/p>\n<p>&#8211;<a href=\"https:\/\/drive.google.com\/file\/d\/1l6z4N_yqlhow3kyJdI644y5qtuNr8Aob\/view?usp=drive_link\" target=\"_blank\" rel=\"noopener\">Dossier 1r Direcci\u00f3 de serveis en restauraci\u00f3<\/a><\/p>\n<p>&#8211;<a href=\"https:\/\/drive.google.com\/file\/d\/1XJmaScPuYz0IYw_PkrODy9_SZxCl3m50\/view?usp=drive_link\" target=\"_blank\" rel=\"noopener\">Dossier 1r Guia, informaci\u00f3 i assist\u00e8ncies tur\u00edstiques\/Ag\u00e8ncies de viatges i gesti\u00f3 d&#8217;esdeveniments<\/a><\/p>\n<p>&#8211;<a href=\"https:\/\/drive.google.com\/file\/d\/1bo9fgGcPgHT-gxXPFKYCz2C9QX1NhJ4j\/view?usp=drive_link\" target=\"_blank\" rel=\"noopener\">Dossier 2n Direcci\u00f3 de cuina<\/a><\/p>\n<p>&#8211;<a href=\"https:\/\/drive.google.com\/file\/d\/1ffecuPNxGDmfROLhcM4E_yHQ53FqrmLP\/view?usp=drive_link\" target=\"_blank\" rel=\"noopener\">Dossier 2n Direcci\u00f3 de serveis en restauraci\u00f3<\/a><\/p>\n<p>&#8211;<a href=\"https:\/\/drive.google.com\/file\/d\/1m88P5hnA2MfsFm1wuPwc0a0XPfn7jHzX\/view?usp=drive_link\" target=\"_blank\" rel=\"noopener\">Dossier 2n Guia, informaci\u00f3 i assist\u00e8ncies tur\u00edstiques<\/a><\/p>\n<p>&#8211;<a href=\"https:\/\/drive.google.com\/file\/d\/1x-aov6Iq3PFuTkTkfTn59ZSoq7TYfEVZ\/view?usp=drive_link\" target=\"_blank\" rel=\"noopener\">Dossier 2n Ag\u00e8ncies de viatges i gesti\u00f3 d&#8217;esdeveniments<\/a><\/p>\n","protected":false},"excerpt":{"rendered":"<p>Dates de preinscripci\u00f3: del 26 de maig a l&#8217;1 de juny de 2026<br \/>\n<a href=\"https:\/\/preinscripcio.gencat.cat\/ca\/estudis\/fp-grau-superior\/inici\/index.html\" target=\"_blank\" rel=\"noopener\">Enlla\u00e7 a la p\u00e0gina de la preinscripci\u00f3<\/a><br \/>\nOferta de places<br \/>\nLlistat de persones admeses<br \/>\nLlistat de persones admeses en segona tanda<\/p>\n<p>MATR\u00cdCULA DE L&#8217;ALUMNAT NOU AL CENTRE (MATR\u00cdCULA EXTERNA)<br \/>\nDates de matr\u00edcula (abans has d&#8217;haver&hellip;  <a href=\"https:\/\/agora.xtec.cat\/inscavallbernat\/preinscripcio-i-matricula-grau-superior\/\" title=\"Read Preinscripci\u00f3 i matr\u00edcula GRAU SUPERIOR 2026-2027\">Llegeix m\u00e9s\u00bb<\/a><\/p>\n","protected":false},"author":1,"featured_media":0,"parent":0,"menu_order":0,"comment_status":"closed","ping_status":"closed","template":"","meta":{"_bbp_topic_count":0,"_bbp_reply_count":0,"_bbp_total_topic_count":0,"_bbp_total_reply_count":0,"_bbp_voice_count":0,"_bbp_anonymous_reply_count":0,"_bbp_topic_count_hidden":0,"_bbp_reply_count_hidden":0,"_bbp_forum_subforum_count":0,"footnotes":""},"class_list":["post-7033","page","type-page","status-publish","hentry"],"post_mailing_queue_ids":[],"_links":{"self":[{"href":"https:\/\/agora.xtec.cat\/inscavallbernat\/wp-json\/wp\/v2\/pages\/7033","targetHints":{"allow":["GET"]}}],"collection":[{"href":"https:\/\/agora.xtec.cat\/inscavallbernat\/wp-json\/wp\/v2\/pages"}],"about":[{"href":"https:\/\/agora.xtec.cat\/inscavallbernat\/wp-json\/wp\/v2\/types\/page"}],"author":[{"embeddable":true,"href":"https:\/\/agora.xtec.cat\/inscavallbernat\/wp-json\/wp\/v2\/users\/1"}],"replies":[{"embeddable":true,"href":"https:\/\/agora.xtec.cat\/inscavallbernat\/wp-json\/wp\/v2\/comments?post=7033"}],"version-history":[{"count":6,"href":"https:\/\/agora.xtec.cat\/inscavallbernat\/wp-json\/wp\/v2\/pages\/7033\/revisions"}],"predecessor-version":[{"id":8203,"href":"https:\/\/agora.xtec.cat\/inscavallbernat\/wp-json\/wp\/v2\/pages\/7033\/revisions\/8203"}],"wp:attachment":[{"href":"https:\/\/agora.xtec.cat\/inscavallbernat\/wp-json\/wp\/v2\/media?parent=7033"}],"curies":[{"name":"wp","href":"https:\/\/api.w.org\/{rel}","templated":true}]}}