{"id":7025,"date":"2024-04-19T11:23:48","date_gmt":"2024-04-19T09:23:48","guid":{"rendered":"https:\/\/agora.xtec.cat\/inscavallbernat\/?page_id=7025"},"modified":"2026-03-24T17:13:46","modified_gmt":"2026-03-24T16:13:46","slug":"preinscripcio-i-matricula-pfi-ptt","status":"publish","type":"page","link":"https:\/\/agora.xtec.cat\/inscavallbernat\/preinscripcio-i-matricula-pfi-ptt\/","title":{"rendered":"Preinscripci\u00f3 i matr\u00edcula PFI-PTT 2026-2027"},"content":{"rendered":"<p>Per a la informaci\u00f3 completa de les dates clau de preinscripci\u00f3 i matr\u00edcula, consulteu la <a href=\"https:\/\/preinscripcio.gencat.cat\/ca\/estudis\/pfi\/inici\/index.html\" target=\"_blank\" rel=\"noopener\">web<\/a> oficial de la Generalitat de Catalunya.<\/p>\n<p>Dates de preinscripci\u00f3: <strong><span style=\"color: #ff6600;\">del 4 al 13 de maig de 2026<\/span><\/strong><\/p>\n<p>Dates de l&#8217;entrevista d&#8217;orientaci\u00f3 i valoraci\u00f3: <span style=\"color: #008080;\"><strong>del\u00a0\u00a0<\/strong><\/span><\/p>\n<p><a href=\"https:\/\/preinscripcio.gencat.cat\/ca\/estudis\/pfi\/preinscriute\/sollicitud\/\" target=\"_blank\" rel=\"noopener\">Enlla\u00e7 a la p\u00e0gina de la PREINSCRIPCI\u00d3<\/a><\/p>\n<p>Oferta de places<\/p>\n<p>Llistat de persones amb barem resolt<\/p>\n<hr \/>\n<h3><span style=\"color: #ff6600;\">INSTRUCCIONS DE MATR\u00cdCULA\u00a0<\/span><\/h3>\n<p><span style=\"color: #008080;\"><strong>*********\u00c9S MOLT IMPORTANT QUE US LLEGIU ELS DOSSIERS AL FINAL D&#8217;AQUESTA P\u00c0GINA PER SABER QUIN MATERIAL NECESSITEU***********<\/strong><\/span><\/p>\n<p>Dates de matr\u00edcula: <strong><span style=\"color: #ff9900;\">del 6 al 10 de juliol de 2026<\/span><\/strong><\/p>\n<p>La matr\u00edcula \u00e9s telem\u00e0tica, per formalitzar-la cal accedir a la web:<\/p>\n<h4><span style=\"color: #ff0000;\"><a style=\"color: #ff0000;\" href=\"https:\/\/matricula.inscavallbernat.cat\/\">https:\/\/matricula.inscavallbernat.cat\/<\/a><\/span><\/h4>\n<p><a href=\"https:\/\/agora.xtec.cat\/inscavallbernat\/secretaria\/instruccions-per-omplir-el-formulari-de-matricula\/\" target=\"_blank\" rel=\"noopener\">Guia d&#8217;ajuda per omplir el formulari de matr\u00edcula<\/a><\/p>\n<p>En aquest formulari se us demanar\u00e0 que adjunteu els seg\u00fcents documents:<\/p>\n<p>-DNI de l\u2019alumne\/a, pel davant i pel darrere<\/p>\n<p>-Fotografia facial tipus carnet<\/p>\n<p>-Targeta sanit\u00e0ria<\/p>\n<h2><span style=\"color: #ff9900;\">IMPORTANT!<\/span><\/h2>\n<p>\u00c9s imprescindible que tingueu el material i l&#8217;uniforme que se us demana abans del comen\u00e7ament de les classes. Consulteu el DOSSIER que us pertoca segons els estudis als quals us h\u00e0giu matriculat:<\/p>\n<p>&#8211;<a href=\"https:\/\/docs.google.com\/document\/d\/1RUfIWo0hQ-odrh1sXwmj3Gi9sELzNdHo\/edit?usp=drive_link&amp;ouid=112983723789193886440&amp;rtpof=true&amp;sd=true\" target=\"_blank\" rel=\"noopener\">Dossier d&#8217;uniformes del curs d&#8217;Auxiliar de treballs de fusteria i instal\u00b7laci\u00f3 de mobles<\/a><\/p>\n<p>&#8211;<a href=\"https:\/\/docs.google.com\/document\/d\/1yNO9jco9upa86SRBaAdEdYNUNIo6WLZN\/edit?usp=drive_link&amp;ouid=112983723789193886440&amp;rtpof=true&amp;sd=true\" target=\"_blank\" rel=\"noopener\">Dossier de material del curs d&#8217;Auxiliar de treballs de fusteria i instal\u00b7laci\u00f3 de mobles<\/a><\/p>\n<hr \/>\n<p>&#8211;<a href=\"https:\/\/docs.google.com\/document\/d\/1tn8OtQbEW-5v_o4LFIPIG8xY2B_G-aMF\/edit?usp=drive_link&amp;ouid=112983723789193886440&amp;rtpof=true&amp;sd=true\" target=\"_blank\" rel=\"noopener\">Dossier d&#8217;uniformes del curs d&#8217;Auxiliar de serveis de restauraci\u00f3 i cuina<\/a><\/p>\n<p>&#8211;<a href=\"https:\/\/docs.google.com\/document\/d\/1v6Y_H-GX-lor-OlpfGEye7AzWU4Ora1U\/edit?usp=drive_link&amp;ouid=112983723789193886440&amp;rtpof=true&amp;sd=true\" target=\"_blank\" rel=\"noopener\">Dossier de material del curs d&#8217;Auxiliar de serveis de restauraci\u00f3 i cuina<\/a><\/p>\n<hr \/>\n<p>&#8211;<a href=\"https:\/\/docs.google.com\/document\/d\/1ToJ0tVuplSDK6UaW5DuWy63nKzwsfo2i\/edit?usp=drive_link&amp;ouid=112983723789193886440&amp;rtpof=true&amp;sd=true\" target=\"_blank\" rel=\"noopener\">Dossier de material del curs d&#8217;Auxiliar de comer\u00e7 i atenci\u00f3 al p\u00fablic 25-26<\/a><\/p>\n","protected":false},"excerpt":{"rendered":"<p>Per a la informaci\u00f3 completa de les dates clau de preinscripci\u00f3 i matr\u00edcula, consulteu la <a href=\"https:\/\/preinscripcio.gencat.cat\/ca\/estudis\/pfi\/inici\/index.html\" target=\"_blank\" rel=\"noopener\">web<\/a> oficial de la Generalitat de Catalunya.<br \/>\nDates de preinscripci\u00f3: del 4 al 13 de maig de 2026<br \/>\nDates de l&#8217;entrevista d&#8217;orientaci\u00f3 i valoraci\u00f3: del\u00a0\u00a0<br \/>\n<a href=\"https:\/\/preinscripcio.gencat.cat\/ca\/estudis\/pfi\/preinscriute\/sollicitud\/\" target=\"_blank\" rel=\"noopener\">Enlla\u00e7 a&hellip;  <a href=\"https:\/\/agora.xtec.cat\/inscavallbernat\/preinscripcio-i-matricula-pfi-ptt\/\" title=\"Read Preinscripci\u00f3 i matr\u00edcula PFI-PTT 2026-2027\">Llegeix m\u00e9s\u00bb<\/a><\/p>\n","protected":false},"author":1,"featured_media":0,"parent":0,"menu_order":0,"comment_status":"closed","ping_status":"closed","template":"","meta":{"_bbp_topic_count":0,"_bbp_reply_count":0,"_bbp_total_topic_count":0,"_bbp_total_reply_count":0,"_bbp_voice_count":0,"_bbp_anonymous_reply_count":0,"_bbp_topic_count_hidden":0,"_bbp_reply_count_hidden":0,"_bbp_forum_subforum_count":0,"footnotes":""},"class_list":["post-7025","page","type-page","status-publish","hentry"],"post_mailing_queue_ids":[],"_links":{"self":[{"href":"https:\/\/agora.xtec.cat\/inscavallbernat\/wp-json\/wp\/v2\/pages\/7025","targetHints":{"allow":["GET"]}}],"collection":[{"href":"https:\/\/agora.xtec.cat\/inscavallbernat\/wp-json\/wp\/v2\/pages"}],"about":[{"href":"https:\/\/agora.xtec.cat\/inscavallbernat\/wp-json\/wp\/v2\/types\/page"}],"author":[{"embeddable":true,"href":"https:\/\/agora.xtec.cat\/inscavallbernat\/wp-json\/wp\/v2\/users\/1"}],"replies":[{"embeddable":true,"href":"https:\/\/agora.xtec.cat\/inscavallbernat\/wp-json\/wp\/v2\/comments?post=7025"}],"version-history":[{"count":6,"href":"https:\/\/agora.xtec.cat\/inscavallbernat\/wp-json\/wp\/v2\/pages\/7025\/revisions"}],"predecessor-version":[{"id":8204,"href":"https:\/\/agora.xtec.cat\/inscavallbernat\/wp-json\/wp\/v2\/pages\/7025\/revisions\/8204"}],"wp:attachment":[{"href":"https:\/\/agora.xtec.cat\/inscavallbernat\/wp-json\/wp\/v2\/media?parent=7025"}],"curies":[{"name":"wp","href":"https:\/\/api.w.org\/{rel}","templated":true}]}}