{"id":43,"date":"2014-09-17T16:45:07","date_gmt":"2014-09-17T16:45:07","guid":{"rendered":"http:\/\/agora.xtec.cat\/inscavallbernat\/?page_id=43"},"modified":"2022-02-08T15:26:30","modified_gmt":"2022-02-08T14:26:30","slug":"consell-escolar","status":"publish","type":"page","link":"https:\/\/agora.xtec.cat\/inscavallbernat\/linstitut\/consell-escolar\/","title":{"rendered":"Consell escolar"},"content":{"rendered":"<p><span style=\"color: #008000;\"><strong>QU\u00c8 \u00c9S EL CONSELL ESCOLAR?<\/strong><\/span><\/p>\n<p>El Consell escolar del centre \u00e9s l&#8217;\u00f2rgan col\u00b7legiat de participaci\u00f3 de la comunitat escolar en el govern del centre. Hi ha representants de tots els col\u00b7lectius de la comunitat educativa: director\/a, professorat, alumnat, personal d&#8217;administraci\u00f3 i serveis,\u00a0 fam\u00edlies, representants de l&#8217;Ajuntament, AFA i PAE.<\/p>\n<p><span style=\"color: #008000;\"><strong>QUINA \u00c9S LA SEVA FUNCI\u00d3?<\/strong><\/span><\/p>\n<p>El Consell Escolar \u00e9s una eina que permet a tota la comunitat educativa participar en la presa de decisions en relaci\u00f3 amb aquells temes importants per a l&#8217;organitzaci\u00f3 i funcionament del centre pel que fa al seu projecte educatiu, la programaci\u00f3 general, l&#8217;administraci\u00f3 de pressupostos, etc.<\/p>\n<p>El Consell es reuneix a principi de curs per establir els objectius de treball, un cop cada trimestre per fer-ne el seguiment i a la finalitzaci\u00f3 del curs per fer el tancament i l&#8217;avaluaci\u00f3 de resultats.<\/p>\n<p>Els membres del Consell ho s\u00f3n per un per\u00edode de quatre anys, renovant-se per meitats cada dos anys i s\u00f3n elegits mitjan\u00e7ant votaci\u00f3 dels membres del sector al qual representen.<\/p>\n<p>&nbsp;<\/p>\n","protected":false},"excerpt":{"rendered":"<p>QU\u00c8 \u00c9S EL CONSELL ESCOLAR?<br \/>\nEl Consell escolar del centre \u00e9s l&#8217;\u00f2rgan col\u00b7legiat de participaci\u00f3 de la comunitat escolar en el govern del centre. Hi ha representants de tots els col\u00b7lectius de la comunitat educativa: director\/a, professorat, alumnat, personal d&#8217;administraci\u00f3 i serveis,\u00a0 fam\u00edlies, representants de l&#8217;Ajuntament,&hellip;  <a href=\"https:\/\/agora.xtec.cat\/inscavallbernat\/linstitut\/consell-escolar\/\" title=\"Read Consell escolar\">Llegeix m\u00e9s\u00bb<\/a><\/p>\n","protected":false},"author":1,"featured_media":0,"parent":19,"menu_order":40,"comment_status":"closed","ping_status":"closed","template":"page-templates\/side-menu.php","meta":{"_bbp_topic_count":0,"_bbp_reply_count":0,"_bbp_total_topic_count":0,"_bbp_total_reply_count":0,"_bbp_voice_count":0,"_bbp_anonymous_reply_count":0,"_bbp_topic_count_hidden":0,"_bbp_reply_count_hidden":0,"_bbp_forum_subforum_count":0,"footnotes":""},"class_list":["post-43","page","type-page","status-publish","hentry"],"post_mailing_queue_ids":[],"_links":{"self":[{"href":"https:\/\/agora.xtec.cat\/inscavallbernat\/wp-json\/wp\/v2\/pages\/43","targetHints":{"allow":["GET"]}}],"collection":[{"href":"https:\/\/agora.xtec.cat\/inscavallbernat\/wp-json\/wp\/v2\/pages"}],"about":[{"href":"https:\/\/agora.xtec.cat\/inscavallbernat\/wp-json\/wp\/v2\/types\/page"}],"author":[{"embeddable":true,"href":"https:\/\/agora.xtec.cat\/inscavallbernat\/wp-json\/wp\/v2\/users\/1"}],"replies":[{"embeddable":true,"href":"https:\/\/agora.xtec.cat\/inscavallbernat\/wp-json\/wp\/v2\/comments?post=43"}],"version-history":[{"count":3,"href":"https:\/\/agora.xtec.cat\/inscavallbernat\/wp-json\/wp\/v2\/pages\/43\/revisions"}],"predecessor-version":[{"id":5349,"href":"https:\/\/agora.xtec.cat\/inscavallbernat\/wp-json\/wp\/v2\/pages\/43\/revisions\/5349"}],"up":[{"embeddable":true,"href":"https:\/\/agora.xtec.cat\/inscavallbernat\/wp-json\/wp\/v2\/pages\/19"}],"wp:attachment":[{"href":"https:\/\/agora.xtec.cat\/inscavallbernat\/wp-json\/wp\/v2\/media?parent=43"}],"curies":[{"name":"wp","href":"https:\/\/api.w.org\/{rel}","templated":true}]}}