{"id":19,"date":"2014-09-17T14:56:56","date_gmt":"2014-09-17T14:56:56","guid":{"rendered":"http:\/\/agora.xtec.cat\/inscavallbernat\/?page_id=19"},"modified":"2024-02-23T16:50:05","modified_gmt":"2024-02-23T15:50:05","slug":"linstitut","status":"publish","type":"page","link":"https:\/\/agora.xtec.cat\/inscavallbernat\/linstitut\/","title":{"rendered":"L&#8217;institut"},"content":{"rendered":"<div dir=\"ltr\">\n<p style=\"text-align: justify;\">L&#8217;Institut Cavall Bernat \u00e9s un centre plural i divers format per una comunitat educativa que treballa conjuntament per acompanyar en la formaci\u00f3 de persones responsables, aut\u00f2nomes i compromeses. Compartim el prop\u00f2sit d&#8217;educar en la llibertat, el respecte a totes les identitats i l&#8217;empatia amb els altres, l&#8217;entorn i el medi ambient.<\/p>\n<p>En tots els estudis que oferim, impulsem projectes educatius orientats a l&#8217;atenci\u00f3 a tot l&#8217;alumnat segons les seves caracter\u00edstiques, necessitats i pluralitat d&#8217;interessos. Amb la col\u00b7laboraci\u00f3 de les fam\u00edlies, oferim un acompanyament personalitzat durant tota l&#8217;escolaritzaci\u00f3 que es perllonga fins que ha marxat del centre.<\/p>\n<p>En aquest moment de transformaci\u00f3 del m\u00f3n educatiu i laboral, proposem un aprenentatge significatiu i competencial, basat en la cooperaci\u00f3 i la interdisciplinarietat, amb la mirada cap a l&#8217;excel\u00b7l\u00e8ncia.<\/p>\n<\/div>\n","protected":false},"excerpt":{"rendered":"<p>L&#8217;Institut Cavall Bernat \u00e9s un centre plural i divers format per una comunitat educativa que treballa conjuntament per acompanyar en la formaci\u00f3 de persones responsables, aut\u00f2nomes i compromeses. Compartim el prop\u00f2sit d&#8217;educar en la llibertat, el respecte a totes les identitats i l&#8217;empatia amb els&hellip;  <a href=\"https:\/\/agora.xtec.cat\/inscavallbernat\/linstitut\/\" title=\"Read L&#8217;institut\">Llegeix m\u00e9s\u00bb<\/a><\/p>\n","protected":false},"author":1,"featured_media":0,"parent":0,"menu_order":0,"comment_status":"closed","ping_status":"closed","template":"page-templates\/side-menu.php","meta":{"_bbp_topic_count":0,"_bbp_reply_count":0,"_bbp_total_topic_count":0,"_bbp_total_reply_count":0,"_bbp_voice_count":0,"_bbp_anonymous_reply_count":0,"_bbp_topic_count_hidden":0,"_bbp_reply_count_hidden":0,"_bbp_forum_subforum_count":0,"footnotes":""},"class_list":["post-19","page","type-page","status-publish","hentry"],"post_mailing_queue_ids":[],"_links":{"self":[{"href":"https:\/\/agora.xtec.cat\/inscavallbernat\/wp-json\/wp\/v2\/pages\/19","targetHints":{"allow":["GET"]}}],"collection":[{"href":"https:\/\/agora.xtec.cat\/inscavallbernat\/wp-json\/wp\/v2\/pages"}],"about":[{"href":"https:\/\/agora.xtec.cat\/inscavallbernat\/wp-json\/wp\/v2\/types\/page"}],"author":[{"embeddable":true,"href":"https:\/\/agora.xtec.cat\/inscavallbernat\/wp-json\/wp\/v2\/users\/1"}],"replies":[{"embeddable":true,"href":"https:\/\/agora.xtec.cat\/inscavallbernat\/wp-json\/wp\/v2\/comments?post=19"}],"version-history":[{"count":6,"href":"https:\/\/agora.xtec.cat\/inscavallbernat\/wp-json\/wp\/v2\/pages\/19\/revisions"}],"predecessor-version":[{"id":6924,"href":"https:\/\/agora.xtec.cat\/inscavallbernat\/wp-json\/wp\/v2\/pages\/19\/revisions\/6924"}],"wp:attachment":[{"href":"https:\/\/agora.xtec.cat\/inscavallbernat\/wp-json\/wp\/v2\/media?parent=19"}],"curies":[{"name":"wp","href":"https:\/\/api.w.org\/{rel}","templated":true}]}}