{"id":337,"date":"2015-04-08T19:32:16","date_gmt":"2015-04-08T18:32:16","guid":{"rendered":"http:\/\/agora.xtec.cat\/iesm-jmzafra\/?page_id=337"},"modified":"2024-02-24T19:08:50","modified_gmt":"2024-02-24T18:08:50","slug":"escoles-adscrites","status":"publish","type":"page","link":"https:\/\/agora.xtec.cat\/inscaterinaalbert\/linstitut\/escoles-adscrites\/","title":{"rendered":"Escoles adscrites"},"content":{"rendered":"<p>Les escoles adscrites a l&#8217;institut Caterina Albert s\u00f3n:<\/p>\n<ul class=\"check\">\n<li><a title=\"balmanya\" href=\"http:\/\/www.xtec.es\/escola-balmanya\/\" target=\"_blank\" rel=\"noopener\">Escola Antoni Balmanya<\/a><\/li>\n<li><a title=\"Dovella\" href=\"http:\/\/xtec.cat\/ceipdovella\/index.html\" target=\"_blank\" rel=\"noopener\">Escola Dovella (Institut de refer\u00e8ncia)<\/a><\/li>\n<li><a href=\"https:\/\/sites.google.com\/a\/xtec.cat\/lafarigola\/home\" target=\"_blank\" rel=\"noopener\">Escola La Farigola del Clot<\/a><\/li>\n<li><a title=\"miralletes\" href=\"http:\/\/www.xtec.cat\/escolamiralletes\/\" target=\"_blank\" rel=\"noopener\">Escola Miralletes<\/a><\/li>\n<li><a title=\"Octavio Paz\" href=\"http:\/\/www.xtec.cat\/ceip-octavio-paz\/\" target=\"_blank\" rel=\"noopener\">Escola Octavio Paz<\/a><\/li>\n<li><a title=\"rambleta del clot\" href=\"http:\/\/www.escolarambletadelclot.blogspot.com\/\" target=\"_blank\" rel=\"noopener\">Escola Rambleta del Clot (Institut de refer\u00e8ncia)<\/a><\/li>\n<li><a title=\"T\u00e0bor\" href=\"http:\/\/www.tabor.cat\/\" target=\"_blank\" rel=\"noopener\">Escola Tabor<\/a><\/li>\n<li><a href=\"https:\/\/agora.xtec.cat\/ceipprovencals\/\" target=\"_blank\" rel=\"noopener\">Escola Proven\u00e7als<\/a><\/li>\n<\/ul>\n","protected":false},"excerpt":{"rendered":"<p>Les escoles adscrites a l&#8217;institut Caterina Albert s\u00f3n: Escola Antoni Balmanya Escola Dovella (Institut de refer\u00e8ncia) Escola La Farigola del Clot Escola Miralletes Escola Octavio Paz Escola Rambleta del Clot (Institut de refer\u00e8ncia) Escola Tabor Escola Proven\u00e7als<\/p>\n","protected":false},"author":1,"featured_media":0,"parent":19,"menu_order":39,"comment_status":"closed","ping_status":"closed","template":"page-templates\/side-menu.php","meta":{"_bbp_topic_count":0,"_bbp_reply_count":0,"_bbp_total_topic_count":0,"_bbp_total_reply_count":0,"_bbp_voice_count":0,"_bbp_anonymous_reply_count":0,"_bbp_topic_count_hidden":0,"_bbp_reply_count_hidden":0,"_bbp_forum_subforum_count":0,"site-sidebar-layout":"default","site-content-layout":"","ast-site-content-layout":"","site-content-style":"default","site-sidebar-style":"default","ast-global-header-display":"","ast-banner-title-visibility":"","ast-main-header-display":"","ast-hfb-above-header-display":"","ast-hfb-below-header-display":"","ast-hfb-mobile-header-display":"","site-post-title":"","ast-breadcrumbs-content":"","ast-featured-img":"","footer-sml-layout":"","theme-transparent-header-meta":"","adv-header-id-meta":"","stick-header-meta":"","header-above-stick-meta":"","header-main-stick-meta":"","header-below-stick-meta":"","astra-migrate-meta-layouts":"default","ast-page-background-enabled":"default","ast-page-background-meta":{"desktop":{"background-color":"var(--ast-global-color-4)","background-image":"","background-repeat":"repeat","background-position":"center center","background-size":"auto","background-attachment":"scroll","background-type":"","background-media":"","overlay-type":"","overlay-color":"","overlay-opacity":"","overlay-gradient":""},"tablet":{"background-color":"","background-image":"","background-repeat":"repeat","background-position":"center center","background-size":"auto","background-attachment":"scroll","background-type":"","background-media":"","overlay-type":"","overlay-color":"","overlay-opacity":"","overlay-gradient":""},"mobile":{"background-color":"","background-image":"","background-repeat":"repeat","background-position":"center center","background-size":"auto","background-attachment":"scroll","background-type":"","background-media":"","overlay-type":"","overlay-color":"","overlay-opacity":"","overlay-gradient":""}},"ast-content-background-meta":{"desktop":{"background-color":"var(--ast-global-color-5)","background-image":"","background-repeat":"repeat","background-position":"center center","background-size":"auto","background-attachment":"scroll","background-type":"","background-media":"","overlay-type":"","overlay-color":"","overlay-opacity":"","overlay-gradient":""},"tablet":{"background-color":"var(--ast-global-color-5)","background-image":"","background-repeat":"repeat","background-position":"center center","background-size":"auto","background-attachment":"scroll","background-type":"","background-media":"","overlay-type":"","overlay-color":"","overlay-opacity":"","overlay-gradient":""},"mobile":{"background-color":"var(--ast-global-color-5)","background-image":"","background-repeat":"repeat","background-position":"center center","background-size":"auto","background-attachment":"scroll","background-type":"","background-media":"","overlay-type":"","overlay-color":"","overlay-opacity":"","overlay-gradient":""}},"footnotes":""},"class_list":["post-337","page","type-page","status-publish","hentry"],"post_mailing_queue_ids":[],"_links":{"self":[{"href":"https:\/\/agora.xtec.cat\/inscaterinaalbert\/wp-json\/wp\/v2\/pages\/337","targetHints":{"allow":["GET"]}}],"collection":[{"href":"https:\/\/agora.xtec.cat\/inscaterinaalbert\/wp-json\/wp\/v2\/pages"}],"about":[{"href":"https:\/\/agora.xtec.cat\/inscaterinaalbert\/wp-json\/wp\/v2\/types\/page"}],"author":[{"embeddable":true,"href":"https:\/\/agora.xtec.cat\/inscaterinaalbert\/wp-json\/wp\/v2\/users\/1"}],"replies":[{"embeddable":true,"href":"https:\/\/agora.xtec.cat\/inscaterinaalbert\/wp-json\/wp\/v2\/comments?post=337"}],"version-history":[{"count":4,"href":"https:\/\/agora.xtec.cat\/inscaterinaalbert\/wp-json\/wp\/v2\/pages\/337\/revisions"}],"predecessor-version":[{"id":13775,"href":"https:\/\/agora.xtec.cat\/inscaterinaalbert\/wp-json\/wp\/v2\/pages\/337\/revisions\/13775"}],"up":[{"embeddable":true,"href":"https:\/\/agora.xtec.cat\/inscaterinaalbert\/wp-json\/wp\/v2\/pages\/19"}],"wp:attachment":[{"href":"https:\/\/agora.xtec.cat\/inscaterinaalbert\/wp-json\/wp\/v2\/media?parent=337"}],"curies":[{"name":"wp","href":"https:\/\/api.w.org\/{rel}","templated":true}]}}