{"id":19,"date":"2014-09-17T14:56:56","date_gmt":"2014-09-17T14:56:56","guid":{"rendered":"http:\/\/agora.xtec.cat\/inscastelldelstemplers\/?page_id=19"},"modified":"2026-04-20T17:48:41","modified_gmt":"2026-04-20T15:48:41","slug":"linstitut","status":"publish","type":"page","link":"https:\/\/agora.xtec.cat\/inscastelldelstemplers\/linstitut\/","title":{"rendered":"L&#8217;INSTITUT"},"content":{"rendered":"<div class=\"wp-block-getwid-instagram alignfull\">\n            <div class=\"wp-block-getwid-instagram__wrapper has-3-columns\">\n                <div class=\"wp-block-getwid-instagram__item\">\n\t<div class=\"wp-block-getwid-instagram__media-wrapper\">\n\t\t<a class=\"wp-block-getwid-instagram__media-link\" target=\"_blank\" href=\"https:\/\/www.instagram.com\/reel\/DaV1XuPok2O\/\">\n\t\t\t\t\t\t\t<img decoding=\"async\" class=\"wp-block-getwid-instagram__media\" src=\"https:\/\/scontent-lhr6-1.cdninstagram.com\/v\/t51.71878-15\/736448946_1058970650037979_5509537612683099264_n.jpg?stp=dst-jpg_e35_tt6&#038;_nc_cat=103&#038;ccb=7-5&#038;_nc_sid=18de74&#038;efg=eyJlZmdfdGFnIjoiQ0xJUFMuYmVzdF9pbWFnZV91cmxnZW4uQzMifQ%3D%3D&#038;_nc_ohc=DJV7pHxTCsoQ7kNvwFW-MEf&#038;_nc_oc=AdrW7JSBYrpMXvu0YlkJXD378zh23pSVytk9wDrlAmwCWJ9BEa4G_ywpsXg1JKFCclw&#038;_nc_zt=23&#038;_nc_ht=scontent-lhr6-1.cdninstagram.com&#038;edm=ANo9K5cEAAAA&#038;_nc_gid=0KFe7FN8VFQ2YWrFmXZchw&#038;_nc_tpa=Q5bMBQJ6IhPGKN8MFJZQ-EWgQOGYfUBaNMOdcvH-Ew8i7DGvmhrnVv-CQa3_QlXxVrdpa08NpkKthkub5w&#038;oh=00_AQLEatGnPucZckV4j7eH5Bdn7XeufxeK8jEb9bfuzhBIKw&#038;oe=6A9C2AE9\" alt=\"Amb aquest recull d&#039;imatges dels diferents comiats de final de curs \u2014ESO, PFI i Grau B\u00e0sic\u2014 tanquem un any intens, ple de reptes, aprenentatges i moments compartits. Ha estat un curs d&#039;aquells que deixen empremta. Un curs en qu\u00e8 hem apr\u00e8s molt m\u00e9s que continguts: hem crescut, ens hem ajudat, hem superat dificultats i hem&hellip;\"\/>\n\t\t\t\t\t<\/a>\n\t<\/div>\n<\/div><div class=\"wp-block-getwid-instagram__item\">\n\t<div class=\"wp-block-getwid-instagram__media-wrapper\">\n\t\t<a class=\"wp-block-getwid-instagram__media-link\" target=\"_blank\" href=\"https:\/\/www.instagram.com\/reel\/DaS92xCMWzg\/\">\n\t\t\t\t\t\t\t<img decoding=\"async\" class=\"wp-block-getwid-instagram__media\" src=\"https:\/\/scontent-lhr11-1.cdninstagram.com\/v\/t51.71878-15\/730244780_27295355446790936_1638842862313052445_n.jpg?stp=dst-jpg_e35_tt6&#038;_nc_cat=104&#038;ccb=7-5&#038;_nc_sid=18de74&#038;efg=eyJlZmdfdGFnIjoiQ0xJUFMuYmVzdF9pbWFnZV91cmxnZW4uQzMifQ%3D%3D&#038;_nc_ohc=xmG5hZHG63sQ7kNvwFAgalu&#038;_nc_oc=AdohUPh9G433f7lr45yum1M652YgSzjSSuYcF2hSmUb83Cp9aXS6905KOVxGw333PXs&#038;_nc_zt=23&#038;_nc_ht=scontent-lhr11-1.cdninstagram.com&#038;edm=ANo9K5cEAAAA&#038;_nc_gid=0KFe7FN8VFQ2YWrFmXZchw&#038;_nc_tpa=Q5bMBQJFs_OyWfDN5SlmF9gKQh4Mh6zH4amD0F5BYO9-tsNYxZBTeweM7eWZODsNivt7WDGdL1CcMQQl6g&#038;oh=00_AQJgJGPOerDTyi5OfIdjgIzB4h2YC3XIy0DhSFoZTOzlMw&#038;oe=6A9C0ED6\" alt=\"\u2728 Volem expressar el nostre m\u00e9s sincer agra\u00efment a\u00a0Escart\u00a0per la seva generosa donaci\u00f3 de material de perruqueria. Gr\u00e0cies a aquesta aportaci\u00f3, el nostre alumnat podr\u00e0 continuar formant-se amb eines i materials de qualitat, apropant-se encara m\u00e9s a la realitat del m\u00f3n professional. Accions com aquesta demostren el valor de la col\u00b7laboraci\u00f3 entre els centres educatius&hellip;\"\/>\n\t\t\t\t\t<\/a>\n\t<\/div>\n<\/div><div class=\"wp-block-getwid-instagram__item\">\n\t<div class=\"wp-block-getwid-instagram__media-wrapper\">\n\t\t<a class=\"wp-block-getwid-instagram__media-link\" target=\"_blank\" href=\"https:\/\/www.instagram.com\/reel\/DaDlLZbsMWI\/\">\n\t\t\t\t\t\t\t<img decoding=\"async\" class=\"wp-block-getwid-instagram__media\" src=\"https:\/\/scontent-lhr6-1.cdninstagram.com\/v\/t51.71878-15\/729616282_1546916170471637_8630850878781263021_n.jpg?stp=dst-jpg_e35_tt6&#038;_nc_cat=108&#038;ccb=7-5&#038;_nc_sid=18de74&#038;efg=eyJlZmdfdGFnIjoiQ0xJUFMuYmVzdF9pbWFnZV91cmxnZW4uQzMifQ%3D%3D&#038;_nc_ohc=AkciPzA64-QQ7kNvwEgJkmE&#038;_nc_oc=AdoybKwRSDeayhXnx7Y7ty53UJUQCUejsK4Jt5NusSdM4_ZkW5-JxNk-x_GQ62sn7bU&#038;_nc_zt=23&#038;_nc_ht=scontent-lhr6-1.cdninstagram.com&#038;edm=ANo9K5cEAAAA&#038;_nc_gid=0KFe7FN8VFQ2YWrFmXZchw&#038;_nc_tpa=Q5bMBQI1qWgwSM1eAVxyMravTn2QiRh_AL_KNym8C8UmJJMBtFJV7fJ-mr7HD82RUp6wYe7TgJcYngGurg&#038;oh=00_AQJCM750CoBIp6wS-aRJeOTV-dBWdHNrJbnFXQdj6Eu5bA&#038;oe=6A9C2E3E\" alt=\"Estem molt contents de compartir que el nostre alumne Amadu Djalo ha rebut el Premi Fonaments de Futur al millor expedient del Programa de Formaci\u00f3 i Inserci\u00f3 (PFI) d&#039;Auxiliar de Construcci\u00f3, un reconeixement atorgat per B-Biosca. Aquest premi posa en valor l&#039;esfor\u00e7, la const\u00e0ncia, el comprom\u00eds i les ganes de continuar aprenent que l&#039;Amadu ha&hellip;\"\/>\n\t\t\t\t\t<\/a>\n\t<\/div>\n<\/div><\/div>\n        <\/div>","protected":false},"excerpt":{"rendered":"","protected":false},"author":1,"featured_media":0,"parent":0,"menu_order":0,"comment_status":"closed","ping_status":"closed","template":"","meta":{"_bbp_topic_count":0,"_bbp_reply_count":0,"_bbp_total_topic_count":0,"_bbp_total_reply_count":0,"_bbp_voice_count":0,"_bbp_anonymous_reply_count":0,"_bbp_topic_count_hidden":0,"_bbp_reply_count_hidden":0,"_bbp_forum_subforum_count":0,"site-sidebar-layout":"default","site-content-layout":"","ast-site-content-layout":"default","site-content-style":"default","site-sidebar-style":"default","ast-global-header-display":"","ast-banner-title-visibility":"","ast-main-header-display":"","ast-hfb-above-header-display":"","ast-hfb-below-header-display":"","ast-hfb-mobile-header-display":"","site-post-title":"","ast-breadcrumbs-content":"","ast-featured-img":"","footer-sml-layout":"","theme-transparent-header-meta":"","adv-header-id-meta":"","stick-header-meta":"","header-above-stick-meta":"","header-main-stick-meta":"","header-below-stick-meta":"","astra-migrate-meta-layouts":"set","ast-page-background-enabled":"default","ast-page-background-meta":{"desktop":{"background-color":"var(--ast-global-color-4)","background-image":"","background-repeat":"repeat","background-position":"center center","background-size":"auto","background-attachment":"scroll","background-type":"","background-media":"","overlay-type":"","overlay-color":"","overlay-opacity":"","overlay-gradient":""},"tablet":{"background-color":"","background-image":"","background-repeat":"repeat","background-position":"center center","background-size":"auto","background-attachment":"scroll","background-type":"","background-media":"","overlay-type":"","overlay-color":"","overlay-opacity":"","overlay-gradient":""},"mobile":{"background-color":"","background-image":"","background-repeat":"repeat","background-position":"center center","background-size":"auto","background-attachment":"scroll","background-type":"","background-media":"","overlay-type":"","overlay-color":"","overlay-opacity":"","overlay-gradient":""}},"ast-content-background-meta":{"desktop":{"background-color":"var(--ast-global-color-5)","background-image":"","background-repeat":"repeat","background-position":"center center","background-size":"auto","background-attachment":"scroll","background-type":"","background-media":"","overlay-type":"","overlay-color":"","overlay-opacity":"","overlay-gradient":""},"tablet":{"background-color":"var(--ast-global-color-5)","background-image":"","background-repeat":"repeat","background-position":"center center","background-size":"auto","background-attachment":"scroll","background-type":"","background-media":"","overlay-type":"","overlay-color":"","overlay-opacity":"","overlay-gradient":""},"mobile":{"background-color":"var(--ast-global-color-5)","background-image":"","background-repeat":"repeat","background-position":"center center","background-size":"auto","background-attachment":"scroll","background-type":"","background-media":"","overlay-type":"","overlay-color":"","overlay-opacity":"","overlay-gradient":""}},"footnotes":""},"class_list":["post-19","page","type-page","status-publish","hentry"],"post_mailing_queue_ids":[],"_links":{"self":[{"href":"https:\/\/agora.xtec.cat\/inscastelldelstemplers\/wp-json\/wp\/v2\/pages\/19","targetHints":{"allow":["GET"]}}],"collection":[{"href":"https:\/\/agora.xtec.cat\/inscastelldelstemplers\/wp-json\/wp\/v2\/pages"}],"about":[{"href":"https:\/\/agora.xtec.cat\/inscastelldelstemplers\/wp-json\/wp\/v2\/types\/page"}],"author":[{"embeddable":true,"href":"https:\/\/agora.xtec.cat\/inscastelldelstemplers\/wp-json\/wp\/v2\/users\/1"}],"replies":[{"embeddable":true,"href":"https:\/\/agora.xtec.cat\/inscastelldelstemplers\/wp-json\/wp\/v2\/comments?post=19"}],"version-history":[{"count":3,"href":"https:\/\/agora.xtec.cat\/inscastelldelstemplers\/wp-json\/wp\/v2\/pages\/19\/revisions"}],"predecessor-version":[{"id":2800,"href":"https:\/\/agora.xtec.cat\/inscastelldelstemplers\/wp-json\/wp\/v2\/pages\/19\/revisions\/2800"}],"wp:attachment":[{"href":"https:\/\/agora.xtec.cat\/inscastelldelstemplers\/wp-json\/wp\/v2\/media?parent=19"}],"curies":[{"name":"wp","href":"https:\/\/api.w.org\/{rel}","templated":true}]}}

<div class="wp-block-getwid-instagram alignfull">
            <div class="wp-block-getwid-instagram__wrapper has-3-columns">
                <div class="wp-block-getwid-instagram__item">
	<div class="wp-block-getwid-instagram__media-wrapper">
		<a class="wp-block-getwid-instagram__media-link" target="_blank" href="https://www.instagram.com/reel/DaV1XuPok2O/">
							<img decoding="async" class="wp-block-getwid-instagram__media" src="https://scontent-lhr6-1.cdninstagram.com/v/t51.71878-15/736448946_1058970650037979_5509537612683099264_n.jpg?stp=dst-jpg_e35_tt6&#038;_nc_cat=103&#038;ccb=7-5&#038;_nc_sid=18de74&#038;efg=eyJlZmdfdGFnIjoiQ0xJUFMuYmVzdF9pbWFnZV91cmxnZW4uQzMifQ%3D%3D&#038;_nc_ohc=DJV7pHxTCsoQ7kNvwFW-MEf&#038;_nc_oc=AdrW7JSBYrpMXvu0YlkJXD378zh23pSVytk9wDrlAmwCWJ9BEa4G_ywpsXg1JKFCclw&#038;_nc_zt=23&#038;_nc_ht=scontent-lhr6-1.cdninstagram.com&#038;edm=ANo9K5cEAAAA&#038;_nc_gid=0KFe7FN8VFQ2YWrFmXZchw&#038;_nc_tpa=Q5bMBQJ6IhPGKN8MFJZQ-EWgQOGYfUBaNMOdcvH-Ew8i7DGvmhrnVv-CQa3_QlXxVrdpa08NpkKthkub5w&#038;oh=00_AQLEatGnPucZckV4j7eH5Bdn7XeufxeK8jEb9bfuzhBIKw&#038;oe=6A9C2AE9" alt="Amb aquest recull d&#039;imatges dels diferents comiats de final de curs —ESO, PFI i Grau Bàsic— tanquem un any intens, ple de reptes, aprenentatges i moments compartits. Ha estat un curs d&#039;aquells que deixen empremta. Un curs en què hem après molt més que continguts: hem crescut, ens hem ajudat, hem superat dificultats i hem&hellip;"/>
					</a>
	</div>
</div><div class="wp-block-getwid-instagram__item">
	<div class="wp-block-getwid-instagram__media-wrapper">
		<a class="wp-block-getwid-instagram__media-link" target="_blank" href="https://www.instagram.com/reel/DaS92xCMWzg/">
							<img decoding="async" class="wp-block-getwid-instagram__media" src="https://scontent-lhr11-1.cdninstagram.com/v/t51.71878-15/730244780_27295355446790936_1638842862313052445_n.jpg?stp=dst-jpg_e35_tt6&#038;_nc_cat=104&#038;ccb=7-5&#038;_nc_sid=18de74&#038;efg=eyJlZmdfdGFnIjoiQ0xJUFMuYmVzdF9pbWFnZV91cmxnZW4uQzMifQ%3D%3D&#038;_nc_ohc=xmG5hZHG63sQ7kNvwFAgalu&#038;_nc_oc=AdohUPh9G433f7lr45yum1M652YgSzjSSuYcF2hSmUb83Cp9aXS6905KOVxGw333PXs&#038;_nc_zt=23&#038;_nc_ht=scontent-lhr11-1.cdninstagram.com&#038;edm=ANo9K5cEAAAA&#038;_nc_gid=0KFe7FN8VFQ2YWrFmXZchw&#038;_nc_tpa=Q5bMBQJFs_OyWfDN5SlmF9gKQh4Mh6zH4amD0F5BYO9-tsNYxZBTeweM7eWZODsNivt7WDGdL1CcMQQl6g&#038;oh=00_AQJgJGPOerDTyi5OfIdjgIzB4h2YC3XIy0DhSFoZTOzlMw&#038;oe=6A9C0ED6" alt="✨ Volem expressar el nostre més sincer agraïment a Escart per la seva generosa donació de material de perruqueria. Gràcies a aquesta aportació, el nostre alumnat podrà continuar formant-se amb eines i materials de qualitat, apropant-se encara més a la realitat del món professional. Accions com aquesta demostren el valor de la col·laboració entre els centres educatius&hellip;"/>
					</a>
	</div>
</div><div class="wp-block-getwid-instagram__item">
	<div class="wp-block-getwid-instagram__media-wrapper">
		<a class="wp-block-getwid-instagram__media-link" target="_blank" href="https://www.instagram.com/reel/DaDlLZbsMWI/">
							<img decoding="async" class="wp-block-getwid-instagram__media" src="https://scontent-lhr6-1.cdninstagram.com/v/t51.71878-15/729616282_1546916170471637_8630850878781263021_n.jpg?stp=dst-jpg_e35_tt6&#038;_nc_cat=108&#038;ccb=7-5&#038;_nc_sid=18de74&#038;efg=eyJlZmdfdGFnIjoiQ0xJUFMuYmVzdF9pbWFnZV91cmxnZW4uQzMifQ%3D%3D&#038;_nc_ohc=AkciPzA64-QQ7kNvwEgJkmE&#038;_nc_oc=AdoybKwRSDeayhXnx7Y7ty53UJUQCUejsK4Jt5NusSdM4_ZkW5-JxNk-x_GQ62sn7bU&#038;_nc_zt=23&#038;_nc_ht=scontent-lhr6-1.cdninstagram.com&#038;edm=ANo9K5cEAAAA&#038;_nc_gid=0KFe7FN8VFQ2YWrFmXZchw&#038;_nc_tpa=Q5bMBQI1qWgwSM1eAVxyMravTn2QiRh_AL_KNym8C8UmJJMBtFJV7fJ-mr7HD82RUp6wYe7TgJcYngGurg&#038;oh=00_AQJCM750CoBIp6wS-aRJeOTV-dBWdHNrJbnFXQdj6Eu5bA&#038;oe=6A9C2E3E" alt="Estem molt contents de compartir que el nostre alumne Amadu Djalo ha rebut el Premi Fonaments de Futur al millor expedient del Programa de Formació i Inserció (PFI) d&#039;Auxiliar de Construcció, un reconeixement atorgat per B-Biosca. Aquest premi posa en valor l&#039;esforç, la constància, el compromís i les ganes de continuar aprenent que l&#039;Amadu ha&hellip;"/>
					</a>
	</div>
</div></div>
        </div>
