{"id":46,"date":"2017-07-27T00:15:45","date_gmt":"2017-07-26T22:15:45","guid":{"rendered":"http:\/\/agora.xtec.cat\/inscar\/?page_id=46"},"modified":"2023-11-14T19:25:17","modified_gmt":"2023-11-14T18:25:17","slug":"organigrama","status":"publish","type":"page","link":"https:\/\/agora.xtec.cat\/inscar\/linstitut\/organigrama\/","title":{"rendered":"Organigrama"},"content":{"rendered":"<p><strong>Curs 2023-2024<\/strong><\/p>\n<p><a href=\"https:\/\/agora.xtec.cat\/inscar\/wp-content\/uploads\/usu1537\/2023\/11\/Organigrama.png\"><img loading=\"lazy\" decoding=\"async\" class=\"aligncenter size-large wp-image-4870\" src=\"https:\/\/agora.xtec.cat\/inscar\/wp-content\/uploads\/usu1537\/2023\/11\/Organigrama-1024x700.png\" alt=\"\" width=\"1024\" height=\"700\" srcset=\"https:\/\/agora.xtec.cat\/inscar\/wp-content\/uploads\/usu1537\/2023\/11\/Organigrama-1024x700.png 1024w, https:\/\/agora.xtec.cat\/inscar\/wp-content\/uploads\/usu1537\/2023\/11\/Organigrama-300x205.png 300w, https:\/\/agora.xtec.cat\/inscar\/wp-content\/uploads\/usu1537\/2023\/11\/Organigrama-768x525.png 768w, https:\/\/agora.xtec.cat\/inscar\/wp-content\/uploads\/usu1537\/2023\/11\/Organigrama.png 1198w\" sizes=\"auto, (max-width: 1024px) 100vw, 1024px\" \/><\/a><\/p>\n<p><em>Equip directiu<\/em><\/p>\n<ul>\n<li>directora: Marta Arnaiz Vicente<\/li>\n<li>cap d&#8217;estudis ESO\/ BAT: \u00d2scar Soler<\/li>\n<li>cap d&#8217;estudis Cicles Formatius: Alberto Morales<\/li>\n<li>cap d&#8217;estudis T\u00e8cnics Esportius: Marc Forn\u00e9<\/li>\n<li>coordinadora pedag\u00f2gica: Montsant Aleu<\/li>\n<li>secretari: Pep Celma<\/li>\n<\/ul>\n<p><em>PAS:<\/em><\/p>\n<ul>\n<li>consergeria: Marta Pujol i Toni Cirilo<\/li>\n<li>administratius: Esmeralda Rubio i Miquel Anton<\/li>\n<\/ul>\n<p><em>Coordinacions i caps de departament:\u00a0 (pendent d&#8217;actualitzar)<\/em><\/p>\n<p>\u2022 coordinaci\u00f3 ESO: Daniel Catalan.<br \/>\n\u2022 coordinaci\u00f3 Batxillerat: Juan Ignacio Pieras<br \/>\n\u2022 coordinaci\u00f3 de pr\u00e0ctiques (FCT): Carles Ortega<\/p>\n<p>\u2022 coordinaci\u00f3 inform\u00e0tica: Pablo Corbi<br \/>\n\u2022 coordinaci\u00f3 extraescolars: Rub\u00e9n Rodr\u00edguez i Ja\u00efr L\u00f3pez<br \/>\n\u2022 coordinaci\u00f3 de riscos laborals: Josep Tolosa<\/p>\n<ul>\n<li>GEP: Carme Chaler<\/li>\n<li>Agenda 2030: Juan Ignacio Pieras<\/li>\n<li>Imatge de Centre. Cristina Gonz\u00e1lez<\/li>\n<li>COCOBE: Marc Rodes i S\u00f2nia P\u00e9rez<\/li>\n<\/ul>\n<p>&nbsp;<\/p>\n<p>\u2022 cap de departament de cicles: Cristina Almaraz<br \/>\n\u2022 cap de departament de t\u00e8cnics esportius: Xavi Bayer<br \/>\n\u2022 cap de departament de ci\u00e8ncies: Susana Aliaga<br \/>\n\u2022 cap de departament de lleng\u00fces: Maite Herrera<br \/>\n\u2022 cap de departament de socials: Carolina Cascales<\/p>\n<p><em>Tutories<\/em><\/p>\n<p>\u2022 tutoria 1r ESO: Marina Aragon\u00e8s<br \/>\n\u2022 tutoria 2n ESO: Carolina Cascales<br \/>\n\u2022 tutoria 3r ESO A: David Rojas<br \/>\n\u2022 tutoria 3r ESO B: Jan Coromina<br \/>\n\u2022 tutoria 4t ESO A: Carme Chaler<br \/>\n\u2022 tutoria 4t ESO B: Ja\u00efr L\u00f3pez<br \/>\n\u2022 tutoria 1r batxillerat A: Laia Torrent<br \/>\n\u2022 tutoria 1r batxillerat B: Marc Rodes<br \/>\n\u2022 tutoria 2n batxillerat A: Oscar Arce\/ Juan Ignacio Pieras<br \/>\n\u2022 tutoria 2n batxillerat B: Ferran Anglada<\/p>\n<div>\n<ul>\n<li>Tutoria CFGM Guia en el medi natural i temps de lleure. Grup 1A:<\/li>\n<li>Tutoria CFGM Guia en el medi natural i temps de lleure. Grup 1B:<\/li>\n<li>Tutoria CFGM Guia en el medi natural i temps de lleure. Grup 2A:<\/li>\n<li>Tutoria CFGM Guia en el medi natural i temps de lleure. Grup 2B:<\/li>\n<li>Tutoria 1r CFGS Ensenyament i Animaci\u00f3 Sociosportiva:<\/li>\n<li>Tutoria 2n CFGS Ensenyament i Animaci\u00f3 Sociosportiva:<\/li>\n<li>Tutoria 1r CFGS Condicionament F\u00edsic :<\/li>\n<li>Tutoria 2n CFGS Condicionament F\u00edsic :<\/li>\n<\/ul>\n<\/div>\n<div><\/div>\n<p>\u2022 tutoria TA1 TA2 futbol:<br \/>\n\u2022 tutoria TF2B: futbol:<br \/>\n\u2022 tutoria TA3 futbol:<br \/>\n\u2022 Futbol sala 1:<br \/>\n\u2022 Esqu\u00ed i surf de neu 1:<br \/>\n\u2022 Mitja muntanya, Barrancs, Escalada:<\/p>\n<p>&nbsp;<\/p>\n<p>&nbsp;<\/p>\n<p>Revisat 09\/09\/2021<\/p>\n","protected":false},"excerpt":{"rendered":"<p>Curs 2023-2024<br \/>\n<a href=\"https:\/\/agora.xtec.cat\/inscar\/wp-content\/uploads\/usu1537\/2023\/11\/Organigrama.png\"><\/a><br \/>\nEquip directiu<\/p>\n<ul>\n<li>directora: Marta Arnaiz Vicente<\/li>\n<li>cap d&#8217;estudis ESO\/ BAT: \u00d2scar Soler<\/li>\n<li>cap d&#8217;estudis Cicles Formatius: Alberto Morales<\/li>\n<li>cap d&#8217;estudis T\u00e8cnics Esportius: Marc Forn\u00e9<\/li>\n<li>coordinadora pedag\u00f2gica: Montsant Aleu<\/li>\n<li>secretari: Pep Celma<\/li>\n<\/ul>\n<p>PAS:<\/p>\n<ul>\n<li>consergeria: Marta Pujol i Toni Cirilo<\/li>\n<li>administratius: Esmeralda Rubio i Miquel Anton<\/li>\n<\/ul>\n<p>Coordinacions i caps de departament:\u00a0 (pendent d&#8217;actualitzar)<br \/>\n\u2022 coordinaci\u00f3 ESO:&hellip;  <a href=\"https:\/\/agora.xtec.cat\/inscar\/linstitut\/organigrama\/\" title=\"Read Organigrama\">Llegeix m\u00e9s\u00bb<\/a><\/p>\n","protected":false},"author":1,"featured_media":0,"parent":19,"menu_order":50,"comment_status":"closed","ping_status":"closed","template":"page-templates\/side-menu.php","meta":{"_bbp_topic_count":0,"_bbp_reply_count":0,"_bbp_total_topic_count":0,"_bbp_total_reply_count":0,"_bbp_voice_count":0,"_bbp_anonymous_reply_count":0,"_bbp_topic_count_hidden":0,"_bbp_reply_count_hidden":0,"_bbp_forum_subforum_count":0,"footnotes":""},"class_list":["post-46","page","type-page","status-publish","hentry"],"post_mailing_queue_ids":[],"_links":{"self":[{"href":"https:\/\/agora.xtec.cat\/inscar\/wp-json\/wp\/v2\/pages\/46","targetHints":{"allow":["GET"]}}],"collection":[{"href":"https:\/\/agora.xtec.cat\/inscar\/wp-json\/wp\/v2\/pages"}],"about":[{"href":"https:\/\/agora.xtec.cat\/inscar\/wp-json\/wp\/v2\/types\/page"}],"author":[{"embeddable":true,"href":"https:\/\/agora.xtec.cat\/inscar\/wp-json\/wp\/v2\/users\/1"}],"replies":[{"embeddable":true,"href":"https:\/\/agora.xtec.cat\/inscar\/wp-json\/wp\/v2\/comments?post=46"}],"version-history":[{"count":6,"href":"https:\/\/agora.xtec.cat\/inscar\/wp-json\/wp\/v2\/pages\/46\/revisions"}],"predecessor-version":[{"id":4871,"href":"https:\/\/agora.xtec.cat\/inscar\/wp-json\/wp\/v2\/pages\/46\/revisions\/4871"}],"up":[{"embeddable":true,"href":"https:\/\/agora.xtec.cat\/inscar\/wp-json\/wp\/v2\/pages\/19"}],"wp:attachment":[{"href":"https:\/\/agora.xtec.cat\/inscar\/wp-json\/wp\/v2\/media?parent=46"}],"curies":[{"name":"wp","href":"https:\/\/api.w.org\/{rel}","templated":true}]}}