{"id":4042,"date":"2022-02-09T11:15:44","date_gmt":"2022-02-09T10:15:44","guid":{"rendered":"https:\/\/agora.xtec.cat\/inscar\/?page_id=4042"},"modified":"2022-07-11T11:19:45","modified_gmt":"2022-07-11T09:19:45","slug":"el-gust-per-la-lectura","status":"publish","type":"page","link":"https:\/\/agora.xtec.cat\/inscar\/activitats\/el-gust-per-la-lectura\/","title":{"rendered":"EL GUST PER LA LECTURA"},"content":{"rendered":"<p style=\"font-weight: 400;\">Volem compartir amb vosaltres que <u>el bibliotr\u00e0iler\u00a0<em><i>Expedici\u00f3 a Mai M\u00e9s<\/i><\/em>\u00a0ha quedat finalista del\u00a0xxvii\u00a0Concurs\u00a0<em><i>El gust per la lectura<\/i><\/em>, que el Departament d&#8217;Educaci\u00f3 organitza per als centres docents<\/u>.<\/p>\n<p>&nbsp;<\/p>\n<p><a href=\"https:\/\/agora.xtec.cat\/inscar\/wp-content\/uploads\/usu1537\/2022\/07\/unnamed-2.jpg\"><img loading=\"lazy\" decoding=\"async\" class=\"wp-image-4264 aligncenter\" src=\"https:\/\/agora.xtec.cat\/inscar\/wp-content\/uploads\/usu1537\/2022\/07\/unnamed-2.jpg\" alt=\"\" width=\"164\" height=\"164\" srcset=\"https:\/\/agora.xtec.cat\/inscar\/wp-content\/uploads\/usu1537\/2022\/07\/unnamed-2.jpg 154w, https:\/\/agora.xtec.cat\/inscar\/wp-content\/uploads\/usu1537\/2022\/07\/unnamed-2-150x150.jpg 150w\" sizes=\"auto, (max-width: 164px) 100vw, 164px\" \/><\/a><\/p>\n<p style=\"font-weight: 400;\">Els professors de l&#8217;especialitat de llengua catalana i literatura compartim amb vosaltres una bona not\u00edcia.<\/p>\n<p style=\"font-weight: 400;\">El nostre institut enguany ha participat en el , que el Departament d&#8217;Educaci\u00f3 organitza en el marc de les diverses estrat\u00e8gies escolars per fomentar la lectura.<\/p>\n<p style=\"font-weight: 400;\">En concret, ha participat amb un projecte que b\u00e0sicament s&#8217;ha caracteritzat per aquests aspectes:<\/p>\n<ul>\n<li style=\"font-weight: 400;\">Ha aplegat quatre nivells d&#8217;una manera transversal:\u00a0ESO1,\u00a0ESO2,\u00a0BAT1\u00a0i\u00a0BAT2.<\/li>\n<li style=\"font-weight: 400;\">Ha implicat docents de cinc especialitats docents i sis \u00e0rees de coneixement.<\/li>\n<li style=\"font-weight: 400;\">Ha desenvolupat din\u00e0miques d&#8217;autoregulaci\u00f3 dels aprenentatges.<\/li>\n<li style=\"font-weight: 400;\">Ha implementat estrat\u00e8gies d&#8217;aprenentatge servei.<\/li>\n<li style=\"font-weight: 400;\">Ha treballat la novel\u00b7la <em><i>Peter Pan<\/i><\/em>\u00a0(1902), de J.M. Barrie, en\u00a0ESO1\u00a0i\u00a0ESO2.<\/li>\n<li style=\"font-weight: 400;\">Ha treballat el drama\u00a0<em><i>Aig\u00fces encantades<\/i><\/em>\u00a0(1908), de Joan Puig Ferreter, en\u00a0BAT1\u00a0i\u00a0BAT2.<\/li>\n<\/ul>\n<p style=\"font-weight: 400;\">Per la resta, el projecte s&#8217;ha marcat l&#8217;objectiu que els alumnes d&#8217;ESO1 i ESO2 elaborin, en equip, un bibliotr\u00e0iler de la nove\u0140\u00b7la\u00a0<em><i>Peter Pan<\/i><\/em>\u00a0i que els de\u00a0BAT1\u00a0i\u00a0BAT2\u00a0preparin, d&#8217;una manera individual o per parelles, un bibliotube del drama\u00a0<em><i>Aig\u00fces encantades<\/i><\/em>.<\/p>\n<p style=\"font-weight: 400;\">Com a mostres, podeu visualitzar els resultats que els alumnes d&#8217;ESO1\u00a0i\u00a0ESO2\u00a0han signat si cliqueu en aquest lligam:\u00a0<strong><b><a href=\"https:\/\/bit.ly\/3LN4iGA\" data-saferedirecturl=\"https:\/\/www.google.com\/url?q=https:\/\/bit.ly\/3LN4iGA&amp;source=gmail&amp;ust=1657612351296000&amp;usg=AOvVaw0uhMaPS31aBkIyytfSJ4DH\">https:\/\/bit.ly\/3LN4iGA<\/a><\/b><\/strong>\u00a0(<strong><b>clau:\u00a0<\/b><\/strong><strong><b>ESO2<\/b><\/strong>).<\/p>\n<p style=\"font-weight: 400;\">Un d&#8217;aquests equips, integrat per quatre alumnes d&#8217;ESO1 i ESO2 \u2013Aleix Castro, Elna Fransoy, Mariona Mart\u00edn i J\u00falia Puntos\u2013, ha esdevingut finalista de la primera fase del concurs:\u00a0<strong><b><a href=\"https:\/\/bit.ly\/38BVMMi\" data-saferedirecturl=\"https:\/\/www.google.com\/url?q=https:\/\/bit.ly\/38BVMMi&amp;source=gmail&amp;ust=1657612351296000&amp;usg=AOvVaw1Yfpk3RpyZg_iKk5PX9bJt\">https:\/\/bit.ly\/38BVMMi<\/a><\/b><\/strong>.<\/p>\n<p style=\"font-weight: 400;\">En particular, ho ha fet amb un bibliotr\u00e0iler intitulat\u00a0<em><i>Expedici\u00f3 a Mai M\u00e9s<\/i><\/em>:\u00a0<strong><b><a href=\"https:\/\/bit.ly\/3yvkVSZ\" data-saferedirecturl=\"https:\/\/www.google.com\/url?q=https:\/\/bit.ly\/3yvkVSZ&amp;source=gmail&amp;ust=1657612351296000&amp;usg=AOvVaw3OTh_-54fAUVzbkXh334vQ\">https:\/\/bit.ly\/3yvkVSZ<\/a><\/b><\/strong>.<\/p>\n<p style=\"font-weight: 400;\">I, al capdavall, aquest equip ha esdevingut un dels guardonats en el concurs:\u00a0<strong><b><a href=\"https:\/\/bit.ly\/3ucvN5I\" data-saferedirecturl=\"https:\/\/www.google.com\/url?q=https:\/\/bit.ly\/3ucvN5I&amp;source=gmail&amp;ust=1657612351296000&amp;usg=AOvVaw2A1kNGH5y40R4ZB6moIUmx\">https:\/\/bit.ly\/3ucvN5I<\/a><\/b><\/strong>.<\/p>\n<p style=\"font-weight: 400;\">Podeu visualitzar l&#8217;enregistrament de l&#8217;acte del lliurament dels premis si cliqueu en aquest lligam: <strong><b><a href=\"https:\/\/bit.ly\/3P9Qasz\" data-saferedirecturl=\"https:\/\/www.google.com\/url?q=https:\/\/bit.ly\/3P9Qasz&amp;source=gmail&amp;ust=1657612351296000&amp;usg=AOvVaw0Feu9UHxR58UI4YmfbkpHz\">https:\/\/bit.ly\/3P9Qasz<\/a><\/b><\/strong>. En qualsevol cas, el moment del nostre institut s&#8217;inicia a partir del minut 11:45.<\/p>\n<p style=\"font-weight: 400;\">Sense cap mena de dubte, representa un reconeixement a una tasca portada a terme per uns nostres alumnes, els m\u00e9s petits, que no deixa d&#8217;\u00e9sser merit\u00f2ria, atenent la seva dedicaci\u00f3 a l&#8217;esport d&#8217;alt rendiment.<\/p>\n<p style=\"font-weight: 400;\"><a href=\"https:\/\/bit.ly\/3yvkVSZ\" target=\"_blank\" rel=\"noopener\"><img loading=\"lazy\" decoding=\"async\" class=\"size-full wp-image-4263 aligncenter\" src=\"https:\/\/agora.xtec.cat\/inscar\/wp-content\/uploads\/usu1537\/2022\/07\/Peter-Pan.png\" alt=\"\" width=\"459\" height=\"301\" srcset=\"https:\/\/agora.xtec.cat\/inscar\/wp-content\/uploads\/usu1537\/2022\/07\/Peter-Pan.png 459w, https:\/\/agora.xtec.cat\/inscar\/wp-content\/uploads\/usu1537\/2022\/07\/Peter-Pan-300x197.png 300w\" sizes=\"auto, (max-width: 459px) 100vw, 459px\" \/><\/a><\/p>\n<p>&nbsp;<\/p>\n<p>&nbsp;<\/p>\n<p>&nbsp;<\/p>\n<p>&nbsp;<\/p>\n<p>&nbsp;<\/p>\n","protected":false},"excerpt":{"rendered":"<p>Volem compartir amb vosaltres que el bibliotr\u00e0iler\u00a0Expedici\u00f3 a Mai M\u00e9s\u00a0ha quedat finalista del\u00a0xxvii\u00a0Concurs\u00a0El gust per la lectura, que el Departament d&#8217;Educaci\u00f3 organitza per als centres docents.<br \/>\n&nbsp;<br \/>\n<a href=\"https:\/\/agora.xtec.cat\/inscar\/wp-content\/uploads\/usu1537\/2022\/07\/unnamed-2.jpg\"><\/a><br \/>\nEls professors de l&#8217;especialitat de llengua catalana i literatura compartim amb vosaltres una bona not\u00edcia.<br \/>\nEl nostre institut enguany ha&hellip;  <a href=\"https:\/\/agora.xtec.cat\/inscar\/activitats\/el-gust-per-la-lectura\/\" title=\"Read EL GUST PER LA LECTURA\">Llegeix m\u00e9s\u00bb<\/a><\/p>\n","protected":false},"author":3,"featured_media":0,"parent":1338,"menu_order":0,"comment_status":"closed","ping_status":"closed","template":"","meta":{"_bbp_topic_count":0,"_bbp_reply_count":0,"_bbp_total_topic_count":0,"_bbp_total_reply_count":0,"_bbp_voice_count":0,"_bbp_anonymous_reply_count":0,"_bbp_topic_count_hidden":0,"_bbp_reply_count_hidden":0,"_bbp_forum_subforum_count":0,"footnotes":""},"class_list":["post-4042","page","type-page","status-publish","hentry"],"post_mailing_queue_ids":[],"_links":{"self":[{"href":"https:\/\/agora.xtec.cat\/inscar\/wp-json\/wp\/v2\/pages\/4042","targetHints":{"allow":["GET"]}}],"collection":[{"href":"https:\/\/agora.xtec.cat\/inscar\/wp-json\/wp\/v2\/pages"}],"about":[{"href":"https:\/\/agora.xtec.cat\/inscar\/wp-json\/wp\/v2\/types\/page"}],"author":[{"embeddable":true,"href":"https:\/\/agora.xtec.cat\/inscar\/wp-json\/wp\/v2\/users\/3"}],"replies":[{"embeddable":true,"href":"https:\/\/agora.xtec.cat\/inscar\/wp-json\/wp\/v2\/comments?post=4042"}],"version-history":[{"count":4,"href":"https:\/\/agora.xtec.cat\/inscar\/wp-json\/wp\/v2\/pages\/4042\/revisions"}],"predecessor-version":[{"id":4268,"href":"https:\/\/agora.xtec.cat\/inscar\/wp-json\/wp\/v2\/pages\/4042\/revisions\/4268"}],"up":[{"embeddable":true,"href":"https:\/\/agora.xtec.cat\/inscar\/wp-json\/wp\/v2\/pages\/1338"}],"wp:attachment":[{"href":"https:\/\/agora.xtec.cat\/inscar\/wp-json\/wp\/v2\/media?parent=4042"}],"curies":[{"name":"wp","href":"https:\/\/api.w.org\/{rel}","templated":true}]}}