{"id":3347,"date":"2020-07-08T23:44:20","date_gmt":"2020-07-08T21:44:20","guid":{"rendered":"http:\/\/agora.xtec.cat\/inscar\/?page_id=3347"},"modified":"2020-07-08T23:44:20","modified_gmt":"2020-07-08T21:44:20","slug":"trobada-final-de-curs","status":"publish","type":"page","link":"https:\/\/agora.xtec.cat\/inscar\/trobada-final-de-curs\/","title":{"rendered":"Trobada final de curs."},"content":{"rendered":"<p>Despr\u00e9s de m\u00e9s de tres mesos sense veure\u2019ns, els passats dies 1, 2 i 3 de juliol va tenir lloc una trobada entre el nostre alumnat i els seus tutors i tutores.<\/p>\n<p>L\u2019alumnat d\u2019ESO i Batxillerat va venir\u00a0 al centre no nom\u00e9s a recollir el seu material sin\u00f3 tamb\u00e9 a fer una breu trobada amb els seus tutors i tutores i amb alguns companys i companyes. Ens va semblar positiu fomentar aquest espai de retrobament per poder tenir un contacte m\u00e9s pr\u00f2xim i fer un tancament del curs m\u00e9s proper.<\/p>\n<p>En els casos de l&#8217; alumnat que finalitzava etapa escolar i que no cursar\u00e0 estudis el pr\u00f2xim curs a l\u2019INS CAR,\u00a0aquesta trobada\u00a0ens va semblar encara m\u00e9s necess\u00e0ria .<\/p>\n<p>&nbsp;<\/p>\n<p><a href=\"https:\/\/agora.xtec.cat\/inscar\/wp-content\/uploads\/usu1537\/2020\/07\/Captura-de-pantalla-2020-07-08-a-las-23.40.20.png\"><img loading=\"lazy\" decoding=\"async\" class=\"alignnone size-large wp-image-3349\" src=\"https:\/\/agora.xtec.cat\/inscar\/wp-content\/uploads\/usu1537\/2020\/07\/Captura-de-pantalla-2020-07-08-a-las-23.40.20-1024x762.png\" alt=\"\" width=\"1024\" height=\"762\" srcset=\"https:\/\/agora.xtec.cat\/inscar\/wp-content\/uploads\/usu1537\/2020\/07\/Captura-de-pantalla-2020-07-08-a-las-23.40.20-1024x762.png 1024w, https:\/\/agora.xtec.cat\/inscar\/wp-content\/uploads\/usu1537\/2020\/07\/Captura-de-pantalla-2020-07-08-a-las-23.40.20-300x223.png 300w, https:\/\/agora.xtec.cat\/inscar\/wp-content\/uploads\/usu1537\/2020\/07\/Captura-de-pantalla-2020-07-08-a-las-23.40.20-768x571.png 768w, https:\/\/agora.xtec.cat\/inscar\/wp-content\/uploads\/usu1537\/2020\/07\/Captura-de-pantalla-2020-07-08-a-las-23.40.20-200x150.png 200w, https:\/\/agora.xtec.cat\/inscar\/wp-content\/uploads\/usu1537\/2020\/07\/Captura-de-pantalla-2020-07-08-a-las-23.40.20.png 1124w\" sizes=\"auto, (max-width: 1024px) 100vw, 1024px\" \/><\/a><\/p>\n","protected":false},"excerpt":{"rendered":"<p>Despr\u00e9s de m\u00e9s de tres mesos sense veure\u2019ns, els passats dies 1, 2 i 3 de juliol va tenir lloc una trobada entre el nostre alumnat i els seus tutors i tutores.<br \/>\nL\u2019alumnat d\u2019ESO i Batxillerat va venir\u00a0 al centre no nom\u00e9s a recollir el seu&hellip;  <a href=\"https:\/\/agora.xtec.cat\/inscar\/trobada-final-de-curs\/\" title=\"Read Trobada final de curs.\">Llegeix m\u00e9s\u00bb<\/a><\/p>\n","protected":false},"author":3,"featured_media":0,"parent":0,"menu_order":0,"comment_status":"closed","ping_status":"closed","template":"","meta":{"_bbp_topic_count":0,"_bbp_reply_count":0,"_bbp_total_topic_count":0,"_bbp_total_reply_count":0,"_bbp_voice_count":0,"_bbp_anonymous_reply_count":0,"_bbp_topic_count_hidden":0,"_bbp_reply_count_hidden":0,"_bbp_forum_subforum_count":0,"footnotes":""},"class_list":["post-3347","page","type-page","status-publish","hentry"],"post_mailing_queue_ids":[],"_links":{"self":[{"href":"https:\/\/agora.xtec.cat\/inscar\/wp-json\/wp\/v2\/pages\/3347","targetHints":{"allow":["GET"]}}],"collection":[{"href":"https:\/\/agora.xtec.cat\/inscar\/wp-json\/wp\/v2\/pages"}],"about":[{"href":"https:\/\/agora.xtec.cat\/inscar\/wp-json\/wp\/v2\/types\/page"}],"author":[{"embeddable":true,"href":"https:\/\/agora.xtec.cat\/inscar\/wp-json\/wp\/v2\/users\/3"}],"replies":[{"embeddable":true,"href":"https:\/\/agora.xtec.cat\/inscar\/wp-json\/wp\/v2\/comments?post=3347"}],"version-history":[{"count":2,"href":"https:\/\/agora.xtec.cat\/inscar\/wp-json\/wp\/v2\/pages\/3347\/revisions"}],"predecessor-version":[{"id":3352,"href":"https:\/\/agora.xtec.cat\/inscar\/wp-json\/wp\/v2\/pages\/3347\/revisions\/3352"}],"wp:attachment":[{"href":"https:\/\/agora.xtec.cat\/inscar\/wp-json\/wp\/v2\/media?parent=3347"}],"curies":[{"name":"wp","href":"https:\/\/api.w.org\/{rel}","templated":true}]}}