{"id":1893,"date":"2019-02-08T12:39:55","date_gmt":"2019-02-08T11:39:55","guid":{"rendered":"http:\/\/agora.xtec.cat\/inscar\/?page_id=1893"},"modified":"2020-02-28T13:00:25","modified_gmt":"2020-02-28T12:00:25","slug":"projecte-linguistic","status":"publish","type":"page","link":"https:\/\/agora.xtec.cat\/inscar\/projecte-linguistic\/","title":{"rendered":"Projecte ling\u00fc\u00edstic"},"content":{"rendered":"<p>&nbsp;<\/p>\n<p><i>El Projecte Lng\u00fc\u00edstic \u00e9s el document que recull els aspectes relatius a l\u2019ensenyament i a l\u2019\u00fas de les lleng\u00fces en el nostre centre educatiu.\u00a0<\/i><\/p>\n<p><i>En aquest document queden definits el tractament de la llengua catalana com a llengua vehicular i d\u2019aprenentatge, el proc\u00e9s d\u2019ensenyament i aprenentatge de la llengua castellana i les lleng\u00fces estrangeres, aix\u00ed com els criteris generals per a les adequacions de les lleng\u00fces a la realitat socioling\u00fc\u00edstica del centre.<\/i><\/p>\n<ul>\n<li><em><a href=\"https:\/\/drive.google.com\/open?id=0B7OkiMXkXgrcRi03aC1PWDhJX0pHM3pMcV9wWUZIY2kwdkRR\" target=\"_blank\" rel=\"noopener noreferrer\">Podeu consultar el\u00a0 Projecte Ling\u00fc\u00edstic en aquest enlla\u00e7<\/a>.<\/em><a href=\"https:\/\/drive.google.com\/open?id=0B7OkiMXkXgrcRi03aC1PWDhJX0pHM3pMcV9wWUZIY2kwdkRR\" target=\"_blank\" rel=\"noopener noreferrer\"><em>\u00a0<\/em><\/a><\/li>\n<\/ul>\n","protected":false},"excerpt":{"rendered":"<p>&nbsp;<br \/>\nEl Projecte Lng\u00fc\u00edstic \u00e9s el document que recull els aspectes relatius a l\u2019ensenyament i a l\u2019\u00fas de les lleng\u00fces en el nostre centre educatiu.\u00a0<br \/>\nEn aquest document queden definits el tractament de la llengua catalana com a llengua vehicular i d\u2019aprenentatge, el proc\u00e9s d\u2019ensenyament i aprenentatge&hellip;  <a href=\"https:\/\/agora.xtec.cat\/inscar\/projecte-linguistic\/\" title=\"Read Projecte ling\u00fc\u00edstic\">Llegeix m\u00e9s\u00bb<\/a><\/p>\n","protected":false},"author":3,"featured_media":0,"parent":0,"menu_order":0,"comment_status":"closed","ping_status":"closed","template":"","meta":{"_bbp_topic_count":0,"_bbp_reply_count":0,"_bbp_total_topic_count":0,"_bbp_total_reply_count":0,"_bbp_voice_count":0,"_bbp_anonymous_reply_count":0,"_bbp_topic_count_hidden":0,"_bbp_reply_count_hidden":0,"_bbp_forum_subforum_count":0,"footnotes":""},"class_list":["post-1893","page","type-page","status-publish","hentry"],"post_mailing_queue_ids":[],"_links":{"self":[{"href":"https:\/\/agora.xtec.cat\/inscar\/wp-json\/wp\/v2\/pages\/1893","targetHints":{"allow":["GET"]}}],"collection":[{"href":"https:\/\/agora.xtec.cat\/inscar\/wp-json\/wp\/v2\/pages"}],"about":[{"href":"https:\/\/agora.xtec.cat\/inscar\/wp-json\/wp\/v2\/types\/page"}],"author":[{"embeddable":true,"href":"https:\/\/agora.xtec.cat\/inscar\/wp-json\/wp\/v2\/users\/3"}],"replies":[{"embeddable":true,"href":"https:\/\/agora.xtec.cat\/inscar\/wp-json\/wp\/v2\/comments?post=1893"}],"version-history":[{"count":4,"href":"https:\/\/agora.xtec.cat\/inscar\/wp-json\/wp\/v2\/pages\/1893\/revisions"}],"predecessor-version":[{"id":2926,"href":"https:\/\/agora.xtec.cat\/inscar\/wp-json\/wp\/v2\/pages\/1893\/revisions\/2926"}],"wp:attachment":[{"href":"https:\/\/agora.xtec.cat\/inscar\/wp-json\/wp\/v2\/media?parent=1893"}],"curies":[{"name":"wp","href":"https:\/\/api.w.org\/{rel}","templated":true}]}}