{"id":1623,"date":"2018-11-25T19:21:15","date_gmt":"2018-11-25T18:21:15","guid":{"rendered":"http:\/\/agora.xtec.cat\/inscar\/?page_id=1623"},"modified":"2023-04-12T10:29:29","modified_gmt":"2023-04-12T08:29:29","slug":"secretaria-tecnics-esportius","status":"publish","type":"page","link":"https:\/\/agora.xtec.cat\/inscar\/secretaria\/secretaria-tecnics-esportius\/","title":{"rendered":"Secretaria. T\u00e8cnics esportius"},"content":{"rendered":"<h5 style=\"text-align: center;\">Calendari de preinscripci\u00f3 i matr\u00edcula per al curs 2023-24. <strong style=\"font-size: 1.125em;\">\u00a0<\/strong><\/h5>\n<p>&nbsp;<\/p>\n<p>Us informem que, les dates de presentaci\u00f3 de sol\u00b7licituds corresponents al primer per\u00edode de preinscripci\u00f3 i matr\u00edcula per als Ensenyaments Esportius establertes a la Resoluci\u00f3 EDU\/507\/2023, de 16 de febrer, per al curs 2023-24, ser\u00e0 a partir <strong>del 12 d&#8217;abril fins l&#8217;inici del curs lectiu<\/strong>.<\/p>\n<p>Per accedir als formularis de matr\u00edcula i convalidacions visiteu:<\/p>\n<p style=\"text-align: center;\"><a href=\"http:\/\/www.cartecnicesportiu.com\"><strong><span style=\"color: #ff0000;\"> www.cartecnicesportiu.com<\/span><\/strong><\/a><\/p>\n<p>Pots consultar el calendari de preinscripci\u00f3 i matriculaci\u00f3 dels Ensenyaments Esportius al seg\u00fcent <a href=\"https:\/\/preinscripcio.gencat.cat\/ca\/estudis\/esportius\/inici\/\">enlla\u00e7<\/a>.<\/p>\n","protected":false},"excerpt":{"rendered":"<p>Calendari de preinscripci\u00f3 i matr\u00edcula per al curs 2023-24. \u00a0<br \/>\n&nbsp;<br \/>\nUs informem que, les dates de presentaci\u00f3 de sol\u00b7licituds corresponents al primer per\u00edode de preinscripci\u00f3 i matr\u00edcula per als Ensenyaments Esportius establertes a la Resoluci\u00f3 EDU\/507\/2023, de 16 de febrer, per al curs 2023-24, ser\u00e0 a&hellip;  <a href=\"https:\/\/agora.xtec.cat\/inscar\/secretaria\/secretaria-tecnics-esportius\/\" title=\"Read Secretaria. T\u00e8cnics esportius\">Llegeix m\u00e9s\u00bb<\/a><\/p>\n","protected":false},"author":3,"featured_media":0,"parent":81,"menu_order":0,"comment_status":"closed","ping_status":"closed","template":"","meta":{"_bbp_topic_count":0,"_bbp_reply_count":0,"_bbp_total_topic_count":0,"_bbp_total_reply_count":0,"_bbp_voice_count":0,"_bbp_anonymous_reply_count":0,"_bbp_topic_count_hidden":0,"_bbp_reply_count_hidden":0,"_bbp_forum_subforum_count":0,"footnotes":""},"class_list":["post-1623","page","type-page","status-publish","hentry"],"post_mailing_queue_ids":[],"_links":{"self":[{"href":"https:\/\/agora.xtec.cat\/inscar\/wp-json\/wp\/v2\/pages\/1623","targetHints":{"allow":["GET"]}}],"collection":[{"href":"https:\/\/agora.xtec.cat\/inscar\/wp-json\/wp\/v2\/pages"}],"about":[{"href":"https:\/\/agora.xtec.cat\/inscar\/wp-json\/wp\/v2\/types\/page"}],"author":[{"embeddable":true,"href":"https:\/\/agora.xtec.cat\/inscar\/wp-json\/wp\/v2\/users\/3"}],"replies":[{"embeddable":true,"href":"https:\/\/agora.xtec.cat\/inscar\/wp-json\/wp\/v2\/comments?post=1623"}],"version-history":[{"count":4,"href":"https:\/\/agora.xtec.cat\/inscar\/wp-json\/wp\/v2\/pages\/1623\/revisions"}],"predecessor-version":[{"id":4615,"href":"https:\/\/agora.xtec.cat\/inscar\/wp-json\/wp\/v2\/pages\/1623\/revisions\/4615"}],"up":[{"embeddable":true,"href":"https:\/\/agora.xtec.cat\/inscar\/wp-json\/wp\/v2\/pages\/81"}],"wp:attachment":[{"href":"https:\/\/agora.xtec.cat\/inscar\/wp-json\/wp\/v2\/media?parent=1623"}],"curies":[{"name":"wp","href":"https:\/\/api.w.org\/{rel}","templated":true}]}}