{"id":1376,"date":"2018-10-14T22:34:36","date_gmt":"2018-10-14T20:34:36","guid":{"rendered":"http:\/\/agora.xtec.cat\/inscar\/?page_id=1376"},"modified":"2022-03-27T20:57:45","modified_gmt":"2022-03-27T18:57:45","slug":"bloc-de-formacio-practica","status":"publish","type":"page","link":"https:\/\/agora.xtec.cat\/inscar\/ensenyaments-esportius\/bloc-de-formacio-practica\/","title":{"rendered":"Bloc de formaci\u00f3 pr\u00e0ctica"},"content":{"rendered":"<p style=\"text-align: center;\"><span style=\"color: #ff6600;\"><strong>\u00a0PENDENT D&#8217;ACTUALITZAR<\/strong><\/span><\/p>\n<p style=\"text-align: center;\"><span style=\"color: #ff6600;\"><strong>ESTEM TREBALLANT PER ACTUALITZAR AQUESTA INFORMACI\u00d3<\/strong><\/span><\/p>\n<p>&nbsp;<\/p>\n<p><strong><u>Informaci\u00f3 general<\/u><\/strong><\/p>\n<p>S\u00f3n pr\u00e0ctiques i estades formatives no laborals que realitza l\u2019alumnat d\u2019Ensenyaments Esportius, en centres de treball, mitjan\u00e7ant un acord de col\u00b7laboraci\u00f3 que subscriuen l\u2019escola i l\u2019empresa.<\/p>\n<p>Aquestes pr\u00e0ctiques i estades formen part del programa formatiu (curricular) d\u2019aquests ensenyaments. \u00a0La durada d\u2019aquestes pr\u00e0ctiques varia en funci\u00f3 del nivell i del tipus de curr\u00edculum; en els cicles LOE cada curs i modalitat t\u00e9 una durada diferent, en els cicles LOGSE totes les modalitats tenen la mateixa durada:<\/p>\n<ul>\n<li>1r nivell LOGSE: 150 hores.<\/li>\n<li>2n nivell LOGSE: 200 hores.<\/li>\n<li>3r nivell LOGSE: 200 hores.<\/li>\n<\/ul>\n<p>(<a href=\"http:\/\/xtec.gencat.cat\/ca\/curriculum\/professionals\/fct\/quees\/\" target=\"_blank\" rel=\"noopener noreferrer\">m\u00e9s informaci\u00f3<\/a>)<\/p>\n<p>&nbsp;<\/p>\n<p><strong><u>Documentaci\u00f3<\/u><\/strong><\/p>\n<ul>\n<li><a href=\"https:\/\/drive.google.com\/open?id=0B7OkiMXkXgrcVWNfS1lFRnExcTZEUTIwN1RHQUdzT1JIRllZ\" target=\"_blank\" rel=\"noopener noreferrer\">Normativa 18-19<\/a><\/li>\n<li><a href=\"https:\/\/drive.google.com\/open?id=0B7OkiMXkXgrcQW96cHlPLVF3ckNaWVl4MncwdzhJNWwzY2NJ\" target=\"_blank\" rel=\"noopener noreferrer\">Informacions b\u00e0siques<\/a><\/li>\n<li><a href=\"https:\/\/drive.google.com\/open?id=0B7OkiMXkXgrcX0xnczdWX0U5TEhobWlRQnVzMS1BREpXU2NJ\" target=\"_blank\" rel=\"noopener noreferrer\">Full de recollida de dades<\/a><\/li>\n<li>Pla d\u2019activitats de cada esport\n<ul>\n<li><a href=\"https:\/\/drive.google.com\/open?id=0B7OkiMXkXgrcTng4bk9YWWJKS3U0dFBJSmhwcjdCTUNvMGdR\" target=\"_blank\" rel=\"noopener noreferrer\">&#8211;\u00a01r_nivell_b\u00e0squet_LOE(1)<\/a><\/li>\n<li><a href=\"https:\/\/drive.google.com\/open?id=0B7OkiMXkXgrcTUdZN3JMZzM3UFB6UXkyQWxWRFJUcXdCVWE4\" target=\"_blank\" rel=\"noopener noreferrer\">&#8211; 1r_nivell_Esqu\u00ed_Alp\u00ed<\/a><\/li>\n<li><a href=\"https:\/\/drive.google.com\/file\/d\/0B7OkiMXkXgrcb3VtMlhuRmpCTGl0SXBwVk1wbDRQNUQ5NlYw\/view?usp=sharing\" target=\"_blank\" rel=\"noopener noreferrer\">&#8211;\u00a01r_nivell_excursionisme<\/a><\/li>\n<li><a href=\"https:\/\/drive.google.com\/open?id=0B7OkiMXkXgrcb2hzZ0ttVnZFYVBIVmk1VnY0dEdDeWdhMUJz\" target=\"_blank\" rel=\"noopener noreferrer\">&#8211;\u00a01r_nivell_futbol<\/a><\/li>\n<li><a href=\"https:\/\/drive.google.com\/open?id=0B7OkiMXkXgrcSXpfV09tcFh0aU5fWnZkOHd4NlpXQ3BzNk44\" target=\"_blank\" rel=\"noopener noreferrer\">&#8211;\u00a01r_nivell_futbol_sala<\/a><\/li>\n<li><a href=\"https:\/\/drive.google.com\/open?id=0B7OkiMXkXgrcaWh3ZHpuV240OHNyck1FaFN4ZmZPWXNORmpV\" target=\"_blank\" rel=\"noopener noreferrer\">&#8211; 1r_nivell_Surf_Neu<\/a><\/li>\n<li><a href=\"https:\/\/drive.google.com\/open?id=0B7OkiMXkXgrcREg0VlZObjg0Y1M2ZHZMWEwyZkRJcW1xUTRJ\" target=\"_blank\" rel=\"noopener noreferrer\">&#8211;\u00a02n_nivell_barrancs<\/a><\/li>\n<li><a href=\"https:\/\/drive.google.com\/open?id=0B7OkiMXkXgrcQ2hRTlB0bkl5VUJQQkNfT3NtMTNJLXZ2NDVr\" target=\"_blank\" rel=\"noopener noreferrer\">&#8211;\u00a02n_nivell_Escalada<\/a><\/li>\n<li><a href=\"https:\/\/drive.google.com\/open?id=0B7OkiMXkXgrcdHc0aVQ0QjNvbGNvYTVtT2NiV2VQa2pzQzdJ\" target=\"_blank\" rel=\"noopener noreferrer\">&#8211;\u00a02n_nivell_T\u00e8cnic_Esqu\u00ed_Alp\u00ed<\/a><\/li>\n<li><a href=\"https:\/\/drive.google.com\/open?id=0B7OkiMXkXgrcNHdZT3BxVVRlQWNFa3JqZ2prOFBQUUJJdUd3\" target=\"_blank\" rel=\"noopener noreferrer\">&#8211;\u00a02n_nivell_T\u00e8cnic_Futbol<\/a><\/li>\n<li><a href=\"https:\/\/drive.google.com\/open?id=0B7OkiMXkXgrcWjBaVDc1OU44NmpscXVGbldwQWFSbFJnZmo0\" target=\"_blank\" rel=\"noopener noreferrer\">&#8211;\u00a02n_nivell_T\u00e8cnic_Futbol_Sala<\/a><\/li>\n<li>&#8211; <a href=\"https:\/\/drive.google.com\/open?id=0B7OkiMXkXgrcd2k0Y0xkbzY0dVlneDc0aXJRMGh6VkFZREJv\" target=\"_blank\" rel=\"noopener noreferrer\">2n_nivell_T\u00e8cnic_Mitja_Muntanya<\/a><\/li>\n<li><a href=\"https:\/\/drive.google.com\/open?id=0B7OkiMXkXgrcWWNEQ2dNY0NCTWNmajY5bWczVFBRelp2WUxn\" target=\"_blank\" rel=\"noopener noreferrer\">&#8211;\u00a02n_nivell_T\u00e8cnic_Surf_Neu<\/a><\/li>\n<li><a href=\"https:\/\/drive.google.com\/open?id=0B7OkiMXkXgrcX1NOYUVfa1R6OENWMERlTzhXWmd6SzNVZEMw\" target=\"_blank\" rel=\"noopener noreferrer\">&#8211; 3r_nivell_futbol\u00a0<\/a><\/li>\n<\/ul>\n<\/li>\n<\/ul>\n<p>&nbsp;<\/p>\n<p>&nbsp;<\/p>\n<p>&nbsp;<\/p>\n<p>&nbsp;<\/p>\n<p>&nbsp;<\/p>\n<p>&nbsp;<\/p>\n","protected":false},"excerpt":{"rendered":"<p>\u00a0PENDENT D&#8217;ACTUALITZAR<br \/>\nESTEM TREBALLANT PER ACTUALITZAR AQUESTA INFORMACI\u00d3<br \/>\n&nbsp;<br \/>\nInformaci\u00f3 general<br \/>\nS\u00f3n pr\u00e0ctiques i estades formatives no laborals que realitza l\u2019alumnat d\u2019Ensenyaments Esportius, en centres de treball, mitjan\u00e7ant un acord de col\u00b7laboraci\u00f3 que subscriuen l\u2019escola i l\u2019empresa.<br \/>\nAquestes pr\u00e0ctiques i estades formen part del programa formatiu (curricular) d\u2019aquests ensenyaments. \u00a0La&hellip;  <a href=\"https:\/\/agora.xtec.cat\/inscar\/ensenyaments-esportius\/bloc-de-formacio-practica\/\" title=\"Read Bloc de formaci\u00f3 pr\u00e0ctica\">Llegeix m\u00e9s\u00bb<\/a><\/p>\n","protected":false},"author":3,"featured_media":0,"parent":1336,"menu_order":0,"comment_status":"closed","ping_status":"closed","template":"page-templates\/side-menu.php","meta":{"_bbp_topic_count":0,"_bbp_reply_count":0,"_bbp_total_topic_count":0,"_bbp_total_reply_count":0,"_bbp_voice_count":0,"_bbp_anonymous_reply_count":0,"_bbp_topic_count_hidden":0,"_bbp_reply_count_hidden":0,"_bbp_forum_subforum_count":0,"footnotes":""},"class_list":["post-1376","page","type-page","status-publish","hentry"],"post_mailing_queue_ids":[],"_links":{"self":[{"href":"https:\/\/agora.xtec.cat\/inscar\/wp-json\/wp\/v2\/pages\/1376","targetHints":{"allow":["GET"]}}],"collection":[{"href":"https:\/\/agora.xtec.cat\/inscar\/wp-json\/wp\/v2\/pages"}],"about":[{"href":"https:\/\/agora.xtec.cat\/inscar\/wp-json\/wp\/v2\/types\/page"}],"author":[{"embeddable":true,"href":"https:\/\/agora.xtec.cat\/inscar\/wp-json\/wp\/v2\/users\/3"}],"replies":[{"embeddable":true,"href":"https:\/\/agora.xtec.cat\/inscar\/wp-json\/wp\/v2\/comments?post=1376"}],"version-history":[{"count":4,"href":"https:\/\/agora.xtec.cat\/inscar\/wp-json\/wp\/v2\/pages\/1376\/revisions"}],"predecessor-version":[{"id":4119,"href":"https:\/\/agora.xtec.cat\/inscar\/wp-json\/wp\/v2\/pages\/1376\/revisions\/4119"}],"up":[{"embeddable":true,"href":"https:\/\/agora.xtec.cat\/inscar\/wp-json\/wp\/v2\/pages\/1336"}],"wp:attachment":[{"href":"https:\/\/agora.xtec.cat\/inscar\/wp-json\/wp\/v2\/media?parent=1376"}],"curies":[{"name":"wp","href":"https:\/\/api.w.org\/{rel}","templated":true}]}}