{"id":9651,"date":"2025-03-25T08:10:21","date_gmt":"2025-03-25T07:10:21","guid":{"rendered":"https:\/\/agora.xtec.cat\/inscanvilumara\/?page_id=9651"},"modified":"2025-06-19T12:47:05","modified_gmt":"2025-06-19T10:47:05","slug":"preinscripcions-i-matricula-de-batxillerat","status":"publish","type":"page","link":"https:\/\/agora.xtec.cat\/inscanvilumara\/preinscripcions-i-matricula-de-batxillerat\/","title":{"rendered":"Preinscripcions i matr\u00edcula de Batxillerat"},"content":{"rendered":"<p>Quotes batxillerat<\/p>\n<p><a href=\"https:\/\/agora.xtec.cat\/inscanvilumara\/wp-content\/uploads\/usu1655\/2025\/06\/QUOTES-ESO-CURS-2025-26.pdf\">QUOTES ESO CURS 2025 26<\/a><\/p>\n<p>Publicaci\u00f3 de la llista d&#8217;espera del centre a 19\/06\/2025<\/p>\n<p><a href=\"https:\/\/agora.xtec.cat\/inscanvilumara\/wp-content\/uploads\/usu1655\/2025\/06\/INFORME_LLISTA_ESPERA_OME_LLISTA_ESPERA_BAT.pdf\">INFORME_LLISTA_ESPERA_OME_LLISTA_ESPERA_BAT<\/a><\/p>\n<p>Alumnes preinscrits al centre 19\/06\/2025<\/p>\n<p><a href=\"https:\/\/agora.xtec.cat\/inscanvilumara\/wp-content\/uploads\/usu1655\/2025\/06\/INFORME_PREINSCRITES_OME_INFORME_PREINSCRITES_OME_BAT.pdf\">INFORME_PREINSCRITES_OME_INFORME_PREINSCRITES_OME_BAT<\/a><\/p>\n<p>Alumnes assignats al centre amb indicaci\u00f3 de la primera petici\u00f3 a 19\/06\/2025<\/p>\n<p><a href=\"https:\/\/agora.xtec.cat\/inscanvilumara\/wp-content\/uploads\/usu1655\/2025\/06\/INFORME_ASSIGNADES_INFORME_ASSIGNADES_BAT.pdf\">INFORME_ASSIGNADES_INFORME_ASSIGNADES_BAT<\/a><\/p>\n<p>Publicaci\u00f3 de la llista de sol\u00b7licituds que han demanat el centre i l&#8217;ensenyament en primera petici\u00f3 ordenada a 30\/05\/2025<\/p>\n<p><a href=\"https:\/\/agora.xtec.cat\/inscanvilumara\/wp-content\/uploads\/usu1655\/2025\/05\/INFORME_BAREM_DEFINITIU_BAREM-1.pdf\">INFORME_BAREM_DEFINITIU_BAREM<\/a><\/p>\n<p>Publicaci\u00f3 de la llista de sol\u00b7licituds que han demanat el centre i l&#8217;ensenyament en primera petici\u00f3 amb la puntuaci\u00f3 resoltes les reclamacions a 27\/05\/2025<\/p>\n<p><a href=\"https:\/\/agora.xtec.cat\/inscanvilumara\/wp-content\/uploads\/usu1655\/2025\/05\/INFORME_BAREM_RESOLTES_BAREM-BATX.pdf\">INFORME_BAREM_RESOLTES_BAREM BATX<\/a><\/p>\n<p>Publicaci\u00f3 de la llista de sol\u00b7licituds que han demanat el centre i l&#8217;ensenyament en primera petici\u00f3 amb la puntuaci\u00f3 provisional a 16\/05\/2025<\/p>\n<p><a href=\"https:\/\/agora.xtec.cat\/inscanvilumara\/wp-content\/uploads\/usu1655\/2025\/05\/INFORME_BAREM_PROVISIONAL_BAREM.pdf\">INFORME_BAREM_PROVISIONAL_BAREM<\/a><\/p>\n<p>Clica <a href=\"https:\/\/preinscripcio.gencat.cat\/ca\/estudis\/batxillerat\/inici\/index.html\">aqu\u00ed<\/a> per obtenir informaci\u00f3 del proc\u00e9s i accedir a la preinscripci\u00f3.<\/p>\n<p>Publicaci\u00f3 de l&#8217;oferta inicial de places \u261d<\/p>\n<p><a href=\"https:\/\/agora.xtec.cat\/inscanvilumara\/wp-content\/uploads\/usu1655\/2025\/04\/INFORME_OFERTA_OME_INFORME_OFERTA_BAT.pdf\">INFORME_OFERTA_OME_INFORME_OFERTA_BAT<\/a><\/p>\n<p><strong>Batxillerat &#8211; 2025-2026<\/strong><\/p>\n","protected":false},"excerpt":{"rendered":"<p>Quotes batxillerat<br \/>\n<a href=\"https:\/\/agora.xtec.cat\/inscanvilumara\/wp-content\/uploads\/usu1655\/2025\/06\/QUOTES-ESO-CURS-2025-26.pdf\">QUOTES ESO CURS 2025 26<\/a><br \/>\nPublicaci\u00f3 de la llista d&#8217;espera del centre a 19\/06\/2025<br \/>\n<a href=\"https:\/\/agora.xtec.cat\/inscanvilumara\/wp-content\/uploads\/usu1655\/2025\/06\/INFORME_LLISTA_ESPERA_OME_LLISTA_ESPERA_BAT.pdf\">INFORME_LLISTA_ESPERA_OME_LLISTA_ESPERA_BAT<\/a><br \/>\nAlumnes preinscrits al centre 19\/06\/2025<br \/>\n<a href=\"https:\/\/agora.xtec.cat\/inscanvilumara\/wp-content\/uploads\/usu1655\/2025\/06\/INFORME_PREINSCRITES_OME_INFORME_PREINSCRITES_OME_BAT.pdf\">INFORME_PREINSCRITES_OME_INFORME_PREINSCRITES_OME_BAT<\/a><br \/>\nAlumnes assignats al centre amb indicaci\u00f3 de la primera petici\u00f3 a 19\/06\/2025<br \/>\n<a href=\"https:\/\/agora.xtec.cat\/inscanvilumara\/wp-content\/uploads\/usu1655\/2025\/06\/INFORME_ASSIGNADES_INFORME_ASSIGNADES_BAT.pdf\">INFORME_ASSIGNADES_INFORME_ASSIGNADES_BAT<\/a><br \/>\nPublicaci\u00f3 de la llista de sol\u00b7licituds que han demanat el centre i l&#8217;ensenyament&hellip;  <a href=\"https:\/\/agora.xtec.cat\/inscanvilumara\/preinscripcions-i-matricula-de-batxillerat\/\" title=\"Read Preinscripcions i matr\u00edcula de Batxillerat\">Llegeix m\u00e9s\u00bb<\/a><\/p>\n","protected":false},"author":45,"featured_media":0,"parent":0,"menu_order":0,"comment_status":"closed","ping_status":"closed","template":"","meta":{"_bbp_topic_count":0,"_bbp_reply_count":0,"_bbp_total_topic_count":0,"_bbp_total_reply_count":0,"_bbp_voice_count":0,"_bbp_anonymous_reply_count":0,"_bbp_topic_count_hidden":0,"_bbp_reply_count_hidden":0,"_bbp_forum_subforum_count":0,"footnotes":""},"class_list":["post-9651","page","type-page","status-publish","hentry"],"post_mailing_queue_ids":[],"_links":{"self":[{"href":"https:\/\/agora.xtec.cat\/inscanvilumara\/wp-json\/wp\/v2\/pages\/9651","targetHints":{"allow":["GET"]}}],"collection":[{"href":"https:\/\/agora.xtec.cat\/inscanvilumara\/wp-json\/wp\/v2\/pages"}],"about":[{"href":"https:\/\/agora.xtec.cat\/inscanvilumara\/wp-json\/wp\/v2\/types\/page"}],"author":[{"embeddable":true,"href":"https:\/\/agora.xtec.cat\/inscanvilumara\/wp-json\/wp\/v2\/users\/45"}],"replies":[{"embeddable":true,"href":"https:\/\/agora.xtec.cat\/inscanvilumara\/wp-json\/wp\/v2\/comments?post=9651"}],"version-history":[{"count":6,"href":"https:\/\/agora.xtec.cat\/inscanvilumara\/wp-json\/wp\/v2\/pages\/9651\/revisions"}],"predecessor-version":[{"id":9872,"href":"https:\/\/agora.xtec.cat\/inscanvilumara\/wp-json\/wp\/v2\/pages\/9651\/revisions\/9872"}],"wp:attachment":[{"href":"https:\/\/agora.xtec.cat\/inscanvilumara\/wp-json\/wp\/v2\/media?parent=9651"}],"curies":[{"name":"wp","href":"https:\/\/api.w.org\/{rel}","templated":true}]}}