{"id":3384,"date":"2019-12-23T14:18:47","date_gmt":"2019-12-23T13:18:47","guid":{"rendered":"http:\/\/agora.xtec.cat\/inscanvilumara\/?page_id=3384"},"modified":"2020-07-03T01:15:16","modified_gmt":"2020-07-02T23:15:16","slug":"autoritzacio-per-a-sortides-i-modificacions-horaries-fp","status":"publish","type":"page","link":"https:\/\/agora.xtec.cat\/inscanvilumara\/cicles-formatius\/documentacio-de-cicles-formatius\/autoritzacio-per-a-sortides-i-modificacions-horaries-fp\/","title":{"rendered":"Autoritzaci\u00f3 sortides i modificacions hor\u00e0ries FP"},"content":{"rendered":"<p style=\"text-align: justify;\">Aqu\u00ed us podeu descarregar el full d&#8217;autoritzaci\u00f3 per a les sortides i per a les modificacions hor\u00e0ries, en cas que l&#8217;alumne\/a sigui menor d&#8217;edat. Cliqueu sobre la imatge per accedir al document:<\/p>\n<p style=\"text-align: justify;\"><a href=\"https:\/\/agora.xtec.cat\/inscanvilumara\/wp-content\/uploads\/usu1655\/2020\/07\/Full-autoritzaci\u00f3-sortides-i-canvi-horari-FP.doc\" target=\"_blank\" rel=\"noopener noreferrer\"><img loading=\"lazy\" decoding=\"async\" class=\"aligncenter wp-image-4726 size-medium\" src=\"https:\/\/agora.xtec.cat\/inscanvilumara\/wp-content\/uploads\/usu1655\/2020\/07\/Foto-autoritzacions-FP-Copiar-212x300.jpg\" alt=\"\" width=\"212\" height=\"300\" srcset=\"https:\/\/agora.xtec.cat\/inscanvilumara\/wp-content\/uploads\/usu1655\/2020\/07\/Foto-autoritzacions-FP-Copiar-212x300.jpg 212w, https:\/\/agora.xtec.cat\/inscanvilumara\/wp-content\/uploads\/usu1655\/2020\/07\/Foto-autoritzacions-FP-Copiar.jpg 425w\" sizes=\"auto, (max-width: 212px) 100vw, 212px\" \/><\/a><\/p>\n","protected":false},"excerpt":{"rendered":"<p>Aqu\u00ed us podeu descarregar el full d&#8217;autoritzaci\u00f3 per a les sortides i per a les modificacions hor\u00e0ries, en cas que l&#8217;alumne\/a sigui menor d&#8217;edat. Cliqueu sobre la imatge per accedir al document:<br \/>\n<a href=\"https:\/\/agora.xtec.cat\/inscanvilumara\/wp-content\/uploads\/usu1655\/2020\/07\/Full-autoritzaci\u00f3-sortides-i-canvi-horari-FP.doc\" target=\"_blank\" rel=\"noopener noreferrer\"><\/a><\/p>\n","protected":false},"author":12,"featured_media":0,"parent":3378,"menu_order":0,"comment_status":"closed","ping_status":"closed","template":"","meta":{"_bbp_topic_count":0,"_bbp_reply_count":0,"_bbp_total_topic_count":0,"_bbp_total_reply_count":0,"_bbp_voice_count":0,"_bbp_anonymous_reply_count":0,"_bbp_topic_count_hidden":0,"_bbp_reply_count_hidden":0,"_bbp_forum_subforum_count":0,"footnotes":""},"class_list":["post-3384","page","type-page","status-publish","hentry"],"post_mailing_queue_ids":[],"_links":{"self":[{"href":"https:\/\/agora.xtec.cat\/inscanvilumara\/wp-json\/wp\/v2\/pages\/3384","targetHints":{"allow":["GET"]}}],"collection":[{"href":"https:\/\/agora.xtec.cat\/inscanvilumara\/wp-json\/wp\/v2\/pages"}],"about":[{"href":"https:\/\/agora.xtec.cat\/inscanvilumara\/wp-json\/wp\/v2\/types\/page"}],"author":[{"embeddable":true,"href":"https:\/\/agora.xtec.cat\/inscanvilumara\/wp-json\/wp\/v2\/users\/12"}],"replies":[{"embeddable":true,"href":"https:\/\/agora.xtec.cat\/inscanvilumara\/wp-json\/wp\/v2\/comments?post=3384"}],"version-history":[{"count":3,"href":"https:\/\/agora.xtec.cat\/inscanvilumara\/wp-json\/wp\/v2\/pages\/3384\/revisions"}],"predecessor-version":[{"id":4733,"href":"https:\/\/agora.xtec.cat\/inscanvilumara\/wp-json\/wp\/v2\/pages\/3384\/revisions\/4733"}],"up":[{"embeddable":true,"href":"https:\/\/agora.xtec.cat\/inscanvilumara\/wp-json\/wp\/v2\/pages\/3378"}],"wp:attachment":[{"href":"https:\/\/agora.xtec.cat\/inscanvilumara\/wp-json\/wp\/v2\/media?parent=3384"}],"curies":[{"name":"wp","href":"https:\/\/api.w.org\/{rel}","templated":true}]}}