{"id":3360,"date":"2019-12-23T13:36:17","date_gmt":"2019-12-23T12:36:17","guid":{"rendered":"http:\/\/agora.xtec.cat\/inscanvilumara\/?page_id=3360"},"modified":"2025-09-21T22:23:10","modified_gmt":"2025-09-21T20:23:10","slug":"fct-intensiva","status":"publish","type":"page","link":"https:\/\/agora.xtec.cat\/inscanvilumara\/cicles-formatius-2\/fct-intensiva\/","title":{"rendered":"Estada a l&#8217;empresa o FCT"},"content":{"rendered":"<div class=\"col-xs-12 columna_esquerra\">\n<div class=\"cos_bloc basic_text_peq pd-15\">\n<p style=\"text-align: justify;\">L&#8217;Estada a l&#8217;empresa (anteriorment FCT), consisteix en pr\u00e0ctiques, estades formatives no laborals, en centres de treball, mitjan\u00e7ant un acord de col\u00b7laboraci\u00f3 que subscriuen l\u2019escola i l\u2019empresa o entitat.<\/p>\n<p style=\"text-align: justify;\">Actualment a FP les pr\u00e0ctiques s&#8217;enmarquen en la FP Dual, podent-se dur a terme en r\u00e8gimen general o en r\u00e8gimen intensiu.<\/p>\n<ul>\n<li style=\"text-align: justify;\">Dual General: entre el 25% i el 35% de la durada total de la formaci\u00f3, cosa que suposa un periode d&#8217;entre 500 i 800 horas, aproximadament.<\/li>\n<li style=\"text-align: justify;\">Dual Intensiva: entre el 35% y el 50% del total dels estudis, amb un m\u00ednim de 800 hores i un m\u00e0xim de 1.200. La Dual intensiva implica que l\u2019alumnat de primer inicia les pr\u00e0ctiques la setmana seg\u00fcent de finalitzar les classes, al maig o juny. Clica damunt de les icones per saber-ne m\u00e9s:<\/li>\n<\/ul>\n<p style=\"text-align: justify;\"><img loading=\"lazy\" decoding=\"async\" class=\"aligncenter wp-image-6445\" src=\"https:\/\/agora.xtec.cat\/inscanvilumara\/wp-content\/uploads\/usu1655\/2021\/11\/LFCT-a-Can-Vilumara.jpg\" alt=\"\" width=\"577\" height=\"71\" srcset=\"https:\/\/agora.xtec.cat\/inscanvilumara\/wp-content\/uploads\/usu1655\/2021\/11\/LFCT-a-Can-Vilumara.jpg 728w, https:\/\/agora.xtec.cat\/inscanvilumara\/wp-content\/uploads\/usu1655\/2021\/11\/LFCT-a-Can-Vilumara-300x37.jpg 300w\" sizes=\"auto, (max-width: 577px) 100vw, 577px\" \/><\/p>\n<\/div>\n<div class=\"cos_bloc basic_text_peq pd-15\">\n<p><a href=\"https:\/\/agora.xtec.cat\/inscanvilumara\/cicles-formatius-2\/fct-intensiva\/contacta-amb-la-coordinacio-dfct\/\" target=\"_blank\" rel=\"noopener\"><img loading=\"lazy\" decoding=\"async\" class=\"aligncenter wp-image-6449\" src=\"https:\/\/agora.xtec.cat\/inscanvilumara\/wp-content\/uploads\/usu1655\/2021\/11\/Contactans-FCT.jpg\" alt=\"\" width=\"577\" height=\"71\" srcset=\"https:\/\/agora.xtec.cat\/inscanvilumara\/wp-content\/uploads\/usu1655\/2021\/11\/Contactans-FCT.jpg 728w, https:\/\/agora.xtec.cat\/inscanvilumara\/wp-content\/uploads\/usu1655\/2021\/11\/Contactans-FCT-300x37.jpg 300w\" sizes=\"auto, (max-width: 577px) 100vw, 577px\" \/><\/a><\/p>\n<p>&nbsp;<\/p>\n<hr \/>\n<p>&nbsp;<\/p>\n<\/div>\n<\/div>\n","protected":false},"excerpt":{"rendered":"<p>L&#8217;Estada a l&#8217;empresa (anteriorment FCT), consisteix en pr\u00e0ctiques, estades formatives no laborals, en centres de treball, mitjan\u00e7ant un acord de col\u00b7laboraci\u00f3 que subscriuen l\u2019escola i l\u2019empresa o entitat.<br \/>\nActualment a FP les pr\u00e0ctiques s&#8217;enmarquen en la FP Dual, podent-se dur a terme en r\u00e8gimen general o&hellip;  <a href=\"https:\/\/agora.xtec.cat\/inscanvilumara\/cicles-formatius-2\/fct-intensiva\/\" title=\"Read Estada a l&#8217;empresa o FCT\">Llegeix m\u00e9s\u00bb<\/a><\/p>\n","protected":false},"author":12,"featured_media":0,"parent":5044,"menu_order":9,"comment_status":"closed","ping_status":"closed","template":"page-templates\/side-menu.php","meta":{"_bbp_topic_count":0,"_bbp_reply_count":0,"_bbp_total_topic_count":0,"_bbp_total_reply_count":0,"_bbp_voice_count":0,"_bbp_anonymous_reply_count":0,"_bbp_topic_count_hidden":0,"_bbp_reply_count_hidden":0,"_bbp_forum_subforum_count":0,"footnotes":""},"class_list":["post-3360","page","type-page","status-publish","hentry"],"post_mailing_queue_ids":[],"_links":{"self":[{"href":"https:\/\/agora.xtec.cat\/inscanvilumara\/wp-json\/wp\/v2\/pages\/3360","targetHints":{"allow":["GET"]}}],"collection":[{"href":"https:\/\/agora.xtec.cat\/inscanvilumara\/wp-json\/wp\/v2\/pages"}],"about":[{"href":"https:\/\/agora.xtec.cat\/inscanvilumara\/wp-json\/wp\/v2\/types\/page"}],"author":[{"embeddable":true,"href":"https:\/\/agora.xtec.cat\/inscanvilumara\/wp-json\/wp\/v2\/users\/12"}],"replies":[{"embeddable":true,"href":"https:\/\/agora.xtec.cat\/inscanvilumara\/wp-json\/wp\/v2\/comments?post=3360"}],"version-history":[{"count":7,"href":"https:\/\/agora.xtec.cat\/inscanvilumara\/wp-json\/wp\/v2\/pages\/3360\/revisions"}],"predecessor-version":[{"id":10051,"href":"https:\/\/agora.xtec.cat\/inscanvilumara\/wp-json\/wp\/v2\/pages\/3360\/revisions\/10051"}],"up":[{"embeddable":true,"href":"https:\/\/agora.xtec.cat\/inscanvilumara\/wp-json\/wp\/v2\/pages\/5044"}],"wp:attachment":[{"href":"https:\/\/agora.xtec.cat\/inscanvilumara\/wp-json\/wp\/v2\/media?parent=3360"}],"curies":[{"name":"wp","href":"https:\/\/api.w.org\/{rel}","templated":true}]}}