{"id":3228,"date":"2019-12-21T12:29:58","date_gmt":"2019-12-21T11:29:58","guid":{"rendered":"http:\/\/agora.xtec.cat\/inscanvilumara\/?page_id=3228"},"modified":"2021-03-11T02:09:48","modified_gmt":"2021-03-11T01:09:48","slug":"fp-dual","status":"publish","type":"page","link":"https:\/\/agora.xtec.cat\/inscanvilumara\/projectes\/fp-dual\/","title":{"rendered":"FP dual"},"content":{"rendered":"<p><img loading=\"lazy\" decoding=\"async\" class=\"wp-image-2244 size-medium aligncenter\" src=\"https:\/\/agora.xtec.cat\/inscanvilumara\/wp-content\/uploads\/usu1655\/2019\/03\/1r_fp_dual_junto_texto-300x300.jpg\" alt=\"\" width=\"300\" height=\"300\" srcset=\"https:\/\/agora.xtec.cat\/inscanvilumara\/wp-content\/uploads\/usu1655\/2019\/03\/1r_fp_dual_junto_texto-300x300.jpg 300w, https:\/\/agora.xtec.cat\/inscanvilumara\/wp-content\/uploads\/usu1655\/2019\/03\/1r_fp_dual_junto_texto-150x150.jpg 150w, https:\/\/agora.xtec.cat\/inscanvilumara\/wp-content\/uploads\/usu1655\/2019\/03\/1r_fp_dual_junto_texto.jpg 500w\" sizes=\"auto, (max-width: 300px) 100vw, 300px\" \/><\/p>\n<p style=\"text-align: justify;\">La formaci\u00f3 DUAL \u00e9s la modalitat de Cicle Formatiu de Grau Superior (CFGS) en la qual l\u2019estudiant apr\u00e8n tot combinant la formaci\u00f3 que rep al centre educatiu amb la que resulta de l\u2019experi\u00e8ncia que adquireix en un entorn laboral real. A la icona seg\u00fcent hi trobar\u00e0s m\u00e9s informaci\u00f3:<a href=\"https:\/\/agora.xtec.cat\/inscanvilumara\/cicles-formatius\/fp-dual\/presentacio-fp-dual\/\"><img loading=\"lazy\" decoding=\"async\" class=\"aligncenter wp-image-3585 size-medium\" src=\"https:\/\/agora.xtec.cat\/inscanvilumara\/wp-content\/uploads\/usu1655\/2019\/12\/WEB-2-1-300x192.jpg\" alt=\"\" width=\"300\" height=\"192\" srcset=\"https:\/\/agora.xtec.cat\/inscanvilumara\/wp-content\/uploads\/usu1655\/2019\/12\/WEB-2-1-300x192.jpg 300w, https:\/\/agora.xtec.cat\/inscanvilumara\/wp-content\/uploads\/usu1655\/2019\/12\/WEB-2-1-768x493.jpg 768w, https:\/\/agora.xtec.cat\/inscanvilumara\/wp-content\/uploads\/usu1655\/2019\/12\/WEB-2-1-1024x657.jpg 1024w, https:\/\/agora.xtec.cat\/inscanvilumara\/wp-content\/uploads\/usu1655\/2019\/12\/WEB-2-1.jpg 1152w\" sizes=\"auto, (max-width: 300px) 100vw, 300px\" \/><\/a><\/p>\n<hr \/>\n<p style=\"text-align: justify;\">L\u2019institut Can Vilumara engega la formaci\u00f3 en modalitat dual el curs 2019-20 amb el CFGS TEI. Clica damunt la icona seg\u00fcent per veure el seu seguiment i avaluaci\u00f3 i tamb\u00e9 les activitats formatives que es duran a terme a les escoles bressol:<a href=\"https:\/\/agora.xtec.cat\/inscanvilumara\/cicles-formatius\/fp-dual\/funcionament-fp-dual\/\"><img loading=\"lazy\" decoding=\"async\" class=\"aligncenter wp-image-3586 size-medium\" src=\"https:\/\/agora.xtec.cat\/inscanvilumara\/wp-content\/uploads\/usu1655\/2019\/12\/WEB-1-300x192.jpg\" alt=\"\" width=\"300\" height=\"192\" srcset=\"https:\/\/agora.xtec.cat\/inscanvilumara\/wp-content\/uploads\/usu1655\/2019\/12\/WEB-1-300x192.jpg 300w, https:\/\/agora.xtec.cat\/inscanvilumara\/wp-content\/uploads\/usu1655\/2019\/12\/WEB-1-768x493.jpg 768w, https:\/\/agora.xtec.cat\/inscanvilumara\/wp-content\/uploads\/usu1655\/2019\/12\/WEB-1-1024x657.jpg 1024w, https:\/\/agora.xtec.cat\/inscanvilumara\/wp-content\/uploads\/usu1655\/2019\/12\/WEB-1.jpg 1152w\" sizes=\"auto, (max-width: 300px) 100vw, 300px\" \/><\/a><\/p>\n<div id=\"ventanamailtotoMail\" style=\"z-index: 1102;\">\n<div id=\"ventanamailtomodalMail\">\n<hr \/>\n<p style=\"text-align: justify;\">V\u00eddeo explicatiu sobre l&#8217;FP Dual a Can Vilumara. Una opci\u00f3 de formaci\u00f3 que s&#8217;ha iniciat en aquest centre durant el curs 2019-2020 per a l&#8217;alumnat de cicles formatius i que permet establir un bon vincle entre el coneixement i l&#8217;experi\u00e8ncia professional. Aqu\u00ed us expliquem com s&#8217;est\u00e0 duent a terme.<\/p>\n<\/div>\n<\/div>\n<p style=\"text-align: center;\"><iframe loading=\"lazy\" src=\"https:\/\/www.youtube.com\/embed\/Ar7Pqlb9zz4\" width=\"560\" height=\"315\" frameborder=\"0\"><\/iframe><\/p>\n","protected":false},"excerpt":{"rendered":"<p>La formaci\u00f3 DUAL \u00e9s la modalitat de Cicle Formatiu de Grau Superior (CFGS) en la qual l\u2019estudiant apr\u00e8n tot combinant la formaci\u00f3 que rep al centre educatiu amb la que resulta de l\u2019experi\u00e8ncia que adquireix en un entorn laboral real. A la icona seg\u00fcent hi&hellip;  <a href=\"https:\/\/agora.xtec.cat\/inscanvilumara\/projectes\/fp-dual\/\" title=\"Read FP dual\">Llegeix m\u00e9s\u00bb<\/a><\/p>\n","protected":false},"author":12,"featured_media":0,"parent":590,"menu_order":2,"comment_status":"closed","ping_status":"closed","template":"page-templates\/side-menu.php","meta":{"_bbp_topic_count":0,"_bbp_reply_count":0,"_bbp_total_topic_count":0,"_bbp_total_reply_count":0,"_bbp_voice_count":0,"_bbp_anonymous_reply_count":0,"_bbp_topic_count_hidden":0,"_bbp_reply_count_hidden":0,"_bbp_forum_subforum_count":0,"footnotes":""},"class_list":["post-3228","page","type-page","status-publish","hentry"],"post_mailing_queue_ids":[],"_links":{"self":[{"href":"https:\/\/agora.xtec.cat\/inscanvilumara\/wp-json\/wp\/v2\/pages\/3228","targetHints":{"allow":["GET"]}}],"collection":[{"href":"https:\/\/agora.xtec.cat\/inscanvilumara\/wp-json\/wp\/v2\/pages"}],"about":[{"href":"https:\/\/agora.xtec.cat\/inscanvilumara\/wp-json\/wp\/v2\/types\/page"}],"author":[{"embeddable":true,"href":"https:\/\/agora.xtec.cat\/inscanvilumara\/wp-json\/wp\/v2\/users\/12"}],"replies":[{"embeddable":true,"href":"https:\/\/agora.xtec.cat\/inscanvilumara\/wp-json\/wp\/v2\/comments?post=3228"}],"version-history":[{"count":3,"href":"https:\/\/agora.xtec.cat\/inscanvilumara\/wp-json\/wp\/v2\/pages\/3228\/revisions"}],"predecessor-version":[{"id":5620,"href":"https:\/\/agora.xtec.cat\/inscanvilumara\/wp-json\/wp\/v2\/pages\/3228\/revisions\/5620"}],"up":[{"embeddable":true,"href":"https:\/\/agora.xtec.cat\/inscanvilumara\/wp-json\/wp\/v2\/pages\/590"}],"wp:attachment":[{"href":"https:\/\/agora.xtec.cat\/inscanvilumara\/wp-json\/wp\/v2\/media?parent=3228"}],"curies":[{"name":"wp","href":"https:\/\/api.w.org\/{rel}","templated":true}]}}