{"id":27,"date":"2014-09-17T16:24:03","date_gmt":"2014-09-17T14:24:03","guid":{"rendered":"http:\/\/agora.xtec.cat\/inscanvilumara\/?page_id=27"},"modified":"2020-11-05T19:22:06","modified_gmt":"2020-11-05T18:22:06","slug":"historia","status":"publish","type":"page","link":"https:\/\/agora.xtec.cat\/inscanvilumara\/linstitut\/historia\/","title":{"rendered":"Hist\u00f2ria"},"content":{"rendered":"<p>El nom de l&#8217;Institut t\u00e9 el seu origen en el cognom d&#8217;una fam\u00edlia de moliners del segle XVII que vivien a Vila Amara. Part d&#8217;aquesta fam\u00edlia es va traslladar posteriorment a Manresa on comen\u00e7aren a treballar a la ind\u00fastria de la seda. Descendents d&#8217;aquesta fam\u00edlia varen construir dues f\u00e0briques, una a Cornell\u00e0 i l&#8217;altra a l\u00b4Hospitalet de Llobregat. La f\u00e0brica de L\u2019Hospitalet va ser constru\u00efda per Francesc Vilumara i va comen\u00e7ar la seva activitat a principis del segle XX, concretament a l&#8217;any 1907. Els edificis, i el seu simbolisme, s\u00f3n resultat de moltes generacions de dissenyadors de teixits de seda.<\/p>\n<p><a href=\"http:\/\/agora.xtec.cat\/inscanvilumara\/wp-content\/uploads\/usu1655\/2014\/09\/histories-de-les-sedes.jpg\"><img loading=\"lazy\" decoding=\"async\" class=\"alignnone size-full wp-image-548\" src=\"http:\/\/agora.xtec.cat\/inscanvilumara\/wp-content\/uploads\/usu1655\/2014\/09\/histories-de-les-sedes.jpg\" alt=\"\" width=\"224\" height=\"319\" srcset=\"https:\/\/agora.xtec.cat\/inscanvilumara\/wp-content\/uploads\/usu1655\/2014\/09\/histories-de-les-sedes.jpg 224w, https:\/\/agora.xtec.cat\/inscanvilumara\/wp-content\/uploads\/usu1655\/2014\/09\/histories-de-les-sedes-211x300.jpg 211w\" sizes=\"auto, (max-width: 224px) 100vw, 224px\" \/><\/a><\/p>\n<p><a href=\"http:\/\/agora.xtec.cat\/inscanvilumara\/wp-content\/uploads\/usu1655\/2014\/09\/Treballadors-de-Can-Vilumara-1.jpg\"><img loading=\"lazy\" decoding=\"async\" class=\"alignnone size-full wp-image-553\" src=\"http:\/\/agora.xtec.cat\/inscanvilumara\/wp-content\/uploads\/usu1655\/2014\/09\/Treballadors-de-Can-Vilumara-1.jpg\" alt=\"\" width=\"500\" height=\"396\" srcset=\"https:\/\/agora.xtec.cat\/inscanvilumara\/wp-content\/uploads\/usu1655\/2014\/09\/Treballadors-de-Can-Vilumara-1.jpg 500w, https:\/\/agora.xtec.cat\/inscanvilumara\/wp-content\/uploads\/usu1655\/2014\/09\/Treballadors-de-Can-Vilumara-1-300x238.jpg 300w\" sizes=\"auto, (max-width: 500px) 100vw, 500px\" \/><\/a><\/p>\n<p>En els darrers anys de la d\u00e8cada dels setanta i a principis de la dels vuitanta van haver grups pol\u00edtics que mostraren el desig d&#8217;enderrocar la f\u00e0brica per convertir-la en un espai verd, per\u00f2 es van trobar amb la voluntat de molta gent que no volia eliminar aquesta refer\u00e8ncia cultural que suposava l&#8217;edifici. Despr\u00e9s d&#8217;una llarga confrontaci\u00f3 es va aconseguir salvar l&#8217;edifici i m\u00e9s tard fer l\u2019institut. La transformaci\u00f3 de la f\u00e0brica en institut ha estat un proc\u00e9s llarg i no exempt de problemes.<\/p>\n<p>Al principi l&#8217;Institut no era independent, sin\u00f3 que era una extensi\u00f3 de l&#8217;IB Merc\u00e8 Rodoreda. M\u00e9s tard, aquesta secci\u00f3 va esdevenir un institut independent, l\u2019IB Vilumara, que juntament amb l\u2019Institut de Formaci\u00f3 Professional l&#8217;Hospitalet III ocupaven les instal\u00b7lacions de l\u2019antiga f\u00e0brica.<\/p>\n<p>Al principi els edificis d&#8217;aquests dos instituts estaven units. L&#8217;entrada de l&#8217;Institut era on ara est\u00e0 situada la separaci\u00f3 dels dos edificis principals; a l&#8217;entrada hi havia un &#8220;hall&#8221; amb una escala molt gran que permetia l&#8217;acc\u00e9s al segon pis on es trobava l&#8217;Aula Magna, una gran sala on es realitzaven les reunions i molts ex\u00e0mens. Actualment aquesta entrada ja no existeix. Al tercer any de funcionament es posa en marxa l&#8217;edifici nou, molt m\u00e9s modern i m\u00e9s ben preparat per satisfer les necessitats escolars del centre.<\/p>\n<p>En 1995, comen\u00e7a una nova etapa en la hist\u00f2ria de l&#8217;Institut; el motiu d&#8217;aquesta nova etapa no \u00e9s altre que posar en funcionament la nova llei d&#8217;ensenyament i adaptar el Centre a la LOGSE. A partir del curs 1995-1996 els dos centres van passar a ser gestionats per un \u00fanic equip directiu, designat per l&#8217;Administraci\u00f3 amb l&#8217;enc\u00e0rrec abans esmentat. Els dos centres es fusionen creant l\u2019actual IES Can Vilumara.<\/p>\n<p>Durant el curs 1995-1996 el professorat dels dos centres es va veure obligat a enfocar els seus esfor\u00e7os cap a l&#8217;elaboraci\u00f3 dels programes de les noves assignatures i distribuir els continguts de les mat\u00e8ries al llarg de tots els cursos. El nou centre fusionat passa a tenir m\u00e9s de 90 professors i s\u2019imparteix la nova ESO, BUP, COU, FP de 1r i 2n grau.<\/p>\n<p>Finalment a l&#8217;inici del curs 96-97 el treball i la voluntat de consens demostrada durant l&#8217;any 1996 va permetre l&#8217;IES de tenir un projecte adequat amb una distribuci\u00f3 curricular clara i coherent, perfectament definida des del primer curs fins l&#8217;\u00faltim.<\/p>\n<p>Actualment els ensenyaments d&#8217;ESO, Batxillerat i Cicles Formatius conformen el nou centre.<\/p>\n","protected":false},"excerpt":{"rendered":"<p>El nom de l&#8217;Institut t\u00e9 el seu origen en el cognom d&#8217;una fam\u00edlia de moliners del segle XVII que vivien a Vila Amara. Part d&#8217;aquesta fam\u00edlia es va traslladar posteriorment a Manresa on comen\u00e7aren a treballar a la ind\u00fastria de la seda. Descendents d&#8217;aquesta fam\u00edlia&hellip;  <a href=\"https:\/\/agora.xtec.cat\/inscanvilumara\/linstitut\/historia\/\" title=\"Read Hist\u00f2ria\">Llegeix m\u00e9s\u00bb<\/a><\/p>\n","protected":false},"author":1,"featured_media":0,"parent":19,"menu_order":2,"comment_status":"closed","ping_status":"closed","template":"page-templates\/side-menu.php","meta":{"_bbp_topic_count":0,"_bbp_reply_count":0,"_bbp_total_topic_count":0,"_bbp_total_reply_count":0,"_bbp_voice_count":0,"_bbp_anonymous_reply_count":0,"_bbp_topic_count_hidden":0,"_bbp_reply_count_hidden":0,"_bbp_forum_subforum_count":0,"footnotes":""},"class_list":["post-27","page","type-page","status-publish","hentry"],"post_mailing_queue_ids":[],"_links":{"self":[{"href":"https:\/\/agora.xtec.cat\/inscanvilumara\/wp-json\/wp\/v2\/pages\/27","targetHints":{"allow":["GET"]}}],"collection":[{"href":"https:\/\/agora.xtec.cat\/inscanvilumara\/wp-json\/wp\/v2\/pages"}],"about":[{"href":"https:\/\/agora.xtec.cat\/inscanvilumara\/wp-json\/wp\/v2\/types\/page"}],"author":[{"embeddable":true,"href":"https:\/\/agora.xtec.cat\/inscanvilumara\/wp-json\/wp\/v2\/users\/1"}],"replies":[{"embeddable":true,"href":"https:\/\/agora.xtec.cat\/inscanvilumara\/wp-json\/wp\/v2\/comments?post=27"}],"version-history":[{"count":3,"href":"https:\/\/agora.xtec.cat\/inscanvilumara\/wp-json\/wp\/v2\/pages\/27\/revisions"}],"predecessor-version":[{"id":5035,"href":"https:\/\/agora.xtec.cat\/inscanvilumara\/wp-json\/wp\/v2\/pages\/27\/revisions\/5035"}],"up":[{"embeddable":true,"href":"https:\/\/agora.xtec.cat\/inscanvilumara\/wp-json\/wp\/v2\/pages\/19"}],"wp:attachment":[{"href":"https:\/\/agora.xtec.cat\/inscanvilumara\/wp-json\/wp\/v2\/media?parent=27"}],"curies":[{"name":"wp","href":"https:\/\/api.w.org\/{rel}","templated":true}]}}

Història

<p>El nom de l&#8217;Institut té el seu origen en el cognom d&#8217;una família de moliners del segle XVII que vivien a Vila Amara. Part d&#8217;aquesta família es va traslladar posteriorment a Manresa on començaren a treballar a la indústria de la seda. Descendents d&#8217;aquesta família varen construir dues fàbriques, una a Cornellà i l&#8217;altra a l´Hospitalet de Llobregat. La fàbrica de L’Hospitalet va ser construïda per Francesc Vilumara i va començar la seva activitat a principis del segle XX, concretament a l&#8217;any 1907. Els edificis, i el seu simbolisme, són resultat de moltes generacions de dissenyadors de teixits de seda.</p>
<p><a href="http://agora.xtec.cat/inscanvilumara/wp-content/uploads/usu1655/2014/09/histories-de-les-sedes.jpg"><img loading="lazy" decoding="async" class="alignnone size-full wp-image-548" src="http://agora.xtec.cat/inscanvilumara/wp-content/uploads/usu1655/2014/09/histories-de-les-sedes.jpg" alt="" width="224" height="319" srcset="https://agora.xtec.cat/inscanvilumara/wp-content/uploads/usu1655/2014/09/histories-de-les-sedes.jpg 224w, https://agora.xtec.cat/inscanvilumara/wp-content/uploads/usu1655/2014/09/histories-de-les-sedes-211x300.jpg 211w" sizes="auto, (max-width: 224px) 100vw, 224px" /></a></p>
<p><a href="http://agora.xtec.cat/inscanvilumara/wp-content/uploads/usu1655/2014/09/Treballadors-de-Can-Vilumara-1.jpg"><img loading="lazy" decoding="async" class="alignnone size-full wp-image-553" src="http://agora.xtec.cat/inscanvilumara/wp-content/uploads/usu1655/2014/09/Treballadors-de-Can-Vilumara-1.jpg" alt="" width="500" height="396" srcset="https://agora.xtec.cat/inscanvilumara/wp-content/uploads/usu1655/2014/09/Treballadors-de-Can-Vilumara-1.jpg 500w, https://agora.xtec.cat/inscanvilumara/wp-content/uploads/usu1655/2014/09/Treballadors-de-Can-Vilumara-1-300x238.jpg 300w" sizes="auto, (max-width: 500px) 100vw, 500px" /></a></p>
<p>En els darrers anys de la dècada dels setanta i a principis de la dels vuitanta van haver grups polítics que mostraren el desig d&#8217;enderrocar la fàbrica per convertir-la en un espai verd, però es van trobar amb la voluntat de molta gent que no volia eliminar aquesta referència cultural que suposava l&#8217;edifici. Després d&#8217;una llarga confrontació es va aconseguir salvar l&#8217;edifici i més tard fer l’institut. La transformació de la fàbrica en institut ha estat un procés llarg i no exempt de problemes.</p>
<p>Al principi l&#8217;Institut no era independent, sinó que era una extensió de l&#8217;IB Mercè Rodoreda. Més tard, aquesta secció va esdevenir un institut independent, l’IB Vilumara, que juntament amb l’Institut de Formació Professional l&#8217;Hospitalet III ocupaven les instal·lacions de l’antiga fàbrica.</p>
<p>Al principi els edificis d&#8217;aquests dos instituts estaven units. L&#8217;entrada de l&#8217;Institut era on ara està situada la separació dels dos edificis principals; a l&#8217;entrada hi havia un &#8220;hall&#8221; amb una escala molt gran que permetia l&#8217;accés al segon pis on es trobava l&#8217;Aula Magna, una gran sala on es realitzaven les reunions i molts exàmens. Actualment aquesta entrada ja no existeix. Al tercer any de funcionament es posa en marxa l&#8217;edifici nou, molt més modern i més ben preparat per satisfer les necessitats escolars del centre.</p>
<p>En 1995, comença una nova etapa en la història de l&#8217;Institut; el motiu d&#8217;aquesta nova etapa no és altre que posar en funcionament la nova llei d&#8217;ensenyament i adaptar el Centre a la LOGSE. A partir del curs 1995-1996 els dos centres van passar a ser gestionats per un únic equip directiu, designat per l&#8217;Administració amb l&#8217;encàrrec abans esmentat. Els dos centres es fusionen creant l’actual IES Can Vilumara.</p>
<p>Durant el curs 1995-1996 el professorat dels dos centres es va veure obligat a enfocar els seus esforços cap a l&#8217;elaboració dels programes de les noves assignatures i distribuir els continguts de les matèries al llarg de tots els cursos. El nou centre fusionat passa a tenir més de 90 professors i s’imparteix la nova ESO, BUP, COU, FP de 1r i 2n grau.</p>
<p>Finalment a l&#8217;inici del curs 96-97 el treball i la voluntat de consens demostrada durant l&#8217;any 1996 va permetre l&#8217;IES de tenir un projecte adequat amb una distribució curricular clara i coherent, perfectament definida des del primer curs fins l&#8217;últim.</p>
<p>Actualment els ensenyaments d&#8217;ESO, Batxillerat i Cicles Formatius conformen el nou centre.</p>

<p>El nom de l&#8217;Institut té el seu origen en el cognom d&#8217;una família de moliners del segle XVII que vivien a Vila Amara. Part d&#8217;aquesta família es va traslladar posteriorment a Manresa on començaren a treballar a la indústria de la seda. Descendents d&#8217;aquesta família&hellip;  <a href="https://agora.xtec.cat/inscanvilumara/linstitut/historia/" title="Read Història">Llegeix més»</a></p>
