{"id":27,"date":"2014-09-17T16:24:03","date_gmt":"2014-09-17T16:24:03","guid":{"rendered":"http:\/\/agora.xtec.cat\/inscanroca\/?page_id=27"},"modified":"2023-07-17T12:36:19","modified_gmt":"2023-07-17T10:36:19","slug":"historia","status":"publish","type":"page","link":"https:\/\/agora.xtec.cat\/inscanroca\/linstitut\/historia\/","title":{"rendered":"Com som"},"content":{"rendered":"<p><span style=\"font-weight: 400;\">El nostre institut es fonamenta en un projecte educatiu basat plenament en les noves orientacions pedag\u00f2giques, molt necess\u00e0ries per donar resposta als reptes que l\u2019educaci\u00f3 t\u00e9 plantejats en el marc del segle XXI.<\/span><\/p>\n<ul>\n<li style=\"font-weight: 400;\" aria-level=\"1\"><b><i>La formaci\u00f3 intel\u00b7lectual i acad\u00e8mica<\/i><\/b><span style=\"font-weight: 400;\"> que s&#8217;orienta al desenvolupament de les capacitats de les persones basant-se en l\u2019adquisici\u00f3 d\u2019aprenentatges estrat\u00e8gics.<\/span><\/li>\n<li style=\"font-weight: 400;\" aria-level=\"1\"><b><i>L\u2019educaci\u00f3 en valors<\/i><\/b><span style=\"font-weight: 400;\">, volem una escola transformadora i participativa, necess\u00e0ria per formar una ciutadania responsable, solid\u00e0ria, amb esperit cr\u00edtic i valors.\u00a0<\/span><\/li>\n<li style=\"font-weight: 400;\" aria-level=\"1\"><b><i>L\u2019educaci\u00f3 en la cultura de pensament, <\/i><\/b><span style=\"font-weight: 400;\">com les habilitats o destresa cognitiva de pensament cr\u00edtic i creatiu, aix\u00ed com<\/span><b><i> la capacitat per assumir els reptes <\/i><\/b><span style=\"font-weight: 400;\">que se\u2019ls plantegin, d\u2019adaptar-se als continus canvis de la nostra societat actual, compromesos a millorar dia a dia, tot fomentant <\/span><b>l\u2019<\/b><b><i>autoestima, <\/i><\/b><span style=\"font-weight: 400;\">en definitiva, que se sentin feli\u00e7os perqu\u00e8 aix\u00ed puguin desplegar tots els seus potencials.<\/span><\/li>\n<\/ul>\n<p>El curs 2022-23 vam celebrar els 10 anys de vida de l&#8217;institut. Tota la comunitat educativa va participar en la tria dels valors de l&#8217;institut que volem tenir sempre de refer\u00e8ncia per cr\u00e9ixer com a persones i com a centre educatiu. Us els presentem:<\/p>\n<p><strong><a href=\"https:\/\/agora.xtec.cat\/inscanroca\/wp-content\/uploads\/usu1085\/2023\/07\/Els-valors-de-LINS-Can-Roca.pdf\">Els valors de L&#8217;INS Can Roca<\/a><\/strong><\/p>\n","protected":false},"excerpt":{"rendered":"<p>El nostre institut es fonamenta en un projecte educatiu basat plenament en les noves orientacions pedag\u00f2giques, molt necess\u00e0ries per donar resposta als reptes que l\u2019educaci\u00f3 t\u00e9 plantejats en el marc del segle XXI.<\/p>\n<ul>\n<li style=\"font-weight: 400;\" aria-level=\"1\">La formaci\u00f3 intel\u00b7lectual i acad\u00e8mica que s&#8217;orienta al desenvolupament de&hellip;  <a href=\"https:\/\/agora.xtec.cat\/inscanroca\/linstitut\/historia\/\" title=\"Read Com som\">Llegeix m\u00e9s\u00bb<\/a><br \/>\n","protected":false},"author":1,"featured_media":0,"parent":19,"menu_order":20,"comment_status":"closed","ping_status":"closed","template":"page-templates\/side-menu.php","meta":{"_bbp_topic_count":0,"_bbp_reply_count":0,"_bbp_total_topic_count":0,"_bbp_total_reply_count":0,"_bbp_voice_count":0,"_bbp_anonymous_reply_count":0,"_bbp_topic_count_hidden":0,"_bbp_reply_count_hidden":0,"_bbp_forum_subforum_count":0,"footnotes":""},"class_list":["post-27","page","type-page","status-publish","hentry"],"post_mailing_queue_ids":[],"_links":{"self":[{"href":"https:\/\/agora.xtec.cat\/inscanroca\/wp-json\/wp\/v2\/pages\/27","targetHints":{"allow":["GET"]}}],"collection":[{"href":"https:\/\/agora.xtec.cat\/inscanroca\/wp-json\/wp\/v2\/pages"}],"about":[{"href":"https:\/\/agora.xtec.cat\/inscanroca\/wp-json\/wp\/v2\/types\/page"}],"author":[{"embeddable":true,"href":"https:\/\/agora.xtec.cat\/inscanroca\/wp-json\/wp\/v2\/users\/1"}],"replies":[{"embeddable":true,"href":"https:\/\/agora.xtec.cat\/inscanroca\/wp-json\/wp\/v2\/comments?post=27"}],"version-history":[{"count":3,"href":"https:\/\/agora.xtec.cat\/inscanroca\/wp-json\/wp\/v2\/pages\/27\/revisions"}],"predecessor-version":[{"id":1362,"href":"https:\/\/agora.xtec.cat\/inscanroca\/wp-json\/wp\/v2\/pages\/27\/revisions\/1362"}],"up":[{"embeddable":true,"href":"https:\/\/agora.xtec.cat\/inscanroca\/wp-json\/wp\/v2\/pages\/19"}],"wp:attachment":[{"href":"https:\/\/agora.xtec.cat\/inscanroca\/wp-json\/wp\/v2\/media?parent=27"}],"curies":[{"name":"wp","href":"https:\/\/api.w.org\/{rel}","templated":true}]}}