{"id":525,"date":"2017-07-06T12:10:02","date_gmt":"2017-07-06T10:10:02","guid":{"rendered":"http:\/\/agora.xtec.cat\/inscanperiquet\/?page_id=525"},"modified":"2017-07-06T12:11:14","modified_gmt":"2017-07-06T10:11:14","slug":"identitat-i-caracter-propi","status":"publish","type":"page","link":"https:\/\/agora.xtec.cat\/inscanperiquet\/linstitut\/projecte-educatiu\/identitat-i-caracter-propi\/","title":{"rendered":"IDENTITAT I CAR\u00c0CTER PROPI"},"content":{"rendered":"<h2><b>1. Trets d\u2019identitat: volem ser \u00a0<\/b><\/h2>\n<p><span style=\"font-weight: 400;\">L\u2019institut Can Periquet recull els seus principis rectors en la Llei d\u2019Educaci\u00f3 catalana (2010) en el seu article 2.<\/span><\/p>\n<p><span style=\"font-weight: 400;\">Volem ser un centre educatiu catal\u00e0, obert, inclusiu, democr\u00e0tic, participatiu, innovador, laic, emprenedor i en permanent construcci\u00f3 tant a nivell pedag\u00f2gic com hum\u00e0. El ciment del nostre Projecte es fonamenta en :<\/span><\/p>\n<ul>\n<li style=\"font-weight: 400;\"><span style=\"font-weight: 400;\">El respecte: entre iguals i amb tots els membres de la comunitat educativa.<\/span><\/li>\n<li style=\"font-weight: 400;\"><span style=\"font-weight: 400;\">Confian\u00e7a i seguretat: fruit de les viv\u00e8ncies del dia a dia dins i fora de l\u2019institut.<\/span><\/li>\n<li style=\"font-weight: 400;\"><span style=\"font-weight: 400;\">Di\u00e0leg: saber escoltar i expressar els nostres sentiments i les nostres emocions.<\/span><\/li>\n<li style=\"font-weight: 400;\"><span style=\"font-weight: 400;\">Participaci\u00f3: dels alumnes en la vida del centre, dels pares i mares i de tota la comunitat educativa.<\/span><\/li>\n<li style=\"font-weight: 400;\"><span style=\"font-weight: 400;\">Autonomia i responsabilitat: per cr\u00e9ixer i avan\u00e7ar<\/span><\/li>\n<\/ul>\n<p><span style=\"font-weight: 400;\">L\u2019Institut Can Periquet aposta per la conviv\u00e8ncia com a base s\u00f2lida del seu projecte i treballar\u00e0 per incorporar totes les eines necess\u00e0ries per crear un clima acollidor, i un centre on la cultura de Pau, la Mediaci\u00f3 i les Pr\u00e0ctiques restauratives siguin el motor per aprendre i formar nois i noies del present, mirant cap al futur: <\/span><i><span style=\"font-weight: 400;\">\u201cViure per conviure\u201d.<\/span><\/i><\/p>\n<p><span style=\"font-weight: 400;\">Treballarem el coneixement d\u2019un mateix, el gust per aprendre i les compet\u00e8ncies a partir de:<\/span><\/p>\n<ul>\n<li style=\"font-weight: 400;\"><span style=\"font-weight: 400;\">Un aprenentatge inclusiu: garantir igualtat d\u2019oportunitats per a tots els nois i noies i atendre i respectar les necessitats i els seus ritmes d\u2019aprenentatge.<\/span><\/li>\n<li style=\"font-weight: 400;\"><span style=\"font-weight: 400;\">Globalitzaci\u00f3 de l\u2019aprenentatge: metodologia a partir de l\u2019experi\u00e8ncia per construir el coneixement.<\/span><\/li>\n<li style=\"font-weight: 400;\"><span style=\"font-weight: 400;\">Foment de l\u2019autonomia.<\/span><\/li>\n<li style=\"font-weight: 400;\"><span style=\"font-weight: 400;\">Desenvolupament la creativitat i l\u2019esperit cr\u00edtic.<\/span><\/li>\n<li style=\"font-weight: 400;\"><span style=\"font-weight: 400;\">Connexi\u00f3 amb la realitat que \u00e9s \u00a0global, no fragmentada.<\/span><\/li>\n<li style=\"font-weight: 400;\"><span style=\"font-weight: 400;\">Foment de les habilitats socials \u00a0i el \u00a0treball en valors.<\/span><\/li>\n<\/ul>\n<p><span style=\"font-weight: 400;\">Volem una formaci\u00f3 integral dels nostres nois i noies no nom\u00e9s des del coneixement i la seva excel\u00b7l\u00e8ncia sin\u00f3 tamb\u00e9 des de l\u2019\u00e0mbit emocional, social, \u00e8tic i human\u00edstic.<\/span><\/p>\n<p><span style=\"font-weight: 400;\">La construcci\u00f3 activa durant els propers quatre anys donar\u00e0 vida al Projecte de l\u2019institut, ja que volem ser un centre innovador, inquiet, din\u00e0mic, obert i en la cont\u00ednua recerca de la millora pels nostres nois i noies : <\/span><i><span style=\"font-weight: 400;\">\u201cAprendre \u00e9s descobrir que quelcom \u00e9s possible\u201d.<\/span><\/i><\/p>\n<p>&nbsp;<\/p>\n<h2><b>2. Car\u00e0cter propi<\/b><\/h2>\n<p><span style=\"font-weight: 400;\">Els trets que ens diferencien i ens donen car\u00e0cter propi s\u00f3n:<\/span><\/p>\n<ul>\n<li style=\"font-weight: 400;\"><span style=\"font-weight: 400;\">Equip de professors\/es amb la il\u00b7lusi\u00f3 d\u2019iniciar un Projecte com\u00fa i amb la capacitat de treballar en equip per caminar junts i construir des dels ciments un centre nou.<\/span><\/li>\n<li style=\"font-weight: 400;\"><span style=\"font-weight: 400;\">Compartir la missi\u00f3, la visi\u00f3 i els valors \u00a0del Projecte tant pel que fa a la Conviv\u00e8ncia( volem ser un Institut Restauratiu) com en la part pedag\u00f2gica.<\/span><\/li>\n<li style=\"font-weight: 400;\"><span style=\"font-weight: 400;\">Un dels principis de la Just\u00edcia Restaurativa \u00e9s el concepte de pertinen\u00e7a i de comunitat. Volem treballar perqu\u00e8 els nostres nois i noies ,pares i mares, professors\/es ,personal del PAS ,i qualsevol persona que entri al centre, senti que forma part d\u2019ell.<\/span><\/li>\n<\/ul>\n<p><span style=\"font-weight: 400;\">Com volem que sigui Can Periquet?<\/span><\/p>\n<ul>\n<li style=\"font-weight: 400;\"><span style=\"font-weight: 400;\">Un lloc d\u2019oportunitats.<\/span><\/li>\n<li style=\"font-weight: 400;\"><span style=\"font-weight: 400;\">Un espai acollidor, participatiu i obert a tothom.<\/span><\/li>\n<li style=\"font-weight: 400;\"><span style=\"font-weight: 400;\">Un espai viu, generador d\u2019experi\u00e8ncies.<\/span><\/li>\n<\/ul>\n<p><i><span style=\"font-weight: 400;\">\u201cAprendre i viure per conviure\u201d<\/span><\/i><\/p>\n","protected":false},"excerpt":{"rendered":"<p>1. Trets d\u2019identitat: volem ser \u00a0 L\u2019institut Can Periquet recull els seus principis rectors en la Llei d\u2019Educaci\u00f3 catalana (2010) en el seu article 2. Volem ser un centre educatiu catal\u00e0, obert, inclusiu, democr\u00e0tic, participatiu, innovador, laic, emprenedor i en permanent construcci\u00f3 tant a nivell pedag\u00f2gic com hum\u00e0. El ciment del nostre Projecte es fonamenta [&hellip;]<\/p>\n","protected":false},"author":1,"featured_media":0,"parent":57,"menu_order":3,"comment_status":"closed","ping_status":"closed","template":"page-templates\/side-menu.php","meta":{"_bbp_topic_count":0,"_bbp_reply_count":0,"_bbp_total_topic_count":0,"_bbp_total_reply_count":0,"_bbp_voice_count":0,"_bbp_anonymous_reply_count":0,"_bbp_topic_count_hidden":0,"_bbp_reply_count_hidden":0,"_bbp_forum_subforum_count":0,"site-sidebar-layout":"default","site-content-layout":"","ast-site-content-layout":"","site-content-style":"default","site-sidebar-style":"default","ast-global-header-display":"","ast-banner-title-visibility":"","ast-main-header-display":"","ast-hfb-above-header-display":"","ast-hfb-below-header-display":"","ast-hfb-mobile-header-display":"","site-post-title":"","ast-breadcrumbs-content":"","ast-featured-img":"","footer-sml-layout":"","theme-transparent-header-meta":"","adv-header-id-meta":"","stick-header-meta":"","header-above-stick-meta":"","header-main-stick-meta":"","header-below-stick-meta":"","astra-migrate-meta-layouts":"default","ast-page-background-enabled":"default","ast-page-background-meta":{"desktop":{"background-color":"var(--ast-global-color-4)","background-image":"","background-repeat":"repeat","background-position":"center center","background-size":"auto","background-attachment":"scroll","background-type":"","background-media":"","overlay-type":"","overlay-color":"","overlay-opacity":"","overlay-gradient":""},"tablet":{"background-color":"","background-image":"","background-repeat":"repeat","background-position":"center center","background-size":"auto","background-attachment":"scroll","background-type":"","background-media":"","overlay-type":"","overlay-color":"","overlay-opacity":"","overlay-gradient":""},"mobile":{"background-color":"","background-image":"","background-repeat":"repeat","background-position":"center center","background-size":"auto","background-attachment":"scroll","background-type":"","background-media":"","overlay-type":"","overlay-color":"","overlay-opacity":"","overlay-gradient":""}},"ast-content-background-meta":{"desktop":{"background-color":"var(--ast-global-color-5)","background-image":"","background-repeat":"repeat","background-position":"center center","background-size":"auto","background-attachment":"scroll","background-type":"","background-media":"","overlay-type":"","overlay-color":"","overlay-opacity":"","overlay-gradient":""},"tablet":{"background-color":"var(--ast-global-color-5)","background-image":"","background-repeat":"repeat","background-position":"center center","background-size":"auto","background-attachment":"scroll","background-type":"","background-media":"","overlay-type":"","overlay-color":"","overlay-opacity":"","overlay-gradient":""},"mobile":{"background-color":"var(--ast-global-color-5)","background-image":"","background-repeat":"repeat","background-position":"center center","background-size":"auto","background-attachment":"scroll","background-type":"","background-media":"","overlay-type":"","overlay-color":"","overlay-opacity":"","overlay-gradient":""}},"footnotes":""},"class_list":["post-525","page","type-page","status-publish","hentry"],"post_mailing_queue_ids":[],"_links":{"self":[{"href":"https:\/\/agora.xtec.cat\/inscanperiquet\/wp-json\/wp\/v2\/pages\/525","targetHints":{"allow":["GET"]}}],"collection":[{"href":"https:\/\/agora.xtec.cat\/inscanperiquet\/wp-json\/wp\/v2\/pages"}],"about":[{"href":"https:\/\/agora.xtec.cat\/inscanperiquet\/wp-json\/wp\/v2\/types\/page"}],"author":[{"embeddable":true,"href":"https:\/\/agora.xtec.cat\/inscanperiquet\/wp-json\/wp\/v2\/users\/1"}],"replies":[{"embeddable":true,"href":"https:\/\/agora.xtec.cat\/inscanperiquet\/wp-json\/wp\/v2\/comments?post=525"}],"version-history":[{"count":1,"href":"https:\/\/agora.xtec.cat\/inscanperiquet\/wp-json\/wp\/v2\/pages\/525\/revisions"}],"predecessor-version":[{"id":529,"href":"https:\/\/agora.xtec.cat\/inscanperiquet\/wp-json\/wp\/v2\/pages\/525\/revisions\/529"}],"up":[{"embeddable":true,"href":"https:\/\/agora.xtec.cat\/inscanperiquet\/wp-json\/wp\/v2\/pages\/57"}],"wp:attachment":[{"href":"https:\/\/agora.xtec.cat\/inscanperiquet\/wp-json\/wp\/v2\/media?parent=525"}],"curies":[{"name":"wp","href":"https:\/\/api.w.org\/{rel}","templated":true}]}}