{"id":1508,"date":"2019-05-13T10:44:57","date_gmt":"2019-05-13T08:44:57","guid":{"rendered":"http:\/\/agora.xtec.cat\/inscanperiquet\/?page_id=1508"},"modified":"2025-11-04T15:51:52","modified_gmt":"2025-11-04T14:51:52","slug":"documents-pedagogics-del-nostre-institut","status":"publish","type":"page","link":"https:\/\/agora.xtec.cat\/inscanperiquet\/documents-pedagogics-del-nostre-institut\/","title":{"rendered":"Documents pedag\u00f2gics del nostre institut"},"content":{"rendered":"<p>Seguint els seg\u00fcents enlla\u00e7os, podreu trobar els documents pedag\u00f2gics del nostre instittut.<\/p>\n<ol>\n<li><a href=\"https:\/\/drive.google.com\/file\/d\/1QdPPPSL8D_QmphESO3GPar_zdxT321qq\/view?usp=drive_link\">Projecte Educatiu<\/a><\/li>\n<li><a href=\"https:\/\/drive.google.com\/file\/d\/1GRTJPdcfvqABNjOONPwxArY14Bwxqe67\/view?usp=sharing\">Projecte de Conviv\u00e8ncia<\/a><\/li>\n<li><a href=\"https:\/\/drive.google.com\/file\/d\/19QO9azCw7DsUwV9dF10Wzq_VX1jBgSsF\/view?usp=drive_link\">NOFC<\/a><\/li>\n<li><a href=\"https:\/\/drive.google.com\/file\/d\/1CuRx8mLlkseAjpobxztJJpvPXbJESXQ9\/view?usp=sharing\">Carta de Comprom\u00eds Educatiu<\/a><\/li>\n<li>Pla d&#8217;Acollida\n<ol>\n<li><a href=\"https:\/\/drive.google.com\/file\/d\/1tDpPi7zIYaxfTwznOMwZqQMJ0uZ5EWFW\/view?usp=sharing\">Professorat nouvingut<\/a><\/li>\n<\/ol>\n<\/li>\n<li><a href=\"https:\/\/drive.google.com\/file\/d\/1SiPZjN2MbclC2vFwR4ckbYvujad-HTH-\/view?usp=sharing\">Projecte Ling\u00fc\u00edstic<\/a><\/li>\n<li><a href=\"https:\/\/drive.google.com\/file\/d\/10oeadImVBn9sOaRoEQbRmu7YngzFyReN\/view?usp=sharing\">Pla Lector<\/a><\/li>\n<li><a href=\"https:\/\/sites.google.com\/inscanperiquet.cat\/edc-inscanperiquet\/edc-ins-can-periquet\">Estrat\u00e8gia Digital de Centre<\/a> (sites)<\/li>\n<li><a href=\"https:\/\/docs.google.com\/document\/d\/1ynpPd5a-F03dMXRW_jSGwsoeabnQmGrTIZ4Yl-EI_Jw\/edit?usp=sharing\">Aportaci\u00f3 econ\u00f2mica de les fam\u00edlies<\/a><\/li>\n<\/ol>\n","protected":false},"excerpt":{"rendered":"<p>Seguint els seg\u00fcents enlla\u00e7os, podreu trobar els documents pedag\u00f2gics del nostre instittut. Projecte Educatiu Projecte de Conviv\u00e8ncia NOFC Carta de Comprom\u00eds Educatiu Pla d&#8217;Acollida Professorat nouvingut Projecte Ling\u00fc\u00edstic Pla Lector Estrat\u00e8gia Digital de Centre (sites) Aportaci\u00f3 econ\u00f2mica de les fam\u00edlies<\/p>\n","protected":false},"author":3,"featured_media":0,"parent":0,"menu_order":0,"comment_status":"closed","ping_status":"closed","template":"","meta":{"_bbp_topic_count":0,"_bbp_reply_count":0,"_bbp_total_topic_count":0,"_bbp_total_reply_count":0,"_bbp_voice_count":0,"_bbp_anonymous_reply_count":0,"_bbp_topic_count_hidden":0,"_bbp_reply_count_hidden":0,"_bbp_forum_subforum_count":0,"site-sidebar-layout":"default","site-content-layout":"","ast-site-content-layout":"default","site-content-style":"default","site-sidebar-style":"default","ast-global-header-display":"","ast-banner-title-visibility":"","ast-main-header-display":"","ast-hfb-above-header-display":"","ast-hfb-below-header-display":"","ast-hfb-mobile-header-display":"","site-post-title":"","ast-breadcrumbs-content":"","ast-featured-img":"","footer-sml-layout":"","theme-transparent-header-meta":"","adv-header-id-meta":"","stick-header-meta":"","header-above-stick-meta":"","header-main-stick-meta":"","header-below-stick-meta":"","astra-migrate-meta-layouts":"set","ast-page-background-enabled":"default","ast-page-background-meta":{"desktop":{"background-color":"var(--ast-global-color-4)","background-image":"","background-repeat":"repeat","background-position":"center center","background-size":"auto","background-attachment":"scroll","background-type":"","background-media":"","overlay-type":"","overlay-color":"","overlay-opacity":"","overlay-gradient":""},"tablet":{"background-color":"","background-image":"","background-repeat":"repeat","background-position":"center center","background-size":"auto","background-attachment":"scroll","background-type":"","background-media":"","overlay-type":"","overlay-color":"","overlay-opacity":"","overlay-gradient":""},"mobile":{"background-color":"","background-image":"","background-repeat":"repeat","background-position":"center center","background-size":"auto","background-attachment":"scroll","background-type":"","background-media":"","overlay-type":"","overlay-color":"","overlay-opacity":"","overlay-gradient":""}},"ast-content-background-meta":{"desktop":{"background-color":"var(--ast-global-color-5)","background-image":"","background-repeat":"repeat","background-position":"center center","background-size":"auto","background-attachment":"scroll","background-type":"","background-media":"","overlay-type":"","overlay-color":"","overlay-opacity":"","overlay-gradient":""},"tablet":{"background-color":"var(--ast-global-color-5)","background-image":"","background-repeat":"repeat","background-position":"center center","background-size":"auto","background-attachment":"scroll","background-type":"","background-media":"","overlay-type":"","overlay-color":"","overlay-opacity":"","overlay-gradient":""},"mobile":{"background-color":"var(--ast-global-color-5)","background-image":"","background-repeat":"repeat","background-position":"center center","background-size":"auto","background-attachment":"scroll","background-type":"","background-media":"","overlay-type":"","overlay-color":"","overlay-opacity":"","overlay-gradient":""}},"footnotes":""},"class_list":["post-1508","page","type-page","status-publish","hentry"],"post_mailing_queue_ids":[],"_links":{"self":[{"href":"https:\/\/agora.xtec.cat\/inscanperiquet\/wp-json\/wp\/v2\/pages\/1508","targetHints":{"allow":["GET"]}}],"collection":[{"href":"https:\/\/agora.xtec.cat\/inscanperiquet\/wp-json\/wp\/v2\/pages"}],"about":[{"href":"https:\/\/agora.xtec.cat\/inscanperiquet\/wp-json\/wp\/v2\/types\/page"}],"author":[{"embeddable":true,"href":"https:\/\/agora.xtec.cat\/inscanperiquet\/wp-json\/wp\/v2\/users\/3"}],"replies":[{"embeddable":true,"href":"https:\/\/agora.xtec.cat\/inscanperiquet\/wp-json\/wp\/v2\/comments?post=1508"}],"version-history":[{"count":5,"href":"https:\/\/agora.xtec.cat\/inscanperiquet\/wp-json\/wp\/v2\/pages\/1508\/revisions"}],"predecessor-version":[{"id":3668,"href":"https:\/\/agora.xtec.cat\/inscanperiquet\/wp-json\/wp\/v2\/pages\/1508\/revisions\/3668"}],"wp:attachment":[{"href":"https:\/\/agora.xtec.cat\/inscanperiquet\/wp-json\/wp\/v2\/media?parent=1508"}],"curies":[{"name":"wp","href":"https:\/\/api.w.org\/{rel}","templated":true}]}}