{"id":6117,"date":"2025-06-30T09:36:33","date_gmt":"2025-06-30T07:36:33","guid":{"rendered":"https:\/\/agora.xtec.cat\/inscanoriac\/?page_id=6117"},"modified":"2025-06-30T09:36:33","modified_gmt":"2025-06-30T07:36:33","slug":"programa-dinnovacio-mupfs","status":"publish","type":"page","link":"https:\/\/agora.xtec.cat\/inscanoriac\/programa-dinnovacio-mupfs\/","title":{"rendered":"Programa d&#8217;innovaci\u00f3 MUPFS"},"content":{"rendered":"\n<p>El document&nbsp;<strong><a href=\"https:\/\/documents.espai.educacio.gencat.cat\/PC\/GestioAcademica\/Practiques_universitaries.pdf\" target=\"_blank\" rel=\"noreferrer noopener\">Pr\u00e0ctiques universit\u00e0ries en centres educatius formadors<\/a><\/strong>&nbsp;defineix el nou model de pr\u00e0ctiques que \u00e9s el resultat del treball conjunt entre la Secretaria d\u2019Universitats i Recerca i la Secretaria de Pol\u00edtiques Educatives. Per posar en marxa aquest model, el Departament d\u2019Educaci\u00f3 crea el&nbsp;<strong><a href=\"https:\/\/portaldogc.gencat.cat\/utilsEADOP\/PDF\/7923\/1754917.pdf\" target=\"_blank\" rel=\"noreferrer noopener\">Programa d\u2019innovaci\u00f3 pedag\u00f2gica de Pr\u00e0ctiques<\/a><\/strong>&nbsp;del M\u00e0ster Universitari de Formaci\u00f3 del Professorat d\u2019Educaci\u00f3 Secund\u00e0ria Obligat\u00f2ria i batxillerat, Formaci\u00f3 professional i Ensenyament d\u2019idiomes (MUFPS) en centres educatius.<\/p>\n\n\n\n<p>La finalitat del Programa d&#8217;innovaci\u00f3 pedag\u00f2gica de Pr\u00e0ctiques del MUFPS en centres educatius \u00e9s millorar i avan\u00e7ar en el model de pr\u00e0ctiques dels estudiants universitaris en centres educatius amb la implicaci\u00f3 directa de la universitat i del centre formador en relaci\u00f3 amb els aspectes qualitatius que caracteritzen la formaci\u00f3 inicial dels nous docents.<\/p>\n\n\n\n<p>Aquest programa t\u00e9 com a objectius:<\/p>\n\n\n\n<ul class=\"wp-block-list\">\n<li>Assignar valor als centres formadors com a institucions clau en la formaci\u00f3 inicial de la funci\u00f3 docent.<\/li>\n\n\n\n<li>Professionalitzar i recon\u00e8ixer la tasca d\u2019acompanyament dels mentors de centre i dels tutors de les universitats.<\/li>\n\n\n\n<li>Incorporar l\u2019estudiant universitari al centre formador com a agent actiu que col\u00b7labora en el desenvolupament del projecte educatiu de centre, alhora que es retroalimenta per millorar el desenvolupament professional i personal.<\/li>\n\n\n\n<li>Promoure la col\u00b7laboraci\u00f3 en projectes de recerca i de transformaci\u00f3 educativa entre les universitats i els centres formadors.<\/li>\n<\/ul>\n\n\n\n<p>El Programa es crea per aprofundir en la qualitat del model d&#8217;organitzaci\u00f3 i gesti\u00f3 de les pr\u00e0ctiques dels estudiants universitaris en centres educatius que imparteixen educaci\u00f3 secund\u00e0ria, mitjan\u00e7ant la incorporaci\u00f3 de millores en els processos de selecci\u00f3, acompanyament i reconeixement d&#8217;aquests centres, i canvis metodol\u00f2gics orientats a l&#8217;aprenentatge transversal de la professi\u00f3 docent en contextos de treball col\u00b7laboratiu i amb interacci\u00f3 amb l&#8217;entorn.<\/p>\n\n\n\n<p><\/p>\n","protected":false},"excerpt":{"rendered":"<p>El document&nbsp;Pr\u00e0ctiques universit\u00e0ries en centres educatius formadors&nbsp;defineix el nou model de pr\u00e0ctiques que \u00e9s el resultat del treball conjunt entre [&hellip;]<\/p>\n","protected":false},"author":1,"featured_media":0,"parent":0,"menu_order":0,"comment_status":"closed","ping_status":"close","template":"","meta":{"site-sidebar-layout":"default","site-content-layout":"","ast-site-content-layout":"default","site-content-style":"default","site-sidebar-style":"default","ast-global-header-display":"","ast-banner-title-visibility":"","ast-main-header-display":"","ast-hfb-above-header-display":"","ast-hfb-below-header-display":"","ast-hfb-mobile-header-display":"","site-post-title":"","ast-breadcrumbs-content":"","ast-featured-img":"","footer-sml-layout":"","theme-transparent-header-meta":"","adv-header-id-meta":"","stick-header-meta":"","header-above-stick-meta":"","header-main-stick-meta":"","header-below-stick-meta":"","astra-migrate-meta-layouts":"set","ast-page-background-enabled":"default","ast-page-background-meta":{"desktop":{"background-color":"var(--ast-global-color-4)","background-image":"","background-repeat":"repeat","background-position":"center center","background-size":"auto","background-attachment":"scroll","background-type":"","background-media":"","overlay-type":"","overlay-color":"","overlay-opacity":"","overlay-gradient":""},"tablet":{"background-color":"","background-image":"","background-repeat":"repeat","background-position":"center center","background-size":"auto","background-attachment":"scroll","background-type":"","background-media":"","overlay-type":"","overlay-color":"","overlay-opacity":"","overlay-gradient":""},"mobile":{"background-color":"","background-image":"","background-repeat":"repeat","background-position":"center center","background-size":"auto","background-attachment":"scroll","background-type":"","background-media":"","overlay-type":"","overlay-color":"","overlay-opacity":"","overlay-gradient":""}},"ast-content-background-meta":{"desktop":{"background-color":"var(--ast-global-color-5)","background-image":"","background-repeat":"repeat","background-position":"center center","background-size":"auto","background-attachment":"scroll","background-type":"","background-media":"","overlay-type":"","overlay-color":"","overlay-opacity":"","overlay-gradient":""},"tablet":{"background-color":"var(--ast-global-color-5)","background-image":"","background-repeat":"repeat","background-position":"center center","background-size":"auto","background-attachment":"scroll","background-type":"","background-media":"","overlay-type":"","overlay-color":"","overlay-opacity":"","overlay-gradient":""},"mobile":{"background-color":"var(--ast-global-color-5)","background-image":"","background-repeat":"repeat","background-position":"center center","background-size":"auto","background-attachment":"scroll","background-type":"","background-media":"","overlay-type":"","overlay-color":"","overlay-opacity":"","overlay-gradient":""}},"footnotes":""},"class_list":["post-6117","page","type-page","status-publish","hentry"],"post_mailing_queue_ids":[],"_links":{"self":[{"href":"https:\/\/agora.xtec.cat\/inscanoriac\/wp-json\/wp\/v2\/pages\/6117","targetHints":{"allow":["GET"]}}],"collection":[{"href":"https:\/\/agora.xtec.cat\/inscanoriac\/wp-json\/wp\/v2\/pages"}],"about":[{"href":"https:\/\/agora.xtec.cat\/inscanoriac\/wp-json\/wp\/v2\/types\/page"}],"author":[{"embeddable":true,"href":"https:\/\/agora.xtec.cat\/inscanoriac\/wp-json\/wp\/v2\/users\/1"}],"replies":[{"embeddable":true,"href":"https:\/\/agora.xtec.cat\/inscanoriac\/wp-json\/wp\/v2\/comments?post=6117"}],"version-history":[{"count":1,"href":"https:\/\/agora.xtec.cat\/inscanoriac\/wp-json\/wp\/v2\/pages\/6117\/revisions"}],"predecessor-version":[{"id":6118,"href":"https:\/\/agora.xtec.cat\/inscanoriac\/wp-json\/wp\/v2\/pages\/6117\/revisions\/6118"}],"wp:attachment":[{"href":"https:\/\/agora.xtec.cat\/inscanoriac\/wp-json\/wp\/v2\/media?parent=6117"}],"curies":[{"name":"wp","href":"https:\/\/api.w.org\/{rel}","templated":true}]}}