{"id":5648,"date":"2025-03-24T11:07:24","date_gmt":"2025-03-24T10:07:24","guid":{"rendered":"https:\/\/agora.xtec.cat\/inscanoriac\/?page_id=5648"},"modified":"2025-04-29T12:16:42","modified_gmt":"2025-04-29T10:16:42","slug":"aula-dacollida","status":"publish","type":"page","link":"https:\/\/agora.xtec.cat\/inscanoriac\/serveis\/aula-dacollida\/","title":{"rendered":"Aula d&#8217;acollida"},"content":{"rendered":"\n<h5 class=\"wp-block-heading\"><strong>Qu\u00e8 \u00e9s l\u2019aula d\u2019acollida?<\/strong><\/h5>\n\n\n\n<p>L\u2019aula d\u2019acollida \u00e9s un suport addicional adre\u00e7at a l&#8217;alumnat nouvingut que arriba a l\u2019institut Ca n\u2019Oriac. \u00c9s un espai que proporciona a l&#8217;alumnat nouvingut una atenci\u00f3 adequada a les necessitats i als progressos relacionals i ling\u00fc\u00edstics, com a complement del treball del grup classe. Permet una atenci\u00f3 emocional i curricular personalitzada, i un aprenentatge intensiu de la llengua catalana.<\/p>\n\n\n\n<h5 class=\"wp-block-heading\"><strong>Com funciona?<\/strong><\/h5>\n\n\n\n<p>L\u2019aula d\u2019acollida \u00e9s un espai on comen\u00e7ar a sentir-te part de l\u2019institut i comen\u00e7ar a crear vincles, aix\u00ed com per poder compartir l\u2019experi\u00e8ncia viscuda en el seu proc\u00e9s de canvi que, sovint, comporta un dol. L\u2019aula d\u2019acollida no \u00e9s nom\u00e9s una eina d\u2019aprenentatge, sin\u00f3 un espai on l\u2019alumnat t\u00e9 el seu moment per a expressar-se i per a ser escoltats.<\/p>\n\n\n\n<p>De manera personalitza, es destinen unes hores a la setmana amb l\u2019alumnat nouvingut per treballar els coneixements de la llengua i les habilitats comunicatives. Es treballa de manera conjunta amb nois i noies de diferents cursos i edats, promovent l&#8217;aprenentatge cooperatiu i fomentant el vincle entre els companys i companyes.&nbsp;<\/p>\n\n\n\n<p>L\u2019alumnat nouvingut pot fer servir aquest recurs de suport fins que es consideri que ja estan preparats per continuar el seu proc\u00e9s d\u2019aprenentatge sense aquest acompanyament.&nbsp;<\/p>\n\n\n\n<h5 class=\"wp-block-heading\">Qui gestiona l\u2019aula d\u2019acollida?<\/h5>\n\n\n\n<p>L\u2019aula d\u2019acollida \u00e9s gestionada per una tutora que acompanya l\u2019alumnat durant el seu proc\u00e9s d\u2019ensenyament i aprenentatge.\u00a0\u00a0<\/p>\n","protected":false},"excerpt":{"rendered":"<p>Qu\u00e8 \u00e9s l\u2019aula d\u2019acollida? L\u2019aula d\u2019acollida \u00e9s un suport addicional adre\u00e7at a l&#8217;alumnat nouvingut que arriba a l\u2019institut Ca n\u2019Oriac. [&hellip;]<\/p>\n","protected":false},"author":1,"featured_media":0,"parent":4297,"menu_order":2,"comment_status":"closed","ping_status":"close","template":"","meta":{"site-sidebar-layout":"left-sidebar","site-content-layout":"","ast-site-content-layout":"default","site-content-style":"default","site-sidebar-style":"default","ast-global-header-display":"","ast-banner-title-visibility":"","ast-main-header-display":"","ast-hfb-above-header-display":"","ast-hfb-below-header-display":"","ast-hfb-mobile-header-display":"","site-post-title":"","ast-breadcrumbs-content":"","ast-featured-img":"","footer-sml-layout":"","theme-transparent-header-meta":"","adv-header-id-meta":"","stick-header-meta":"","header-above-stick-meta":"","header-main-stick-meta":"","header-below-stick-meta":"","astra-migrate-meta-layouts":"set","ast-page-background-enabled":"default","ast-page-background-meta":{"desktop":{"background-color":"var(--ast-global-color-4)","background-image":"","background-repeat":"repeat","background-position":"center center","background-size":"auto","background-attachment":"scroll","background-type":"","background-media":"","overlay-type":"","overlay-color":"","overlay-opacity":"","overlay-gradient":""},"tablet":{"background-color":"","background-image":"","background-repeat":"repeat","background-position":"center center","background-size":"auto","background-attachment":"scroll","background-type":"","background-media":"","overlay-type":"","overlay-color":"","overlay-opacity":"","overlay-gradient":""},"mobile":{"background-color":"","background-image":"","background-repeat":"repeat","background-position":"center center","background-size":"auto","background-attachment":"scroll","background-type":"","background-media":"","overlay-type":"","overlay-color":"","overlay-opacity":"","overlay-gradient":""}},"ast-content-background-meta":{"desktop":{"background-color":"var(--ast-global-color-5)","background-image":"","background-repeat":"repeat","background-position":"center center","background-size":"auto","background-attachment":"scroll","background-type":"","background-media":"","overlay-type":"","overlay-color":"","overlay-opacity":"","overlay-gradient":""},"tablet":{"background-color":"var(--ast-global-color-5)","background-image":"","background-repeat":"repeat","background-position":"center center","background-size":"auto","background-attachment":"scroll","background-type":"","background-media":"","overlay-type":"","overlay-color":"","overlay-opacity":"","overlay-gradient":""},"mobile":{"background-color":"var(--ast-global-color-5)","background-image":"","background-repeat":"repeat","background-position":"center center","background-size":"auto","background-attachment":"scroll","background-type":"","background-media":"","overlay-type":"","overlay-color":"","overlay-opacity":"","overlay-gradient":""}},"footnotes":""},"class_list":["post-5648","page","type-page","status-publish","hentry"],"post_mailing_queue_ids":[],"_links":{"self":[{"href":"https:\/\/agora.xtec.cat\/inscanoriac\/wp-json\/wp\/v2\/pages\/5648","targetHints":{"allow":["GET"]}}],"collection":[{"href":"https:\/\/agora.xtec.cat\/inscanoriac\/wp-json\/wp\/v2\/pages"}],"about":[{"href":"https:\/\/agora.xtec.cat\/inscanoriac\/wp-json\/wp\/v2\/types\/page"}],"author":[{"embeddable":true,"href":"https:\/\/agora.xtec.cat\/inscanoriac\/wp-json\/wp\/v2\/users\/1"}],"replies":[{"embeddable":true,"href":"https:\/\/agora.xtec.cat\/inscanoriac\/wp-json\/wp\/v2\/comments?post=5648"}],"version-history":[{"count":2,"href":"https:\/\/agora.xtec.cat\/inscanoriac\/wp-json\/wp\/v2\/pages\/5648\/revisions"}],"predecessor-version":[{"id":5914,"href":"https:\/\/agora.xtec.cat\/inscanoriac\/wp-json\/wp\/v2\/pages\/5648\/revisions\/5914"}],"up":[{"embeddable":true,"href":"https:\/\/agora.xtec.cat\/inscanoriac\/wp-json\/wp\/v2\/pages\/4297"}],"wp:attachment":[{"href":"https:\/\/agora.xtec.cat\/inscanoriac\/wp-json\/wp\/v2\/media?parent=5648"}],"curies":[{"name":"wp","href":"https:\/\/api.w.org\/{rel}","templated":true}]}}