{"id":1536,"date":"2020-01-22T22:36:21","date_gmt":"2020-01-22T21:36:21","guid":{"rendered":"http:\/\/agora.xtec.cat\/inscanoriac\/?page_id=1536"},"modified":"2026-01-13T09:51:04","modified_gmt":"2026-01-13T08:51:04","slug":"linstitut-als-mitjans-de-comunicacio","status":"publish","type":"page","link":"https:\/\/agora.xtec.cat\/inscanoriac\/projecte-educatiu\/documentacio\/linstitut-als-mitjans-de-comunicacio\/","title":{"rendered":"L&#8217;institut als mitjans"},"content":{"rendered":"\n<p>En aquesta p\u00e0gina trobareu una selecci\u00f3 de les refer\u00e8ncies publicades a la premsa que fan refer\u00e8ncia al centre.<\/p>\n\n\n\n<figure class=\"wp-block-table is-style-stripes\"><table><tbody><tr><td><strong>MITJ\u00c0 DE COMUNICACI\u00d3<\/strong><\/td><td><strong>REFER\u00c8NCIA<\/strong><\/td><td><strong>TIPUS<\/strong><\/td><\/tr><tr><td><a href=\"https:\/\/fundaciobofill.cat\/\">Fundaci\u00f3 Bofill<\/a><\/td><td><a href=\"https:\/\/www.youtube.com\/watch?v=a34oXRMJ41A\" target=\"_blank\" rel=\"noreferrer noopener\">Webinar &#8220;Quins nous professionals necessita l&#8217;escola?&#8221;<\/a><\/td><td>V\u00eddeo<\/td><\/tr><tr><td><a href=\"https:\/\/drive.google.com\/file\/d\/13CUk9X-HJTH_OdzrvfUIWxti3EJo4RAY\/view?usp=share_link\" data-type=\"link\" data-id=\"https:\/\/drive.google.com\/file\/d\/13CUk9X-HJTH_OdzrvfUIWxti3EJo4RAY\/view?usp=share_link\">TV Sabadell Vall\u00e8s<\/a><\/td><td><a href=\"https:\/\/drive.google.com\/file\/d\/13CUk9X-HJTH_OdzrvfUIWxti3EJo4RAY\/view?usp=share_link\" data-type=\"link\" data-id=\"https:\/\/drive.google.com\/file\/d\/13CUk9X-HJTH_OdzrvfUIWxti3EJo4RAY\/view?usp=share_link\">Entrevista a TV Sabadell amb motiu del Premi Participa a l&#8217;Escola 2023, de la Generalitat de Catalunya.<\/a><\/td><td>V\u00eddeo<\/td><\/tr><tr><td><a href=\"https:\/\/www.youtube.com\/watch?v=-AWOouX2yrk\">TV Sabadell Vall\u00e8s<\/a><\/td><td><a href=\"https:\/\/www.youtube.com\/watch?v=-AWOouX2yrk\">Fer de les escoles uns espais m\u00e9s verds<\/a><\/td><td>V\u00eddeo<\/td><\/tr><tr><td><a href=\"https:\/\/www.naciodigital.cat\/noticia\/196088\/sbdcoeduca\/ant\/tesi\/sabadellenca\/pin\/parental\">Naci\u00f3 Digital<\/a><\/td><td><a href=\"https:\/\/www.naciodigital.cat\/noticia\/196088\/sbdcoeduca\/ant\/tesi\/sabadellenca\/pin\/parental\">#SBDCoeduca, l&#8217;ant\u00edtesi sabadellenca del pin parental<\/a><\/td><td>Article<\/td><\/tr><tr><td><a href=\"https:\/\/criatures.ara.cat\/escola\/aprenentatge-per-projectes_0_2391360847.html\">Diari Ara <\/a><\/td><td><a href=\"https:\/\/criatures.ara.cat\/escola\/aprenentatge-per-projectes_0_2391360847.html\" target=\"_blank\" rel=\"noopener noreferrer\">Ca n&#8217;Oriac i Educaci\u00f3 per projectes: l&#8217;eix \u00e9s l&#8217;alumne<\/a><\/td><td>Article<\/td><\/tr><tr><td><a href=\"https:\/\/radiosabadell.fm\/audio\/alumnes-de-linstitut-ca-noriac-i-lescola-illa-sumen-esforcos-crear-el-logotip-i-la\" target=\"_blank\" rel=\"noopener noreferrer\">R\u00e0dio Sabadell<\/a><\/td><td><a href=\"https:\/\/radiosabadell.fm\/audio\/alumnes-de-linstitut-ca-noriac-i-lescola-illa-sumen-esforcos-crear-el-logotip-i-la\" target=\"_blank\" rel=\"noopener noreferrer\">Alumnes de l&#8217;Institut Ca n&#8217;Oriac i l&#8217;Escola Illa sumen esfor\u00e7os per crear el logotip i la senyal\u00edstica del centre educatiu<\/a><\/td><td>\u00c0udio<\/td><\/tr><tr><td><a href=\"https:\/\/www.diaridesabadell.com\/2019\/09\/30\/sabadell-recull-250-tones-de-tovalloletes-llancades-al-vater\/\" target=\"_blank\" rel=\"noopener noreferrer\">Diari de Sabadell<\/a><\/td><td><a href=\"https:\/\/www.diaridesabadell.com\/2019\/09\/30\/sabadell-recull-250-tones-de-tovalloletes-llancades-al-vater\/\" target=\"_blank\" rel=\"noopener noreferrer\">Els alumnes del Institut Ca n&#8217;Oriac col\u00b7laboren amb a la campanya SOS WC<\/a><\/td><td>Article<\/td><\/tr><tr><td><a href=\"https:\/\/www.diaridesabadell.com\/2018\/12\/19\/instituts-ca-noriac-arraona-forum-valles-occidental-secundaria\/\" target=\"_blank\" rel=\"noopener noreferrer\">Diari de Sabadell <\/a><\/td><td><a href=\"https:\/\/www.diaridesabadell.com\/2018\/12\/19\/instituts-ca-noriac-arraona-forum-valles-occidental-secundaria\/\" target=\"_blank\" rel=\"noopener noreferrer\">Els instituts Ca n\u2019Oriac i Arraona participen al 4rt F\u00f2rum del Vall\u00e8s Occidental de Secund\u00e0ria<\/a><\/td><td>Article<\/td><\/tr><tr><td><a href=\"https:\/\/www.diaridesabadell.com\/2018\/12\/05\/amb-un-micro-a-la-ma-no-hem-de-discriminar-ningu\/\" target=\"_blank\" rel=\"noopener noreferrer\">Diari de Sabadell<\/a><\/td><td><a href=\"https:\/\/www.diaridesabadell.com\/2018\/12\/05\/amb-un-micro-a-la-ma-no-hem-de-discriminar-ningu\/\" target=\"_blank\" rel=\"noopener noreferrer\">\u201cAmb un \u2018micro\u2019 a la m\u00e0 no hem de discriminar ning\u00fa\u201d<\/a><\/td><td>Article<\/td><\/tr><tr><td><a href=\"https:\/\/www.diaridesabadell.com\/2018\/07\/10\/ca-noriac-tindra-un-institut-nou-el-curs-vinent\/\" target=\"_blank\" rel=\"noopener noreferrer\">Diari de Sabadell<\/a><\/td><td><a href=\"https:\/\/www.diaridesabadell.com\/2018\/07\/10\/ca-noriac-tindra-un-institut-nou-el-curs-vinent\/\" target=\"_blank\" rel=\"noopener noreferrer\">Ca n\u2019Oriac tindr\u00e0 un institut nou el curs vinent<\/a><\/td><td>Article<\/td><\/tr><tr><td><a href=\"https:\/\/radiosabadell.fm\/noticia\/linstitut-ca-noriac-la-segona-linia-de-p3-de-lescola-samuntada-i-el-peto-i-adeu-novetats\">R\u00e0dio Sabadell<\/a><\/td><td><a href=\"https:\/\/radiosabadell.fm\/noticia\/linstitut-ca-noriac-la-segona-linia-de-p3-de-lescola-samuntada-i-el-peto-i-adeu-novetats\">L&#8217;Institut Ca n&#8217;Oriac, la segona l\u00ednia de P3 de l&#8217;Escola Samuntada i el &#8216;pet\u00f3 i ad\u00e9u&#8217;, novetats d&#8217;aquest curs escolar<\/a><\/td><td>Article<\/td><\/tr><\/tbody><\/table><\/figure>\n","protected":false},"excerpt":{"rendered":"<p>En aquesta p\u00e0gina trobareu una selecci\u00f3 de les refer\u00e8ncies publicades a la premsa que fan refer\u00e8ncia al centre. MITJ\u00c0 DE [&hellip;]<\/p>\n","protected":false},"author":1,"featured_media":0,"parent":4979,"menu_order":4,"comment_status":"closed","ping_status":"closed","template":"","meta":{"site-sidebar-layout":"default","site-content-layout":"","ast-site-content-layout":"default","site-content-style":"default","site-sidebar-style":"default","ast-global-header-display":"","ast-banner-title-visibility":"","ast-main-header-display":"","ast-hfb-above-header-display":"","ast-hfb-below-header-display":"","ast-hfb-mobile-header-display":"","site-post-title":"","ast-breadcrumbs-content":"","ast-featured-img":"","footer-sml-layout":"","theme-transparent-header-meta":"","adv-header-id-meta":"","stick-header-meta":"","header-above-stick-meta":"","header-main-stick-meta":"","header-below-stick-meta":"","astra-migrate-meta-layouts":"set","ast-page-background-enabled":"default","ast-page-background-meta":{"desktop":{"background-color":"var(--ast-global-color-4)","background-image":"","background-repeat":"repeat","background-position":"center center","background-size":"auto","background-attachment":"scroll","background-type":"","background-media":"","overlay-type":"","overlay-color":"","overlay-opacity":"","overlay-gradient":""},"tablet":{"background-color":"","background-image":"","background-repeat":"repeat","background-position":"center center","background-size":"auto","background-attachment":"scroll","background-type":"","background-media":"","overlay-type":"","overlay-color":"","overlay-opacity":"","overlay-gradient":""},"mobile":{"background-color":"","background-image":"","background-repeat":"repeat","background-position":"center center","background-size":"auto","background-attachment":"scroll","background-type":"","background-media":"","overlay-type":"","overlay-color":"","overlay-opacity":"","overlay-gradient":""}},"ast-content-background-meta":{"desktop":{"background-color":"var(--ast-global-color-5)","background-image":"","background-repeat":"repeat","background-position":"center center","background-size":"auto","background-attachment":"scroll","background-type":"","background-media":"","overlay-type":"","overlay-color":"","overlay-opacity":"","overlay-gradient":""},"tablet":{"background-color":"var(--ast-global-color-5)","background-image":"","background-repeat":"repeat","background-position":"center center","background-size":"auto","background-attachment":"scroll","background-type":"","background-media":"","overlay-type":"","overlay-color":"","overlay-opacity":"","overlay-gradient":""},"mobile":{"background-color":"var(--ast-global-color-5)","background-image":"","background-repeat":"repeat","background-position":"center center","background-size":"auto","background-attachment":"scroll","background-type":"","background-media":"","overlay-type":"","overlay-color":"","overlay-opacity":"","overlay-gradient":""}},"footnotes":""},"class_list":["post-1536","page","type-page","status-publish","hentry"],"post_mailing_queue_ids":[],"_links":{"self":[{"href":"https:\/\/agora.xtec.cat\/inscanoriac\/wp-json\/wp\/v2\/pages\/1536","targetHints":{"allow":["GET"]}}],"collection":[{"href":"https:\/\/agora.xtec.cat\/inscanoriac\/wp-json\/wp\/v2\/pages"}],"about":[{"href":"https:\/\/agora.xtec.cat\/inscanoriac\/wp-json\/wp\/v2\/types\/page"}],"author":[{"embeddable":true,"href":"https:\/\/agora.xtec.cat\/inscanoriac\/wp-json\/wp\/v2\/users\/1"}],"replies":[{"embeddable":true,"href":"https:\/\/agora.xtec.cat\/inscanoriac\/wp-json\/wp\/v2\/comments?post=1536"}],"version-history":[{"count":6,"href":"https:\/\/agora.xtec.cat\/inscanoriac\/wp-json\/wp\/v2\/pages\/1536\/revisions"}],"predecessor-version":[{"id":6288,"href":"https:\/\/agora.xtec.cat\/inscanoriac\/wp-json\/wp\/v2\/pages\/1536\/revisions\/6288"}],"up":[{"embeddable":true,"href":"https:\/\/agora.xtec.cat\/inscanoriac\/wp-json\/wp\/v2\/pages\/4979"}],"wp:attachment":[{"href":"https:\/\/agora.xtec.cat\/inscanoriac\/wp-json\/wp\/v2\/media?parent=1536"}],"curies":[{"name":"wp","href":"https:\/\/api.w.org\/{rel}","templated":true}]}}